{"id":2735,"date":"2025-07-21T13:25:04","date_gmt":"2025-07-21T06:25:04","guid":{"rendered":"https:\/\/dienmaynguyenkhang.vn\/?post_type=product&#038;p=2735"},"modified":"2025-07-21T14:09:20","modified_gmt":"2025-07-21T07:09:20","slug":"tu-dong-inox-sanaky-vh-1099w-950-lit-2-ngan-dong-mat","status":"publish","type":"product","link":"https:\/\/dienmaynguyenkhang.vn\/?product=tu-dong-inox-sanaky-vh-1099w-950-lit-2-ngan-dong-mat","title":{"rendered":"T\u1ee7 \u0111\u00f4ng inox Sanaky VH-1099W 950 l\u00edt 2 ng\u0103n \u0111\u00f4ng m\u00e1t"},"content":{"rendered":"<h1>T\u1ee7 \u0111\u00f4ng inox Sanaky VH-1099W dung t\u00edch 950 L\u00edt<\/h1>\n<p>T\u1ee7 \u0111\u00f4ng inox Sanaky VH-1099W\u00a0thu\u1ed9c d\u00f2ng\u00a0<strong>t\u1ee7 \u0111\u00f4ng c\u00f4ng nghi\u1ec7p<\/strong>\u00a0chuy\u00ean d\u1ee5ng\u00a0\u0111\u1ec3 b\u1ea3o qu\u1ea3n th\u1ef1c ph\u1ea9m c\u1ee7a ng\u00e0nh c\u00f4ng nghi\u1ec7p ch\u1ebf bi\u1ebfn. V\u1edbi c\u00f4ng su\u1ea5t ho\u1ea1t\u00a0\u0111\u1ed9ng cao nhi\u1ec7t\u00a0\u0111\u1ed9 l\u00e0m l\u1ea1nh s\u00e2u,\u00a0\u0111\u00e2y l\u00e0\u00a0s\u1ea3n ph\u1ea9m kh\u00f4ng th\u1ec3 thi\u1ebfu trong c\u00e1c nh\u00e0 h\u00e0ng, kh\u00e1ch s\u1ea1n l\u1edbn.<\/p>\n<figure id=\"attachment_2731\" class=\"wp-caption aligncenter\" aria-describedby=\"caption-attachment-2731\"><img loading=\"lazy\" decoding=\"async\" class=\"wp-image-2731 size-full lazyloaded\" src=\"https:\/\/sanakyvn.com\/wp-content\/uploads\/2020\/02\/tu-dong-inox-sanaky-vh-1099w-600x600-1.jpg\" sizes=\"auto, (max-width: 600px) 100vw, 600px\" srcset=\"https:\/\/sanakyvietnam.net.vn\/wp-content\/uploads\/2020\/02\/tu-dong-inox-sanaky-vh-1099w-600x600-1.jpg 600w, https:\/\/sanakyvietnam.net.vn\/wp-content\/uploads\/2020\/02\/tu-dong-inox-sanaky-vh-1099w-600x600-1-300x300.jpg 300w, https:\/\/sanakyvietnam.net.vn\/wp-content\/uploads\/2020\/02\/tu-dong-inox-sanaky-vh-1099w-600x600-1-150x150.jpg 150w, https:\/\/sanakyvietnam.net.vn\/wp-content\/uploads\/2020\/02\/tu-dong-inox-sanaky-vh-1099w-600x600-1-512x512.jpg 512w, https:\/\/sanakyvietnam.net.vn\/wp-content\/uploads\/2020\/02\/tu-dong-inox-sanaky-vh-1099w-600x600-1-420x420.jpg 420w, https:\/\/sanakyvietnam.net.vn\/wp-content\/uploads\/2020\/02\/tu-dong-inox-sanaky-vh-1099w-600x600-1-75x75.jpg 75w, https:\/\/sanakyvietnam.net.vn\/wp-content\/uploads\/2020\/02\/tu-dong-inox-sanaky-vh-1099w-600x600-1-100x100.jpg 100w, https:\/\/sanakyvietnam.net.vn\/wp-content\/uploads\/2020\/02\/tu-dong-inox-sanaky-vh-1099w-600x600-1-64x64.jpg 64w\" alt=\"T\u1ee7 \u0111\u00f4ng inox Sanaky VH-1099W\u00a0thu\u1ed9c d\u00f2ng\u00a0t\u1ee7 \u0111\u00f4ng c\u00f4ng nghi\u1ec7p\u00a0chuy\u00ean d\u1ee5ng\u00a0\u0111\u1ec3 b\u1ea3o qu\u1ea3n th\u1ef1c ph\u1ea9m c\u1ee7a ng\u00e0nh c\u00f4ng nghi\u1ec7p ch\u1ebf bi\u1ebfn.\" width=\"600\" height=\"600\" data-ll-status=\"loaded\" \/><figcaption id=\"caption-attachment-2731\" class=\"wp-caption-text\">T\u1ee7 \u0111\u00f4ng inox Sanaky VH-1099W\u00a0thu\u1ed9c d\u00f2ng\u00a0t\u1ee7 \u0111\u00f4ng c\u00f4ng nghi\u1ec7p\u00a0chuy\u00ean d\u1ee5ng\u00a0\u0111\u1ec3 b\u1ea3o qu\u1ea3n th\u1ef1c ph\u1ea9m c\u1ee7a ng\u00e0nh c\u00f4ng nghi\u1ec7p ch\u1ebf bi\u1ebfn.<\/p>\n<div class=\"row title-tskt \">\n<h3>\u00a0TH\u00d4NG S\u1ed0 K\u1ef8 THU\u1eacT<\/h3>\n<\/div>\n<div class=\"col-lg-7 col-md-7\"><\/div>\n<div class=\"col-lg-5 col-md-5\">\n<h3>Th\u00f4ng s\u1ed1 k\u0129 thu\u1eadt<\/h3>\n<div>\n<table>\n<tbody>\n<tr>\n<td>Model<\/td>\n<td><strong>VH-1099W<\/strong><\/td>\n<\/tr>\n<tr>\n<td>H\u00e3ng s\u1ea3n xu\u1ea5t<\/td>\n<td><strong>Sanaky<\/strong><\/td>\n<\/tr>\n<tr>\n<td>B\u1ea3o h\u00e0nh<\/td>\n<td>24 th\u00e1ng<\/td>\n<\/tr>\n<tr>\n<td>Dung t\u00edch t\u1ed5ng th\u1ec3 \/ s\u1eed d\u1ee5ng<\/td>\n<td>1000 l\u00edt \/ 950 l\u00edt<\/td>\n<\/tr>\n<tr>\n<td>K\u00edch th\u01b0\u1edbc (D x R x C mm)<\/td>\n<td>1220 x 760 x 1980 (mm)<\/td>\n<\/tr>\n<tr>\n<td>Lo\u1ea1i t\u1ee7<\/td>\n<td>Ng\u0103n \u0110\u00f4ng v\u00e0 M\u00e1t<\/td>\n<\/tr>\n<tr>\n<td>S\u1ed1 ng\u0103n<\/td>\n<td>2 ng\u0103n<\/td>\n<\/tr>\n<tr>\n<td>S\u1ed1 c\u00e1nh<\/td>\n<td>4 c\u00e1nh<\/td>\n<\/tr>\n<tr>\n<td>C\u00f4ng ngh\u1ec7 ti\u1ebft ki\u1ec7m \u0111i\u1ec7n<\/td>\n<td>Th\u01b0\u1eddng<\/td>\n<\/tr>\n<tr>\n<td>Tr\u1ecdng l\u01b0\u1ee3ng<\/td>\n<td>153 kg<\/td>\n<\/tr>\n<tr>\n<td>Ch\u1ea5t li\u1ec7u d\u00e0n l\u1ea1nh<\/td>\n<td>\u0110\u1ed3ng<\/td>\n<\/tr>\n<tr>\n<td>C\u00f4ng su\u1ea5t<\/td>\n<td>357W+191W<\/td>\n<\/tr>\n<tr>\n<td>Nhi\u1ec7t \u0111\u1ed9<\/td>\n<td>0<sup>o<\/sup>C \u2013&gt; 10<sup>o<\/sup>C<\/td>\n<\/tr>\n<tr>\n<td>\u0110i\u1ec7n \u00e1p<\/td>\n<td>220V\/50Hz<\/td>\n<\/tr>\n<tr>\n<td>M\u00f4i ch\u1ea5t l\u1ea1nh<\/td>\n<td>R134A<\/td>\n<\/tr>\n<tr>\n<td>L\u00e0m l\u1ea1nh nhanh<\/td>\n<td>C\u00f3<\/td>\n<\/tr>\n<\/tbody>\n<\/table>\n<\/div>\n<\/div>\n<\/figcaption><\/figure>\n<p>&nbsp;<\/p>\n<h3><span id=\"Dac_diem_noi_bat\" class=\"ez-toc-section\"><\/span>\u0110\u1eb7c \u0111i\u1ec3m n\u1ed5i b\u1eadt<\/h3>\n<p>T\u1ee7 c\u00f3 thi\u1ebft k\u1ebf v\u1ecf ngo\u00e0i b\u1eb1ng inox ch\u1eafc ch\u1eafn ch\u1ecbu va \u0111\u1eadp t\u1ed1t, \u0111\u1ed9 b\u1ec1n cao. Thi\u1ebft k\u1ebf 2 ng\u0103n 4 c\u00e1nh c\u1eeda k\u1ebft h\u1ee3p 2 ch\u1ee9c n\u0103ng b\u1ea3o qu\u1ea3n \u0111\u00f4ng v\u00e0 m\u00e1t<\/p>\n<p><b>VH-1099W<\/b>\u00a0s\u1eed\u00a0d\u1ee5ng gi\u00e0n l\u1ea1nh b\u1eb1ng \u1ed1ng \u0111\u1ed3ng c\u00f3 kh\u1ea3 n\u0103ng l\u00e0m l\u1ea1nh nhanh, h\u01a1i l\u1ea1nh s\u00e2u.<\/p>\n<p><strong>T\u1ee7<\/strong>\u00a0\u0111\u01b0\u1ee3c trang b\u1ecb b\u1ed9 \u0111i\u1ec1u ch\u1ec9nh nhi\u1ec7t \u0111\u1ed9 \u0111i\u1ec7n t\u1eed Dixe nh\u1eadp kh\u1ea9u t\u1eeb \u00dd. V\u1edbi nhi\u1ec1u m\u1ee9c \u0111i\u1ec1u ch\u1ec9nh nhi\u1ec7t \u0111\u1ed9 t\u1eeb 0 \u0111\u1ebfn -15<sup>o<\/sup>C<\/p>\n<p><strong>Qu\u1ea1t l\u1ed3ng s\u00f3c EBM hi\u1ec7n \u0111\u1ea1i;\u00a0<\/strong>T\u1ee7 \u0111\u00f4ng \u0111\u01b0\u1ee3c thi\u1ebft k\u1ebf\u00a0<strong>qu\u1ea1t l\u1ed3ng s\u00f3c EBM<\/strong>\u00a0\u0110\u1ee9c s\u1ea3n xu\u1ea5t theo ti\u00eau chu\u1ea9n c\u1ee7a h\u00e3ng t\u1ea1i Trung Qu\u1ed1c. \u0110\u1ea3m b\u1ea3o ho\u1ea1t \u0111\u1ed9ng \u1ed5n \u0111\u1ecbnh v\u00e0 kh\u00f4ng g\u00e2y ti\u1ebfng \u1ed3n kh\u00f3 ch\u1ecbu.<\/p>\n<p><strong>L\u1ed1c m\u00e1y Aspera\u00a0<\/strong>\u0111\u00e2y\u00a0l\u00e0\u00a0s\u1ea3n ph\u1ea9m nh\u1eadp kh\u1ea9u ch\u00e2u \u00c2u \u0111\u1ea3m b\u1ea3o \u0111\u1ed9 b\u1ec1n cao cho m\u00e1y.<\/p>\n<p>T\u1ee7 \u0111\u01b0\u1ee3c thi\u1ebft k\u1ebf v\u1edbi ch\u1ee9c n\u0103ng kh\u00f4ng ph\u1ee7 s\u01b0\u01a1ng n\u00ean r\u1ea5t ti\u1ec7n l\u1ee3i khi s\u1eed d\u1ee5ng v\u1edbi nhu c\u1ea7u l\u1edbn t\u1ea1i c\u00e1c nh\u00e0 h\u00e0ng, kh\u00e1ch s\u1ea1n\u2026<\/p>\n<p>Ng\u0103n t\u1ee7 \u0111\u01b0\u1ee3c s\u1ea3n xu\u1ea5t b\u1eb1ng nh\u1ef1a ABS cao c\u1ea5p \u0111\u00e1p \u1ee9ng ti\u00eau ch\u00ed cao v\u1ec1 \u0111\u1ed9 b\u1ec1n v\u00e0 t\u00ednh an to\u00e0n.<\/p>\n<p>V\u1edbi thi\u1ebft k\u1ebf b\u00e1nh xe ch\u1ecbu l\u1ef1c, t\u1ee7 \u0111\u00f4ng d\u1ec5 d\u00e0ng \u0111\u01b0\u1ee3c di chuy\u1ec3n ti\u1ec7n l\u1ee3i.<\/p>\n<p>H\u1ec7 th\u1ed1ng m\u00e1y c\u1ee7a c\u1ee7a\u00a0t\u1ee7 \u0111\u00f4ng Sanaky\u00a0<strong>VH-1099W<\/strong>\u00a0s\u1eed d\u1ee5ng gas R134a th\u00e2n thi\u1ec7n m\u00f4i tr\u01b0\u1eddng v\u00e0 an to\u00e0n cho s\u1ee9c kh\u1ecfe ng\u01b0\u1eddi ti\u00eau d\u00f9ng.<\/p>\n<p>\u2013 T\u1ee7 \u0111\u00f4ng Sanaky c\u00f3 t\u1ed1t kh\u00f4ng? C\u00f3 b\u1ec1n kh\u00f4ng? C\u00f3 n\u00ean mua t\u1ee7 \u0111\u00f4ng sanaky kh\u00f4ng?<br \/>\nTr\u1ea3i qua qu\u00e1 tr\u00ecnh ra \u0111\u1eddi v\u00e0 ph\u00e1t tri\u1ec3n tr\u00ean 20 n\u0103m. T\u1ee7 \u0111\u00f4ng Sanaky \u0111\u01b0\u1ee3c kh\u00e1ch h\u00e0ng tin d\u00f9ng \u01b0a chu\u1ed9ng v\u00e0 \u0111\u00e1nh gi\u00e1 r\u1ea5t cao v\u1ec1 ch\u1ea5t l\u01b0\u1ee3ng s\u1ea3n ph\u1ea9m, d\u00f9ng r\u1ea5t b\u1ec1n b\u1ec9, ti\u1ebft ki\u1ec7m \u0111i\u1ec7n v\u00e0 \u0111\u1ed9i ng\u0169 CSKH b\u1ea3o h\u00e0nh h\u1eadu m\u00e3i r\u1ea5t chuy\u00ean nghi\u1ec7p nhanh ch\u00f3ng nh\u1ea5t.<br \/>\n\u2013 So s\u00e1nh t\u1ee7 \u0111\u00f4ng Sanaky v\u00e0 c\u00e1c th\u01b0\u01a1ng hi\u1ec7u t\u1ee7 \u0111\u00f4ng H\u00e3ng kh\u00e1c:<br \/>\nTh\u01b0\u01a1ng hi\u1ec7u Sanaky lu\u00f4n n\u1eb1m trong top d\u1eabn \u0111\u1ea7u c\u00e1c th\u01b0\u01a1ng hi\u1ec7u t\u1ee7 \u0111\u00f4ng \u0111\u01b0\u1ee3c kh\u00e1ch h\u00e0ng \u01b0a chu\u1ed9ng v\u00e0 b\u00ecnh ch\u1ecdn h\u00e0ng Vi\u1ec7t Nam ch\u1ea5t l\u01b0\u1ee3ng cao qua nhi\u1ec1u n\u0103m, \u0111\u1ea1t chu\u1ea9n c\u00e1c ISO v\u00e0 c\u00e1c ti\u00eau chu\u1ea9n b\u1ec1n b\u1ec9, ti\u1ebft ki\u1ec7m \u0111i\u1ec7n t\u1ed1i \u01b0u nh\u1ea5t.<\/p>\n<p>H\u01b0\u1edbng d\u1eabn s\u1eed d\u1ee5ng t\u1ee7 \u0111\u00f4ng sanaky \u0111\u00fang c\u00e1ch b\u1ec1n b\u1ec9 v\u00e0 ti\u1ebft ki\u1ec7m \u0111i\u1ec7n nh\u1ea5t:<br \/>\n\u2013 \u0110\u0103t t\u1ee7 c\u00e1ch t\u01b0\u1eddng \u00edt nh\u1ea5t 15cm v\u00e0 c\u00e1ch xung quanh 30cm.<br \/>\n\u2013 \u0110\u1eb7t t\u1ee7 \u1edf n\u01a1i tho\u00e1ng m\u00e1t v\u00e0 kh\u00f4 r\u00e1o, \u0111\u1eb7t \u1edf n\u01a1i c\u00f3 b\u1ec1 m\u1eb7t ph\u1eb3ng v\u00e0 tr\u00e1nh \u00e1nh n\u1eafng m\u1eb7t tr\u1eddi.<br \/>\n\u2013 \u0110\u1eb7t t\u1ee7 c\u00e1ch xa b\u1ed3n n\u01b0\u1edbc, n\u01a1i c\u00f3 ngu\u1ed3n nhi\u1ec7t cao nh\u01b0 b\u1ebfp v\u00e0 ch\u1ea5t bay h\u01a1i.<br \/>\n\u2013 Trong qu\u00e1 tr\u00ecnh l\u1eafp \u0111\u1eb7t, b\u1ea1n kh\u00f4ng n\u00ean \u0111\u1ec3 t\u1ee7 nghi\u00eang qu\u00e1 40 \u0111\u1ed9 \u0111\u1ec3 gi\u1ea3m tr\u01b0\u1eddng h\u1ee3p h\u01b0 h\u1ecfng do di chuy\u1ec3n.<br \/>\n\u2013 Kh\u00f4ng gim \u0111i\u1ec7n ngay khi v\u1eeba di chuy\u1ec3n xong. V\u1eady bao l\u00e2u th\u00ec n\u00ean gim \u0111i\u1ec7n? C\u00e2u tr\u1ea3 l\u1eddi l\u00e0 n\u00ean sau 30 \u2013 60 ph\u00fat m\u1edbi gim \u0111i\u1ec7n \u0111\u1ec3 tr\u00e1nh t\u00ecnh tr\u1ea1ng s\u1ed1c gas.<\/p>\n<p>H\u01b0\u1edbng d\u1eabn v\u1ec7 sinh t\u1ee7 \u0111\u00f4ng sanaky \u0111\u00fang c\u00e1ch:<br \/>\n\u2013 Kh\u00f4ng n\u00ean \u0111\u1ec3 t\u1ee7 nghi\u00eang qu\u00e1 40 \u0111\u1ed9, v\u00ec \u0111i\u1ec1u n\u00e0y s\u1ebd l\u00e0m h\u1ecfng m\u00e1y n\u00e9n l\u1ea1nh.<br \/>\n\u2013 V\u1ec7 sinh t\u1ee7 v\u00e0 b\u1ed9 ph\u1eadn t\u1ea3n nhi\u1ec7t \u00edt nh\u1ea5t m\u1ed9t l\u1ea7n m\u1ed7i th\u00e1ng n\u00e2ng cao tu\u1ed5i th\u1ecd v\u00e0 gi\u1eef cho t\u1ee7 \u0111\u00f4ng lu\u00f4n s\u1ea1ch s\u1ebd.<br \/>\n\u2013 Ng\u1eaft ngu\u1ed3n \u0111i\u1ec7n: ng\u1eaft \u0111i\u1ec7n t\u1ee7 b\u1eb1ng c\u00e1ch r\u00fat d\u00e2y ngu\u1ed3n.<br \/>\n\u2013 \u0110\u01b0a c\u00e1c th\u1ef1c ph\u1ea9m, khay, gi\u00e1 \u0111\u1ee1 ra kh\u1ecfi t\u1ee7 m\u00e1t.<br \/>\n\u2013 V\u1ec7 sinh b\u00ean trong t\u1ee7 \u0111\u00f4ng sanaky<br \/>\n+ S\u1eed d\u1ee5ng n\u01b0\u1edbc \u1ea5m v\u00e0 kh\u0103n b\u00f4ng kh\u0103n b\u00f4ng m\u1ec1m \u0111\u1ec3 c\u1ecd r\u1eeda d\u00e0n l\u1ea1nh c\u00e1c ng\u0103n, c\u00e1c m\u1eb7t trong c\u1ee7a t\u1ee7 m\u00e1t, c\u00e1c t\u1ea5m c\u1eeda c\u00f9ng c\u00e1c chi ti\u1ebft b\u1eb1ng ch\u1ea5t d\u1ebbo kh\u00e1c c\u1ee7a t\u1ee7 \u0111\u00f4ng.<br \/>\n+ C\u00f3 th\u1ec3 d\u00f9ng n\u01b0\u1edbc x\u00e0 ph\u00f2ng lo\u00e3ng \u0111\u1ec3 lau ch\u00f9i c\u00e1c v\u1ebft b\u1ea9n kh\u00f3 s\u1ea1ch b\u00ean trong t\u1ee7, tuy nhi\u00ean ph\u1ea3i l\u00e0m s\u1ea1ch to\u00e0n b\u1ed9 x\u00e0 ph\u00f2ng b\u1eb1ng n\u01b0\u1edbc s\u1ea1ch v\u00e0 lau kh\u00f4, tr\u00e1nh t\u00ecnh tr\u1ea1ng \u0111\u1ec3 n\u01b0\u1edbc \u0111\u1ecdng l\u1ea1i \u1edf \u0111\u00e1y t\u1ee7 hay gi\u00e0n l\u1ea1nh.<br \/>\n\u2013 V\u1ec7 sinh b\u00ean ngo\u00e0i t\u1ee7 \u0111\u00f4ng sanaky<br \/>\n+ V\u1edbi v\u1ecf m\u1eb7t ngo\u00e0i c\u1ee7a t\u1ee7 \u0111\u00f4ng s\u1eed d\u1ee5ng kh\u0103n s\u1ea1ch v\u00e0 n\u01b0\u1edbc \u1ea5m ch\u00f9i r\u1eeda, sau \u0111\u00f3 lau kh\u00f4<br \/>\n+ L\u01b0u \u00fd v\u1edbi \u00e1c b\u1ed9 ph\u1eadn \u0111\u1ec7m c\u1eeda, do\u0103ng, (kh\u00f4ng d\u00f9ng c\u00e1c bazo ho\u1eb7c b\u1ea5t k\u1ef3 ch\u1ea5t t\u1ea9y r\u1eeda n\u00e0o kh\u00e1c \u0111\u1ec3 c\u1ecd r\u1eeda).<br \/>\n\u2013 Lau kh\u00f4 t\u1ea5t c\u1ea3 c\u00e1c b\u1ed9 ph\u1eadn m\u1ed9t l\u1ea7n n\u1eefa tr\u01b0\u1edbc khi c\u1eafm \u0111i\u1ec7n v\u00e0 b\u1eadt t\u1ee7 tr\u1edf l\u1ea1i<br \/>\n\u2013 B\u1eadt m\u00e1y ch\u1edd cho nhi\u1ec7t \u0111\u1ed9 trong t\u1ee7 \u0111\u1ee7 l\u1ea1nh tr\u01b0\u1edbc khi x\u1ebfp c\u00e1c th\u1ef1c ph\u1ea9m v\u00e0o trong t\u1ee7<\/p>\n<p>\u2013 N\u00ean mua t\u1ee7 \u0111\u00f4ng sanaky \u1edf \u0111\u00e2u uy t\u00edn, gi\u00e1 t\u1ed1t r\u1ebb nh\u1ea5t?<br \/>\nSanaky Vi\u1ec7t Nam ch\u00ednh l\u00e0 n\u01a1i uy t\u00edn, gi\u00e1 th\u00e0nh t\u1ed1t nh\u1ea5t v\u00e0 lu\u00f4n \u0111\u1ea3m b\u1ea3o h\u00e0ng m\u1edbi 100% nguy\u00ean \u0111ai ki\u1ec7n, \u0111\u1ed9i ng\u0169 nh\u00e2n vi\u00ean CSKH v\u00e0 l\u1eafp \u0111\u1eb7t chuy\u00ean nghi\u1ec7p nhanh ch\u00f3ng nh\u1ea5t, \u0111\u1ea3m b\u1ea3o mang \u0111\u1ebfn s\u1ef1 y\u00ean t\u00e2m h\u00e0i l\u00f2ng tin t\u01b0\u1edfng cho kh\u00e1ch h\u00e0ng.<br \/>\n\u0110\u1ecba ch\u1ec9 Sanaky nh\u00e0 m\u00e1y s\u1ea3n xu\u1ea5t: \u0111\u01b0\u1eddng DE1, KCN M\u1ef9 Ph\u01b0\u1edbc 3, Ph\u01b0\u1eddng Th\u1edbi Ho\u00e0, Th\u1ecb x\u00e3 B\u1ebfn C\u00e1t, B\u00ecnh D\u01b0\u01a1ng. Th\u01b0\u1eddng C\u00f4ng ty c\u00f3 xe giao h\u00e0ng c\u1ee7a c\u00f4ng ty giao \u0111\u1ebfn t\u1eadn n\u01a1i to\u00e0n qu\u1ed1c. Kh\u00e1ch h\u00e0ng c\u1ea7n mua h\u00e0ng ho\u1eb7c c\u1ea7n t\u01b0 v\u1ea5n c\u00f3 th\u1ec3 li\u00ean h\u1ec7 S\u0110T b\u00ean d\u01b0\u1edbi \u1edf ph\u1ea7n th\u00f4ng tin c\u00f4ng ty.<\/p>\n<p>\u2013 T\u1ee7 \u0111\u00f4ng sanaky b\u1ea3o h\u00e0nh m\u1ea5y n\u0103m? B\u1ea3o h\u00e0nh \u1edf \u0111\u00e2u?<br \/>\nT\u1ee7 \u0111\u00f4ng c\u1ee7a h\u00e3ng Sanaky \u0111\u1ec1u \u0111\u01b0\u1ee3c b\u1ea3o h\u00e0nh theo tem \u0111i\u1ec7n t\u1eed d\u00e1n tr\u00ean th\u00e2n t\u1ee7 trong 02 n\u0103m t\u1ea1i nh\u00e0 t\u1eadn n\u01a1i kh\u00e1ch h\u00e0ng s\u1eed d\u1ee5ng. \u0110\u1ed9i ng\u0169 k\u1ef9 thu\u1eadt s\u1ebd \u0111\u1ebfn b\u1ea3o h\u00e0nh t\u1ea1i nh\u00e0 kh\u00e1ch h\u00e0ng m\u1ed9t c\u00e1ch nhanh ch\u00f3ng \u0111\u1ec3 tr\u00e1nh t\u00ecnh tr\u1ea1ng th\u1ef1c ph\u1ea9m trong t\u1ee7 b\u1ecb h\u01b0, \u0111\u1ea3m b\u1ea3o s\u1ef1 y\u00ean t\u00e2m h\u00e0i l\u00f2ng cho kh\u00e1ch h\u00e0ng.<\/p>\n","protected":false},"excerpt":{"rendered":"<p><a href=\"https:\/\/dienmaynguyenkhang.vn\/wp-content\/uploads\/2025\/07\/tu-dong-inox-sanaky-vh-1099w-600x600-1.jpg\"><img loading=\"lazy\" decoding=\"async\" class=\"alignnone size-medium wp-image-2736\" src=\"https:\/\/dienmaynguyenkhang.vn\/wp-content\/uploads\/2025\/07\/tu-dong-inox-sanaky-vh-1099w-600x600-1-300x300.jpg\" alt=\"\" width=\"300\" height=\"300\" srcset=\"https:\/\/dienmaynguyenkhang.vn\/wp-content\/uploads\/2025\/07\/tu-dong-inox-sanaky-vh-1099w-600x600-1-300x300.jpg 300w, https:\/\/dienmaynguyenkhang.vn\/wp-content\/uploads\/2025\/07\/tu-dong-inox-sanaky-vh-1099w-600x600-1-150x150.jpg 150w, https:\/\/dienmaynguyenkhang.vn\/wp-content\/uploads\/2025\/07\/tu-dong-inox-sanaky-vh-1099w-600x600-1-510x510.jpg 510w, https:\/\/dienmaynguyenkhang.vn\/wp-content\/uploads\/2025\/07\/tu-dong-inox-sanaky-vh-1099w-600x600-1-100x100.jpg 100w, https:\/\/dienmaynguyenkhang.vn\/wp-content\/uploads\/2025\/07\/tu-dong-inox-sanaky-vh-1099w-600x600-1.jpg 600w\" sizes=\"auto, (max-width: 300px) 100vw, 300px\" \/><\/a><\/p>\n","protected":false},"featured_media":2736,"comment_status":"open","ping_status":"closed","template":"","meta":[],"class_list":{"0":"post-2735","1":"product","2":"type-product","3":"status-publish","4":"has-post-thumbnail","6":"product_cat-dong-dung","7":"product_cat-sanaky-tu-dong","8":"product_cat-tu-dong","10":"first","11":"instock","12":"shipping-taxable","13":"purchasable","14":"product-type-simple"},"_links":{"self":[{"href":"https:\/\/dienmaynguyenkhang.vn\/index.php?rest_route=\/wp\/v2\/product\/2735","targetHints":{"allow":["GET"]}}],"collection":[{"href":"https:\/\/dienmaynguyenkhang.vn\/index.php?rest_route=\/wp\/v2\/product"}],"about":[{"href":"https:\/\/dienmaynguyenkhang.vn\/index.php?rest_route=\/wp\/v2\/types\/product"}],"replies":[{"embeddable":true,"href":"https:\/\/dienmaynguyenkhang.vn\/index.php?rest_route=%2Fwp%2Fv2%2Fcomments&post=2735"}],"wp:featuredmedia":[{"embeddable":true,"href":"https:\/\/dienmaynguyenkhang.vn\/index.php?rest_route=\/wp\/v2\/media\/2736"}],"wp:attachment":[{"href":"https:\/\/dienmaynguyenkhang.vn\/index.php?rest_route=%2Fwp%2Fv2%2Fmedia&parent=2735"}],"curies":[{"name":"wp","href":"https:\/\/api.w.org\/{rel}","templated":true}]}}