{"id":2714,"date":"2025-02-08T10:25:22","date_gmt":"2025-02-08T03:25:22","guid":{"rendered":"https:\/\/dienmaynguyenkhang.vn\/?post_type=product&#038;p=2714"},"modified":"2026-03-09T11:25:04","modified_gmt":"2026-03-09T04:25:04","slug":"tu-dong-sanaky-inverter-vh-1799hy3-1500-lit","status":"publish","type":"product","link":"https:\/\/dienmaynguyenkhang.vn\/?product=tu-dong-sanaky-inverter-vh-1799hy3-1500-lit","title":{"rendered":"T\u1ee7 \u0111\u00f4ng Sanaky Inverter VH-1799HY3 1500 l\u00edt"},"content":{"rendered":"<div class=\"snk-info-product-head\">\n<h3>T\u00ednh n\u0103ng th\u00f4ng s\u1ed1 k\u1ef9 thu\u1eadt<\/h3>\n<\/div>\n<div class=\"large-8 col\">\n<div class=\"img-tskt\"><img loading=\"lazy\" decoding=\"async\" class=\"attachment-full size-full entered lazyloaded\" src=\"https:\/\/sanakyvietnam.net\/wp-content\/uploads\/2022\/11\/tu-dong-sanaky-vh-1799hy3-5.jpg\" sizes=\"auto, (max-width: 1536px) 100vw, 1536px\" srcset=\"https:\/\/sanakyvietnam.net\/wp-content\/uploads\/2022\/11\/tu-dong-sanaky-vh-1799hy3-5.jpg 1536w, https:\/\/sanakyvietnam.net\/wp-content\/uploads\/2022\/11\/tu-dong-sanaky-vh-1799hy3-5-600x375.jpg 600w, https:\/\/sanakyvietnam.net\/wp-content\/uploads\/2022\/11\/tu-dong-sanaky-vh-1799hy3-5-768x481.jpg 768w, https:\/\/sanakyvietnam.net\/wp-content\/uploads\/2022\/11\/tu-dong-sanaky-vh-1799hy3-5-400x250.jpg 400w\" alt=\"T\u1ee7 \u0111\u00f4ng Sanaky VH-1799HY3 1500 l\u00edt\" width=\"1536\" height=\"961\" data-lazy-srcset=\"https:\/\/sanakyvietnam.net\/wp-content\/uploads\/2022\/11\/tu-dong-sanaky-vh-1799hy3-5.jpg 1536w, https:\/\/sanakyvietnam.net\/wp-content\/uploads\/2022\/11\/tu-dong-sanaky-vh-1799hy3-5-600x375.jpg 600w, https:\/\/sanakyvietnam.net\/wp-content\/uploads\/2022\/11\/tu-dong-sanaky-vh-1799hy3-5-768x481.jpg 768w, https:\/\/sanakyvietnam.net\/wp-content\/uploads\/2022\/11\/tu-dong-sanaky-vh-1799hy3-5-400x250.jpg 400w\" data-lazy-sizes=\"(max-width: 1536px) 100vw, 1536px\" data-lazy-src=\"https:\/\/sanakyvietnam.net\/wp-content\/uploads\/2022\/11\/tu-dong-sanaky-vh-1799hy3-5.jpg\" data-ll-status=\"loaded\" \/><\/div>\n<\/div>\n<div class=\"large-4 col\">\n<div class=\"product_additional_content\">\n<h2 class=\"title_tabs\">Th\u00f4ng s\u1ed1 k\u1ef9 thu\u1eadt<\/h2>\n<table id=\"tablepress-419\" class=\"tablepress tablepress-id-419\">\n<tbody class=\"row-hover\">\n<tr class=\"row-1 even\">\n<td class=\"column-1\">Model<\/td>\n<td class=\"column-2\">VH-1799HY3<\/td>\n<\/tr>\n<tr class=\"row-2 even\">\n<td class=\"column-1\">Ch\u1ea5t li\u1ec7u d\u00e0n l\u1ea1nh<\/td>\n<td class=\"column-2\">\u0110\u1ed3ng<\/td>\n<\/tr>\n<tr class=\"row-3 odd\">\n<td class=\"column-1\">C\u00f4ng ngh\u1ec7 ti\u1ebft ki\u1ec7m \u0111i\u1ec7n<\/td>\n<td class=\"column-2\">Inverter<\/td>\n<\/tr>\n<tr class=\"row-4 even\">\n<td class=\"column-1\">Nhi\u1ec7t \u0111\u1ed9 ng\u0103n \u0111\u00f4ng<\/td>\n<td class=\"column-2\">\u2264-18\u00b0C<\/td>\n<\/tr>\n<tr class=\"row-5 odd\">\n<td class=\"column-1\">B\u1ea3o h\u00e0nh<\/td>\n<td class=\"column-2\">24 th\u00e1ng<\/td>\n<\/tr>\n<tr class=\"row-6 even\">\n<td class=\"column-1\">C\u00f4ng su\u1ea5t<\/td>\n<td class=\"column-2\">450 (W)<\/td>\n<\/tr>\n<tr class=\"row-7 odd\">\n<td class=\"column-1\">Dung t\u00edch th\u1ef1c<\/td>\n<td class=\"column-2\">1500 l\u00edt<\/td>\n<\/tr>\n<tr class=\"row-8 even\">\n<td class=\"column-1\">K\u00edch th\u01b0\u1edbc<\/td>\n<td class=\"column-2\">3005 x 1050 x 920(mm)<\/td>\n<\/tr>\n<tr class=\"row-9 odd\">\n<td class=\"column-1\">K\u00edch th\u01b0\u1edbc \u0111\u00f3ng g\u00f3i<\/td>\n<td class=\"column-2\">3085 x 1095 x 985(mm)<\/td>\n<\/tr>\n<tr class=\"row-10 even\">\n<td class=\"column-1\">Tr\u1ecdng l\u01b0\u1ee3ng<\/td>\n<td class=\"column-2\">145 (kg)<\/td>\n<\/tr>\n<tr class=\"row-11 odd\">\n<td class=\"column-1\">M\u00f4i ch\u1ea5t l\u1ea1nh<\/td>\n<td class=\"column-2\">R290<\/td>\n<\/tr>\n<\/tbody>\n<\/table>\n<\/div>\n<p><a class=\"open_additional_popup\" data-src=\"#additional_popup\" data-fancybox=\"\" data-options=\"{&quot;touch&quot; : false}\">Xem chi ti\u1ebft th\u00f4ng s\u1ed1 k\u1ef9 thu\u1eadt<\/a><\/p>\n<div>\n<div data-product_id=\"16192\" data-threshold_min=\"30\" data-threshold_max=\"100\" data-total=\"0\"><\/div>\n<\/div>\n<\/div>\n<div class=\"content_description\">\n<div class=\"woocommerce-tabs wc-tabs-wrapper container tabbed-content\">\n<ul class=\"snk-info-product-head tabs wc-tabs product-tabs small-nav-collapse nav nav-uppercase nav-line-grow nav-left\" role=\"tablist\">\n<li id=\"tab-title-description\" class=\"description_tab active\" role=\"tab\" aria-controls=\"tab-description\"><a href=\"https:\/\/dienmaynguyenkhang.vn\/?post_type=product&amp;p=2714&amp;preview=true\"><i class=\"fa fa-caret-right\"><\/i>M\u00f4 t\u1ea3 s\u1ea3n ph\u1ea9m<\/a><\/li>\n<\/ul>\n<div class=\"tab-panels\">\n<div id=\"tab-description\" class=\"woocommerce-Tabs-panel woocommerce-Tabs-panel--description panel entry-content active\" role=\"tabpanel\" aria-labelledby=\"tab-title-description\">\n<p><a href=\"https:\/\/dienmaynguyenkhang.vn\/?post_type=product&amp;p=2714&amp;preview=true\"><strong>T\u1ee7 \u0111\u00f4ng Sanaky Inverter VH-1799HY3<\/strong><\/a>\u00a0l\u00e0 kho l\u1ea1nh di \u0111\u1ed9ng dung t\u00edch kh\u1ee7ng 1500 l\u00edt b\u00e1n ch\u1ea1y h\u00e0ng \u0111\u1ea7u. S\u1ea3n ph\u1ea9m s\u1edf h\u1eefu d\u00e0n l\u1ea1nh \u0111\u1ed3ng, c\u00f4ng ngh\u1ec7 inverter ti\u1ebft ki\u1ec7m \u0111i\u1ec7n, v\u00e1ch l\u01b0\u1edbi ng\u0103n t\u1ee7 c\u00f9ng b\u1ea3ng \u0111i\u1ec1u khi\u1ec3n \u0111i\u1ec7n t\u1eed hi\u1ec7n \u0111\u1ea1i, 1 ng\u0103n \u0111\u00f4ng 3 ch\u1ee9c n\u0103ng ti\u1ec7n d\u1ee5ng, linh ho\u1ea1t.<\/p>\n<figure id=\"attachment_19472\" class=\"wp-caption aligncenter\" aria-describedby=\"caption-attachment-19472\"><figcaption id=\"caption-attachment-19472\" class=\"wp-caption-text\"><em>H\u00ecnh \u1ea3nh th\u1ef1c t\u1ebf t\u1ee7 \u0111\u00f4ng Sanaky Inverter VH-1799HY3 1500 l\u00edt<\/em><\/figcaption><\/figure>\n<h2>\u0110i\u1ec3m n\u1ed5i b\u1eadt c\u1ee7a t\u1ee7 \u0111\u00f4ng Sanaky VH-1799HY3 1500 l\u00edt<\/h2>\n<h3>Dung t\u00edch l\u1edbn 1500 l\u00edt v\u1edbi 3 c\u00e1nh ti\u1ec7n d\u1ee5ng<\/h3>\n<p>T\u1ee7 \u0111\u00f4ng Sanaky VH-1799HY3 s\u1ebd \u0111\u00e1p \u1ee9ng \u0111\u01b0\u1ee3c nhu c\u1ea7u tr\u1eef \u0111\u00f4ng c\u1ee7a c\u00e1c nh\u00e0 h\u00e0ng,qu\u00e1n \u0103n,.. quy m\u00f4 l\u1edbn c\u1ea7n l\u01b0u tr\u1eef s\u1ed1 l\u01b0\u1ee3ng l\u1edbn th\u1ef1c ph\u1ea9m nh\u1edd dung t\u00edch v\u01b0\u1ee3t tr\u1ed9i v\u00e0 \u0111\u1ed9 b\u1ec1n b\u1ec9 cao<\/p>\n<p><img loading=\"lazy\" decoding=\"async\" class=\"aligncenter wp-image-16204 size-full lazy-load-active\" src=\"https:\/\/sanakyvietnam.net\/wp-content\/uploads\/2022\/11\/tu-dong-sanaky-vh-1799hy3-81.jpg\" sizes=\"auto, (max-width: 1536px) 100vw, 1536px\" srcset=\"https:\/\/sanakyvietnam.net\/wp-content\/uploads\/2022\/11\/tu-dong-sanaky-vh-1799hy3-81.jpg 1536w, https:\/\/sanakyvietnam.net\/wp-content\/uploads\/2022\/11\/tu-dong-sanaky-vh-1799hy3-81-600x375.jpg 600w, https:\/\/sanakyvietnam.net\/wp-content\/uploads\/2022\/11\/tu-dong-sanaky-vh-1799hy3-81-768x481.jpg 768w, https:\/\/sanakyvietnam.net\/wp-content\/uploads\/2022\/11\/tu-dong-sanaky-vh-1799hy3-81-400x250.jpg 400w\" alt=\"T\u1ee7 \u0111\u00f4ng Sanaky VH-1799HY3 1500 l\u00edt\" width=\"1536\" height=\"961\" data-src=\"https:\/\/sanakyvietnam.net\/wp-content\/uploads\/2022\/11\/tu-dong-sanaky-vh-1799hy3-81.jpg\" data-srcset=\"https:\/\/sanakyvietnam.net\/wp-content\/uploads\/2022\/11\/tu-dong-sanaky-vh-1799hy3-81.jpg 1536w, https:\/\/sanakyvietnam.net\/wp-content\/uploads\/2022\/11\/tu-dong-sanaky-vh-1799hy3-81-600x375.jpg 600w, https:\/\/sanakyvietnam.net\/wp-content\/uploads\/2022\/11\/tu-dong-sanaky-vh-1799hy3-81-768x481.jpg 768w, https:\/\/sanakyvietnam.net\/wp-content\/uploads\/2022\/11\/tu-dong-sanaky-vh-1799hy3-81-400x250.jpg 400w\" \/><\/p>\n<h3>Thi\u1ebft k\u1ebf \u0111\u1eb9p,ti\u1ec7n d\u1ee5ng<\/h3>\n<p>T\u1ee7 \u0111\u01b0\u1ee3c thi\u1ebft k\u1ebf v\u1edbi 3 c\u00e1nh h\u1ea1n ch\u1ebf t\u1ed1i \u0111a th\u1ea5t tho\u00e1t nhi\u1ec7t.V\u00e1ch l\u01b0\u1edbi 3 ng\u0103n l\u00e0m vi\u1ec7c ph\u00e2n chia th\u1ef1c ph\u1ea9m trong t\u1ee7 tr\u1edf n\u00ean \u0111\u01a1n gi\u1ea3n h\u01a1n.Ngo\u00e0i ra c\u00f2n gi\u00fap ng\u0103n c\u00e1ch th\u1ef1c ph\u1ea9m v\u1edbi th\u00e0nh t\u1ee7.<\/p>\n<p>3 tay c\u1ea7m k\u00e8m kh\u00f3a an to\u00e0n gi\u00fap ki\u1ec3m so\u00e1t vi\u1ec7c \u0111\u00f3ng m\u1edf t\u1ee7 v\u00e0 nhi\u1ec7t \u0111\u1ed9<\/p>\n<p>B\u1ea3ng \u0111i\u1ec1u khi\u1ec3n \u0111i\u1ec7n t\u1eed c\u1ee7a t\u1ee7 gi\u00fap b\u1ea1n bi\u1ebft v\u00e0 \u0111i\u1ec1u ch\u1ec9nh nhi\u1ec7t \u0111\u1ed9 b\u00ean trong t\u1ee7 h\u1ee3p l\u00fd.<\/p>\n<p><img loading=\"lazy\" decoding=\"async\" class=\"aligncenter wp-image-16205 size-full lazy-load-active\" src=\"https:\/\/sanakyvietnam.net\/wp-content\/uploads\/2022\/11\/tu-dong-sanaky-vh-1799hy3-5.jpg\" sizes=\"auto, (max-width: 1536px) 100vw, 1536px\" srcset=\"https:\/\/sanakyvietnam.net\/wp-content\/uploads\/2022\/11\/tu-dong-sanaky-vh-1799hy3-5.jpg 1536w, https:\/\/sanakyvietnam.net\/wp-content\/uploads\/2022\/11\/tu-dong-sanaky-vh-1799hy3-5-600x375.jpg 600w, https:\/\/sanakyvietnam.net\/wp-content\/uploads\/2022\/11\/tu-dong-sanaky-vh-1799hy3-5-768x481.jpg 768w, https:\/\/sanakyvietnam.net\/wp-content\/uploads\/2022\/11\/tu-dong-sanaky-vh-1799hy3-5-400x250.jpg 400w\" alt=\"T\u1ee7 \u0111\u00f4ng Sanaky VH-1799HY3 1500 l\u00edt\" width=\"1536\" height=\"961\" data-src=\"https:\/\/sanakyvietnam.net\/wp-content\/uploads\/2022\/11\/tu-dong-sanaky-vh-1799hy3-5.jpg\" data-srcset=\"https:\/\/sanakyvietnam.net\/wp-content\/uploads\/2022\/11\/tu-dong-sanaky-vh-1799hy3-5.jpg 1536w, https:\/\/sanakyvietnam.net\/wp-content\/uploads\/2022\/11\/tu-dong-sanaky-vh-1799hy3-5-600x375.jpg 600w, https:\/\/sanakyvietnam.net\/wp-content\/uploads\/2022\/11\/tu-dong-sanaky-vh-1799hy3-5-768x481.jpg 768w, https:\/\/sanakyvietnam.net\/wp-content\/uploads\/2022\/11\/tu-dong-sanaky-vh-1799hy3-5-400x250.jpg 400w\" \/><\/p>\n<h3>X\u1ea3 \u0111\u00f4ng thu\u1eadn ti\u1ec7n,\u0111\u01a1n gi\u1ea3n<\/h3>\n<p>\u0110i\u1ec3m \u0111\u1eb7c bi\u1ec7t trong thi\u1ebft k\u1ebf n\u00e0y b\u1ea1n c\u00f3 th\u1ec3 x\u1ea3 \u0111\u00f4ng t\u1ee7 m\u00e0 kh\u00f4ng c\u1ea7n \u0111\u01b0a th\u1ef1c ph\u1ea9m ra ngo\u00e0i.B\u1ea1n c\u00f3 th\u1ec3 ng\u1eaft ngu\u1ed3n \u0111i\u1ec7n trong v\u00e0i ti\u1ebfng \u0111\u1ec3 x\u1ea3 \u0111\u00e1 b\u00e1m quanh th\u00e0nh t\u1ee7, trong th\u1eddi gian \u0111\u00f3 th\u1ef1c ph\u1ea9m v\u1eabn gi\u1eef \u0111\u01b0\u1ee3c \u0111\u1ed9 t\u01b0\u01a1i ngon nh\u1ea5t \u0111\u1ecbnh m\u00e0 b\u1ea1n kh\u00f4ng c\u1ea7n lo l\u1eafng \u0111\u1ebfn vi\u1ec7c v\u1eadn chuy\u1ec3n ra ngo\u00e0i ho\u1eb7c sang m\u1ed9t chi\u1ebfc t\u1ee7 \u0111\u00f4ng kh\u00e1c.<\/p>\n<p>B\u1ea1n c\u0169ng c\u00f3 th\u1ec3 x\u1ea3 n\u01b0\u1edbc xung quanh th\u00e0nh \u0111\u1ec3 nhanh tan \u0111\u00e1 h\u01a1n<\/p>\n<h3>Th\u00e2n t\u1ee7 l\u00e0m t\u1eeb nh\u1ef1a ABS tr\u1eafng an to\u00e0n,th\u00e2n thi\u1ec7n v\u1edbi m\u00f4i tr\u01b0\u1eddng<\/h3>\n<p>Nh\u1ef1a ABS c\u00f3 \u0111\u1ed9 b\u1ec1n cao nh\u1edd \u0111\u1eb7c t\u00ednh d\u1ebbo dai,b\u1ec1n theo th\u1eddi gian<\/p>\n<p>L\u00f2ng t\u1ee7 c\u00f4i ph\u1eb3ng, v\u00e1ch nh\u00f4m gi\u00fap d\u1ec5 v\u1ec7 sinh , h\u1ea1n ch\u1ebf \u0111\u00f3ng tuy\u1ebft.<\/p>\n<h3>Si\u00eau ti\u1ebft ki\u1ec7m \u0111i\u1ec7n v\u1edbi c\u00f4ng ngh\u1ec7 Inverter<\/h3>\n<p>C\u00f4ng ngh\u1ec7 Inverter si\u00eau ti\u1ebft ki\u1ec7m c\u00f3 m\u1ee9c ti\u00eau th\u1ee5 \u0111i\u1ec7n ch\u1ec9 t\u1eeb 8-10 s\u1ed1 \u0111i\u1ec7n\/ng\u00e0y gi\u00fap gi\u1ea3m thi\u1ec3u t\u1edbi 50% h\u00f3a \u0111\u01a1n ti\u1ec1n \u0111i\u1ec7n h\u00e0ng th\u00e1ng.<\/p>\n<p><img loading=\"lazy\" decoding=\"async\" class=\"aligncenter wp-image-16209 size-full lazy-load-active\" src=\"https:\/\/sanakyvietnam.net\/wp-content\/uploads\/2022\/11\/tu-dong-sanaky-vh-1799hy3-a9.jpg\" sizes=\"auto, (max-width: 1536px) 100vw, 1536px\" srcset=\"https:\/\/sanakyvietnam.net\/wp-content\/uploads\/2022\/11\/tu-dong-sanaky-vh-1799hy3-a9.jpg 1536w, https:\/\/sanakyvietnam.net\/wp-content\/uploads\/2022\/11\/tu-dong-sanaky-vh-1799hy3-a9-600x375.jpg 600w, https:\/\/sanakyvietnam.net\/wp-content\/uploads\/2022\/11\/tu-dong-sanaky-vh-1799hy3-a9-768x481.jpg 768w, https:\/\/sanakyvietnam.net\/wp-content\/uploads\/2022\/11\/tu-dong-sanaky-vh-1799hy3-a9-400x250.jpg 400w\" alt=\"T\u1ee7 \u0111\u00f4ng Sanaky VH-1799HY3 1500 l\u00edt\" width=\"1536\" height=\"961\" data-src=\"https:\/\/sanakyvietnam.net\/wp-content\/uploads\/2022\/11\/tu-dong-sanaky-vh-1799hy3-a9.jpg\" data-srcset=\"https:\/\/sanakyvietnam.net\/wp-content\/uploads\/2022\/11\/tu-dong-sanaky-vh-1799hy3-a9.jpg 1536w, https:\/\/sanakyvietnam.net\/wp-content\/uploads\/2022\/11\/tu-dong-sanaky-vh-1799hy3-a9-600x375.jpg 600w, https:\/\/sanakyvietnam.net\/wp-content\/uploads\/2022\/11\/tu-dong-sanaky-vh-1799hy3-a9-768x481.jpg 768w, https:\/\/sanakyvietnam.net\/wp-content\/uploads\/2022\/11\/tu-dong-sanaky-vh-1799hy3-a9-400x250.jpg 400w\" \/><\/p>\n<h3>D\u00e0n l\u1ea1nh \u0111\u1ed3ng nguy\u00ean ch\u1ea5t-Gas R290 th\u00e2n thi\u1ec7n m\u00f4i tr\u01b0\u1eddng<\/h3>\n<p>D\u00e0n l\u1ea1nh \u0111\u1ed3ng nguy\u00ean ch\u1ea5t 100% gi\u00fap t\u1ee7 v\u1eadn h\u00e0nh \u00eam \u00e1i,b\u1ec1n b\u1ec9<\/p>\n<h4>Gas R290<\/h4>\n<p>T\u1ee7 s\u1eed d\u1ee5ng d\u00f2ng Gas R290 t\u00e2n ti\u1ebfn nh\u1ea5t hi\u1ec7n nay \u0111ang \u0111\u01b0\u1ee3c d\u1ea7n thay th\u1ebf cho c\u00e1c d\u00f2ng Gas th\u00f4ng th\u01b0\u1eddng kh\u00e1c nh\u1edd c\u00e1c \u0111i\u1ec3m m\u1ea1nh sau:<\/p>\n<p>Ti\u1ebft ki\u1ec7m n\u0103ng l\u01b0\u1ee3ng t\u1ed1i \u0111a gi\u00fap gi\u1ea3m h\u00f3a \u0111\u01a1n ti\u1ec1n \u0111i\u1ec7n s\u1eed d\u1ee5ng<\/p>\n<p>\u0110\u01b0\u1ee3c \u0111\u00e1nh gi\u00e1 cao nh\u1ea5t v\u1ec1 hi\u1ec7u su\u1ea5t l\u00e0m l\u1ea1nh so v\u1edbi c\u00e1c lo\u1ea1i gas kh\u00e1c<\/p>\n<p>V\u1eadn h\u00e0nh t\u1ee7 \u1edf ch\u1ebf \u0111\u1ed9 nhi\u1ec7t \u0111\u1ed9 th\u1ea5p v\u1eabn ti\u1ebft ki\u1ec7m \u0111i\u1ec7n nh\u1edd t\u1ec9 s\u1ed1 n\u00e9n th\u1ea5p nh\u1ea5t gi\u00fap t\u0103ng \u0111\u1ed9 b\u1ec1n cho t\u1ee7 \u0111\u00f4ng v\u00e0 ti\u1ebft ki\u1ec7m n\u0103ng l\u01b0\u1ee3ng \u0111i\u1ec7n<\/p>\n<p>Th\u00e0nh ph\u1ea7n ch\u1ee7 y\u1ebfu l\u00e0 Hydrocacbon an to\u00e0n,kh\u00f4ng \u0111\u1ed9c h\u1ea1i v\u1edbi ng\u01b0\u1eddi d\u00f9ng v\u00e0 m\u00f4i tr\u01b0\u1eddng<\/p>\n<p><img loading=\"lazy\" decoding=\"async\" class=\"aligncenter wp-image-16206 size-full lazy-load-active\" src=\"https:\/\/sanakyvietnam.net\/wp-content\/uploads\/2022\/11\/tu-dong-sanaky-vh-1799hy3-8.jpg\" sizes=\"auto, (max-width: 1536px) 100vw, 1536px\" srcset=\"https:\/\/sanakyvietnam.net\/wp-content\/uploads\/2022\/11\/tu-dong-sanaky-vh-1799hy3-8.jpg 1536w, https:\/\/sanakyvietnam.net\/wp-content\/uploads\/2022\/11\/tu-dong-sanaky-vh-1799hy3-8-600x375.jpg 600w, https:\/\/sanakyvietnam.net\/wp-content\/uploads\/2022\/11\/tu-dong-sanaky-vh-1799hy3-8-768x481.jpg 768w, https:\/\/sanakyvietnam.net\/wp-content\/uploads\/2022\/11\/tu-dong-sanaky-vh-1799hy3-8-400x250.jpg 400w\" alt=\"T\u1ee7 \u0111\u00f4ng Sanaky VH-1799HY3 1500 l\u00edt\" width=\"1536\" height=\"961\" data-src=\"https:\/\/sanakyvietnam.net\/wp-content\/uploads\/2022\/11\/tu-dong-sanaky-vh-1799hy3-8.jpg\" data-srcset=\"https:\/\/sanakyvietnam.net\/wp-content\/uploads\/2022\/11\/tu-dong-sanaky-vh-1799hy3-8.jpg 1536w, https:\/\/sanakyvietnam.net\/wp-content\/uploads\/2022\/11\/tu-dong-sanaky-vh-1799hy3-8-600x375.jpg 600w, https:\/\/sanakyvietnam.net\/wp-content\/uploads\/2022\/11\/tu-dong-sanaky-vh-1799hy3-8-768x481.jpg 768w, https:\/\/sanakyvietnam.net\/wp-content\/uploads\/2022\/11\/tu-dong-sanaky-vh-1799hy3-8-400x250.jpg 400w\" \/><\/p>\n<h3>D\u1ec5 d\u00e0ng b\u1ea3o qu\u1ea3n th\u1ef1c ph\u1ea9m v\u1edbi 3 ch\u1ebf \u0111\u1ed9 M\u00e1t \u2013 \u0110\u1ed3ng m\u1ec1m \u2013 \u0110\u00f4ng c\u1ee9ng<\/h3>\n<p><img loading=\"lazy\" decoding=\"async\" class=\"aligncenter wp-image-16207 size-full lazy-load-active\" src=\"https:\/\/sanakyvietnam.net\/wp-content\/uploads\/2022\/11\/tu-dong-sanaky-vh-1799hy3-7.jpg\" sizes=\"auto, (max-width: 1536px) 100vw, 1536px\" srcset=\"https:\/\/sanakyvietnam.net\/wp-content\/uploads\/2022\/11\/tu-dong-sanaky-vh-1799hy3-7.jpg 1536w, https:\/\/sanakyvietnam.net\/wp-content\/uploads\/2022\/11\/tu-dong-sanaky-vh-1799hy3-7-600x375.jpg 600w, https:\/\/sanakyvietnam.net\/wp-content\/uploads\/2022\/11\/tu-dong-sanaky-vh-1799hy3-7-768x481.jpg 768w, https:\/\/sanakyvietnam.net\/wp-content\/uploads\/2022\/11\/tu-dong-sanaky-vh-1799hy3-7-400x250.jpg 400w\" alt=\"T\u1ee7 \u0111\u00f4ng Sanaky VH-1799HY3 1500 l\u00edt\" width=\"1536\" height=\"961\" data-src=\"https:\/\/sanakyvietnam.net\/wp-content\/uploads\/2022\/11\/tu-dong-sanaky-vh-1799hy3-7.jpg\" data-srcset=\"https:\/\/sanakyvietnam.net\/wp-content\/uploads\/2022\/11\/tu-dong-sanaky-vh-1799hy3-7.jpg 1536w, https:\/\/sanakyvietnam.net\/wp-content\/uploads\/2022\/11\/tu-dong-sanaky-vh-1799hy3-7-600x375.jpg 600w, https:\/\/sanakyvietnam.net\/wp-content\/uploads\/2022\/11\/tu-dong-sanaky-vh-1799hy3-7-768x481.jpg 768w, https:\/\/sanakyvietnam.net\/wp-content\/uploads\/2022\/11\/tu-dong-sanaky-vh-1799hy3-7-400x250.jpg 400w\" \/><\/p>\n<p>T\u1ee7 \u0111\u00f4ng Sanaky VH-1799HY3 \u0111\u01b0\u1ee3c trang b\u1ecb b\u1ea3ng \u0111i\u1ec1u ch\u1ec9nh ti\u1ec7n \u00edch v\u1edbi 3 ch\u1ebf \u0111\u1ed9 \u201cM\u00e1t \u2013 \u0110\u00f4ng m\u1ec1m \u2013 \u0110\u00f4ng c\u1ee9ng\u201d ph\u00f9 h\u1ee3p v\u1edbi m\u1ecdi lo\u1ea1i th\u1ef1c ph\u1ea9m ti\u1ec7n l\u1ee3i cho ng\u01b0\u1eddi s\u1eed d\u1ee5ng theo d\u00f5i nhi\u1ec7t \u0111\u1ed9 trong t\u1ee7:<\/p>\n<ol>\n<li><strong>Ch\u1ebf \u0111\u1ed9 \u0111\u00f4ng m\u1ec1m:<\/strong><br \/>\nl\u01b0u tr\u1eef th\u1ef1c ph\u1ea9m t\u01b0\u01a1i, m\u1ec1m trong v\u00f2ng 1 \u2013 2 ng\u00e0y nh\u01b0ng v\u1eabn \u0111\u1ea3m b\u1ea3o gi\u1eef \u0111\u01b0\u1ee3c ch\u1ea5t dinh d\u01b0\u1ee1ng.<\/li>\n<li><strong>Ch\u1ebf \u0111\u1ed9 \u0111\u00f4ng c\u1ee9ng:<\/strong><br \/>\nc\u1ea5p \u0111\u00f4ng th\u1ef1c ph\u1ea9m nhanh ch\u00f3ng v\u1edbi nhi\u1ec7t \u0111\u1ed9 th\u1ea5p \u2264-18\u00b0C gi\u00fap b\u1ea3o qu\u1ea3n th\u1ef1c ph\u1ea9m d\u00e0i h\u1ea1n m\u00e0 v\u1eabn gi\u1eef \u0111\u01b0\u1ee3c \u0111\u1ed9 t\u01b0\u01a1i ngon.<\/li>\n<li><strong>Ch\u1ebf \u0111\u1ed9 m\u00e1t:<\/strong><br \/>\nth\u00edch h\u1ee3p l\u01b0u tr\u1eef c\u00e1c lo\u1ea1i \u0111\u1ed3 u\u1ed1ng c\u1ea7n \u01b0\u1edbp l\u1ea1nh, rau c\u1ee7 qu\u1ea3 c\u1ea7n b\u1ea3o qu\u1ea3n t\u01b0\u01a1i m\u00e1t trong kho\u1ea3ng th\u1eddi gian ng\u1eafn\u2026<\/li>\n<\/ol>\n<h2><\/h2>\n<p>&nbsp;<\/p>\n<p>&nbsp;<\/p>\n<p>&nbsp;<\/p>\n<\/div>\n<\/div>\n<\/div>\n<\/div>\n","protected":false},"excerpt":{"rendered":"<p><a href=\"https:\/\/dienmaynguyenkhang.vn\/wp-content\/uploads\/2025\/02\/1799.png\"><img loading=\"lazy\" decoding=\"async\" class=\"alignnone size-medium wp-image-2712\" src=\"https:\/\/dienmaynguyenkhang.vn\/wp-content\/uploads\/2025\/02\/1799-300x184.png\" alt=\"\" width=\"300\" height=\"184\" srcset=\"https:\/\/dienmaynguyenkhang.vn\/wp-content\/uploads\/2025\/02\/1799-300x184.png 300w, https:\/\/dienmaynguyenkhang.vn\/wp-content\/uploads\/2025\/02\/1799-510x313.png 510w, https:\/\/dienmaynguyenkhang.vn\/wp-content\/uploads\/2025\/02\/1799.png 726w\" sizes=\"auto, (max-width: 300px) 100vw, 300px\" \/><\/a> <a href=\"https:\/\/dienmaynguyenkhang.vn\/wp-content\/uploads\/2025\/02\/17991.png\"><img loading=\"lazy\" decoding=\"async\" class=\"alignnone size-medium wp-image-2713\" src=\"https:\/\/dienmaynguyenkhang.vn\/wp-content\/uploads\/2025\/02\/17991-300x156.png\" alt=\"\" width=\"300\" height=\"156\" srcset=\"https:\/\/dienmaynguyenkhang.vn\/wp-content\/uploads\/2025\/02\/17991-300x156.png 300w, https:\/\/dienmaynguyenkhang.vn\/wp-content\/uploads\/2025\/02\/17991-768x399.png 768w, https:\/\/dienmaynguyenkhang.vn\/wp-content\/uploads\/2025\/02\/17991-510x265.png 510w, https:\/\/dienmaynguyenkhang.vn\/wp-content\/uploads\/2025\/02\/17991.png 770w\" sizes=\"auto, (max-width: 300px) 100vw, 300px\" \/><\/a><\/p>\n","protected":false},"featured_media":2713,"comment_status":"open","ping_status":"closed","template":"","meta":[],"class_list":{"0":"post-2714","1":"product","2":"type-product","3":"status-publish","4":"has-post-thumbnail","6":"product_cat-dong-nguyen","7":"product_cat-sanaky-tu-dong","8":"product_cat-tu-dong","10":"first","11":"instock","12":"sale","13":"shipping-taxable","14":"purchasable","15":"product-type-simple"},"_links":{"self":[{"href":"https:\/\/dienmaynguyenkhang.vn\/index.php?rest_route=\/wp\/v2\/product\/2714","targetHints":{"allow":["GET"]}}],"collection":[{"href":"https:\/\/dienmaynguyenkhang.vn\/index.php?rest_route=\/wp\/v2\/product"}],"about":[{"href":"https:\/\/dienmaynguyenkhang.vn\/index.php?rest_route=\/wp\/v2\/types\/product"}],"replies":[{"embeddable":true,"href":"https:\/\/dienmaynguyenkhang.vn\/index.php?rest_route=%2Fwp%2Fv2%2Fcomments&post=2714"}],"wp:featuredmedia":[{"embeddable":true,"href":"https:\/\/dienmaynguyenkhang.vn\/index.php?rest_route=\/wp\/v2\/media\/2713"}],"wp:attachment":[{"href":"https:\/\/dienmaynguyenkhang.vn\/index.php?rest_route=%2Fwp%2Fv2%2Fmedia&parent=2714"}],"curies":[{"name":"wp","href":"https:\/\/api.w.org\/{rel}","templated":true}]}}