{"id":2703,"date":"2025-02-06T21:37:07","date_gmt":"2025-02-06T14:37:07","guid":{"rendered":"https:\/\/dienmaynguyenkhang.vn\/?post_type=product&#038;p=2703"},"modified":"2026-03-09T11:28:56","modified_gmt":"2026-03-09T04:28:56","slug":"tu-dong-sanaky-vh-1399hyk-1300-lit","status":"publish","type":"product","link":"https:\/\/dienmaynguyenkhang.vn\/?product=tu-dong-sanaky-vh-1399hyk-1300-lit","title":{"rendered":"T\u1ee7 \u0111\u00f4ng Sanaky VH-1399HYK 1300 l\u00edt"},"content":{"rendered":"<div class=\"snk-info-product-head\">\n<h3>T\u00ednh n\u0103ng th\u00f4ng s\u1ed1 k\u1ef9 thu\u1eadt<\/h3>\n<\/div>\n<div class=\"large-8 col\">\n<div class=\"img-tskt\"><img loading=\"lazy\" decoding=\"async\" class=\"attachment-full size-full entered lazyloaded\" src=\"https:\/\/sanakyvietnam.net\/wp-content\/uploads\/2022\/11\/tu-dong-sanaky-vh-1399hyk-tso.jpg\" sizes=\"auto, (max-width: 900px) 100vw, 900px\" srcset=\"https:\/\/sanakyvietnam.net\/wp-content\/uploads\/2022\/11\/tu-dong-sanaky-vh-1399hyk-tso.jpg 900w, https:\/\/sanakyvietnam.net\/wp-content\/uploads\/2022\/11\/tu-dong-sanaky-vh-1399hyk-tso-600x600.jpg 600w, https:\/\/sanakyvietnam.net\/wp-content\/uploads\/2022\/11\/tu-dong-sanaky-vh-1399hyk-tso-100x100.jpg 100w, https:\/\/sanakyvietnam.net\/wp-content\/uploads\/2022\/11\/tu-dong-sanaky-vh-1399hyk-tso-768x768.jpg 768w, https:\/\/sanakyvietnam.net\/wp-content\/uploads\/2022\/11\/tu-dong-sanaky-vh-1399hyk-tso-300x300.jpg 300w, https:\/\/sanakyvietnam.net\/wp-content\/uploads\/2022\/11\/tu-dong-sanaky-vh-1399hyk-tso-400x400.jpg 400w\" alt=\"T\u1ee7 \u0111\u00f4ng Sanaky VH-1399HYK\" width=\"900\" height=\"900\" data-lazy-srcset=\"https:\/\/sanakyvietnam.net\/wp-content\/uploads\/2022\/11\/tu-dong-sanaky-vh-1399hyk-tso.jpg 900w, https:\/\/sanakyvietnam.net\/wp-content\/uploads\/2022\/11\/tu-dong-sanaky-vh-1399hyk-tso-600x600.jpg 600w, https:\/\/sanakyvietnam.net\/wp-content\/uploads\/2022\/11\/tu-dong-sanaky-vh-1399hyk-tso-100x100.jpg 100w, https:\/\/sanakyvietnam.net\/wp-content\/uploads\/2022\/11\/tu-dong-sanaky-vh-1399hyk-tso-768x768.jpg 768w, https:\/\/sanakyvietnam.net\/wp-content\/uploads\/2022\/11\/tu-dong-sanaky-vh-1399hyk-tso-300x300.jpg 300w, https:\/\/sanakyvietnam.net\/wp-content\/uploads\/2022\/11\/tu-dong-sanaky-vh-1399hyk-tso-400x400.jpg 400w\" data-lazy-sizes=\"(max-width: 900px) 100vw, 900px\" data-lazy-src=\"https:\/\/sanakyvietnam.net\/wp-content\/uploads\/2022\/11\/tu-dong-sanaky-vh-1399hyk-tso.jpg\" data-ll-status=\"loaded\" \/><\/div>\n<\/div>\n<div class=\"large-4 col\">\n<div class=\"product_additional_content\">\n<h2 class=\"title_tabs\">Th\u00f4ng s\u1ed1 k\u1ef9 thu\u1eadt<\/h2>\n<table>\n<tbody>\n<tr>\n<td>Model<\/td>\n<td>VH-1399HYK<\/td>\n<\/tr>\n<tr>\n<td>Dung t\u00edch th\u1ef1c<\/td>\n<td>1143,5 l\u00edt<\/td>\n<\/tr>\n<tr>\n<td>Ch\u1ea5t li\u1ec7u d\u00e0n l\u1ea1nh<\/td>\n<td>\u0110\u1ed3ng<\/td>\n<\/tr>\n<tr>\n<td>S\u1ed1 ng\u0103n<\/td>\n<td>1 ng\u0103n \u0111\u00f4ng<\/td>\n<\/tr>\n<tr>\n<td>S\u1ed1 c\u00e1nh<\/td>\n<td>3 c\u00e1nh<\/td>\n<\/tr>\n<tr>\n<td>C\u00f4ng ngh\u1ec7 ti\u1ebft ki\u1ec7m \u0111i\u1ec7n<\/td>\n<td>Th\u01b0\u1eddng<\/td>\n<\/tr>\n<tr>\n<td>Nhi\u1ec7t \u0111\u1ed9 ng\u0103n \u0111\u00f4ng<\/td>\n<td>\u2264-18\u00b0C<\/td>\n<\/tr>\n<tr>\n<td>C\u00f4ng su\u1ea5t<\/td>\n<td>450 (W)<\/td>\n<\/tr>\n<tr>\n<td>K\u00edch th\u01b0\u1edbc<\/td>\n<td>3005 x 846 x 900 (mm)<\/td>\n<\/tr>\n<tr>\n<td>C\u00e1nh k\u00ednh c\u01b0\u1eddng l\u1ef1c<\/td>\n<td>C\u00f3<\/td>\n<\/tr>\n<tr>\n<td>B\u00e1nh xe<\/td>\n<td>8 b\u00e1nh xe ch\u1ecbu l\u1ef1c<\/td>\n<\/tr>\n<tr>\n<td>Tr\u1ecdng l\u01b0\u1ee3ng<\/td>\n<td>143kg<\/td>\n<\/tr>\n<tr>\n<td>M\u00f4i ch\u1ea5t l\u1ea1nh<\/td>\n<td>R290<\/td>\n<\/tr>\n<tr>\n<td>B\u1ea3o h\u00e0nh<\/td>\n<td>24 th\u00e1ng<\/td>\n<\/tr>\n<\/tbody>\n<\/table>\n<\/div>\n<p><a class=\"open_additional_popup\" data-src=\"#additional_popup\" data-fancybox=\"\" data-options=\"{&quot;touch&quot; : false}\">Xem chi ti\u1ebft th\u00f4ng s\u1ed1 k\u1ef9 thu\u1eadt<\/a><\/p>\n<div>\n<div data-product_id=\"16342\" data-threshold_min=\"30\" data-threshold_max=\"100\" data-total=\"0\"><\/div>\n<\/div>\n<\/div>\n<div class=\"content_description\">\n<div class=\"woocommerce-tabs wc-tabs-wrapper container tabbed-content\">\n<ul class=\"snk-info-product-head tabs wc-tabs product-tabs small-nav-collapse nav nav-uppercase nav-line-grow nav-left\" role=\"tablist\">\n<li id=\"tab-title-description\" class=\"description_tab active\" role=\"tab\" aria-controls=\"tab-description\"><a href=\"https:\/\/dienmaynguyenkhang.vn\/?product=tu-dong-sanaky-vh-1399hyk-1300-lit\"><i class=\"fa fa-caret-right\"><\/i>M\u00f4 t\u1ea3 s\u1ea3n ph\u1ea9m<\/a><\/li>\n<\/ul>\n<div class=\"tab-panels\">\n<div id=\"tab-description\" class=\"woocommerce-Tabs-panel woocommerce-Tabs-panel--description panel entry-content active\" role=\"tabpanel\" aria-labelledby=\"tab-title-description\">\n<p><strong>T\u1ee7 \u0111\u00f4ng Sanaky VH-1399HYK\u00a0<\/strong>l\u00e0 d\u00f2ng t\u1ee7 \u0111\u00f4ng mang di\u1ec7n m\u1ea1o m\u1edbi v\u1edbi r\u1ea5t nhi\u1ec1u t\u00ednh n\u0103ng c\u1ea3i ti\u1ebfn. S\u1ea3n ph\u1ea9m \u0111\u1ee7 s\u1ee9c chinh ph\u1ee5c b\u1ea5t c\u1ee9 si\u00eau th\u1ecb, nh\u00e0 h\u00e0ng, c\u1eeda h\u00e0ng n\u00e0o! C\u00f9ng\u00a0<a href=\"https:\/\/dienmaynguyenkhang.vn\/?product=tu-dong-sanaky-vh-1399hyk-1300-lit\">Sanaky Vi\u1ec7t Nam<\/a>\u00a0t\u00ecm hi\u1ec3u model t\u1ee7 \u0111\u00f4ng si\u00eau hot n\u00e0y ngay nh\u00e9!<\/p>\n<figure id=\"attachment_16344\" class=\"wp-caption aligncenter\" aria-describedby=\"caption-attachment-16344\"><img loading=\"lazy\" decoding=\"async\" class=\"wp-image-16344 lazy-load-active\" src=\"https:\/\/sanakyvietnam.net\/wp-content\/uploads\/2022\/11\/hinh-anh-tu-dong-sanaky-vh-1399hyk-600x375.webp\" sizes=\"auto, (max-width: 900px) 100vw, 900px\" srcset=\"https:\/\/sanakyvietnam.net\/wp-content\/uploads\/2022\/11\/hinh-anh-tu-dong-sanaky-vh-1399hyk-600x375.webp 600w, https:\/\/sanakyvietnam.net\/wp-content\/uploads\/2022\/11\/hinh-anh-tu-dong-sanaky-vh-1399hyk-768x481.webp 768w, https:\/\/sanakyvietnam.net\/wp-content\/uploads\/2022\/11\/hinh-anh-tu-dong-sanaky-vh-1399hyk-400x250.webp 400w, https:\/\/sanakyvietnam.net\/wp-content\/uploads\/2022\/11\/hinh-anh-tu-dong-sanaky-vh-1399hyk.webp 1536w\" alt=\"T\u1ee7 \u0111\u00f4ng Sanaky VH-1399HYK\" width=\"900\" height=\"563\" data-src=\"https:\/\/sanakyvietnam.net\/wp-content\/uploads\/2022\/11\/hinh-anh-tu-dong-sanaky-vh-1399hyk-600x375.webp\" data-srcset=\"https:\/\/sanakyvietnam.net\/wp-content\/uploads\/2022\/11\/hinh-anh-tu-dong-sanaky-vh-1399hyk-600x375.webp 600w, https:\/\/sanakyvietnam.net\/wp-content\/uploads\/2022\/11\/hinh-anh-tu-dong-sanaky-vh-1399hyk-768x481.webp 768w, https:\/\/sanakyvietnam.net\/wp-content\/uploads\/2022\/11\/hinh-anh-tu-dong-sanaky-vh-1399hyk-400x250.webp 400w, https:\/\/sanakyvietnam.net\/wp-content\/uploads\/2022\/11\/hinh-anh-tu-dong-sanaky-vh-1399hyk.webp 1536w\" \/><figcaption id=\"caption-attachment-16344\" class=\"wp-caption-text\">T\u1ee7 \u0111\u00f4ng Sanaky VH-1399HYK<\/figcaption><\/figure>\n<h2>C\u00e1c t\u00ednh n\u0103ng n\u1ed5i b\u1eadt c\u1ee7a t\u1ee7 \u0111\u00f4ng VH-1399HYK<\/h2>\n<p>VH-1399HYK s\u1edf h\u1eefu r\u1ea5t nhi\u1ec1u \u01b0u \u0111i\u1ec3m n\u1ed5i b\u1eadt. Ti\u00eau bi\u1ec3u ph\u1ea3i k\u1ec3 \u0111\u1ebfn:<\/p>\n<h3>Thi\u1ebft k\u1ebf cao c\u1ea5p c\u1ee7a t\u1ee7 \u0111\u00f4ng VH-1399HYK<\/h3>\n<p>T\u1ee7 \u0111\u00f4ng VH-1399HYK t\u1ea1o \u1ea5n t\u01b0\u1ee3ng v\u00e0 ni\u1ec1m tin cho kh\u00e1ch h\u00e0ng c\u0169ng nh\u01b0 gi\u1edbi chuy\u00ean gia ngay t\u1eeb c\u00e1i nh\u00ecn \u0111\u1ea7u ti\u00ean. S\u1ea3n ph\u1ea9m s\u1edf h\u1eefu thi\u1ebft k\u1ebf cao c\u1ea5p v\u1edbi:<\/p>\n<ul>\n<li>C\u00e1nh k\u00ednh c\u01b0\u1eddng l\u1ef1c sang tr\u1ecdng, b\u1ec1n \u0111\u1eb9p<\/li>\n<li>Thi\u1ebft k\u1ebf 1 ng\u0103n \u0111\u00f4ng 3 c\u00e1nh m\u1edf: Ti\u1ec7n l\u1ee3i s\u1eafp x\u1ebfp v\u00e0 tr\u00e1nh th\u1ea5t tho\u00e1t nhi\u1ec7t l\u1ea1nh<\/li>\n<li>L\u00f2ng t\u1ee7 \u0111\u01b0\u1ee3c c\u00f4i ph\u1eb3ng t\u0103ng c\u01b0\u1eddng kh\u00f4ng gian b\u1ea3o qu\u1ea3n<\/li>\n<li>Th\u00e2n t\u1ee7 l\u00e0m b\u1eb1ng nh\u1ef1a ABS cao c\u1ea5p, \u0111\u1ed9 b\u1ec1n cao<\/li>\n<\/ul>\n<figure id=\"attachment_18850\" class=\"wp-caption aligncenter\" aria-describedby=\"caption-attachment-18850\"><figcaption id=\"caption-attachment-18850\" class=\"wp-caption-text\"><em>H\u00ecnh \u1ea3nh th\u1ef1c t\u1ebf t\u1ee7 \u0111\u00f4ng Sanaky VH-1399HYK<\/em><\/figcaption><\/figure>\n<h3>D\u00e0n l\u1ea1nh b\u1eb1ng \u0111\u1ed3ng c\u00f9ng c\u00f4ng ngh\u1ec7 l\u00e0m l\u1ea1nh 360 \u0111\u1ed9 ti\u00ean ti\u1ebfn<\/h3>\n<p>D\u00e0n l\u1ea1nh c\u1ee7a\u00a0<a href=\"https:\/\/dienmaynguyenkhang.vn\/?product=tu-dong-sanaky-vh-1399hyk-1300-lit\">t\u1ee7 \u0111\u00f4ng Sanaky<\/a>\u00a0n\u00e0y \u0111\u01b0\u1ee3c l\u00e0m b\u1eb1ng \u1ed1ng \u0111\u1ed3ng nguy\u00ean ch\u1ea5t 100%. Th\u00eam v\u00e0o \u0111\u00f3, s\u1ea3n ph\u1ea9m \u0111\u01b0\u1ee3c \u1ee9ng d\u1ee5ng c\u00e1c c\u00f4ng ngh\u1ec7 t\u1ee7 \u0111\u00f4ng hi\u1ec7n \u0111\u1ea1i nh\u01b0:<\/p>\n<ul>\n<li>L\u00e0m l\u1ea1nh\u00a0 b\u1eb1ng qu\u1ea1t l\u1ed3ng s\u00f3c<\/li>\n<li>C\u00f4ng ngh\u1ec7 l\u00e0m l\u1ea1nh 360 \u0111\u1ed9<\/li>\n<\/ul>\n<p>T\u1ea5t c\u1ea3 nh\u1eefng \u0111i\u1ec1u n\u00e0y gi\u00fap cho t\u1ee7 \u0111\u00f4ng Sanaky VH-1399HYK:<\/p>\n<ul>\n<li>L\u00e0m l\u1ea1nh nhanh v\u00e0 s\u00e2u t\u1edbi -18\u00b0C<\/li>\n<li>T\u0103ng hi\u1ec7u su\u1ea5t l\u00e0m l\u1ea1nh<\/li>\n<li>Gi\u1eef nhi\u1ec7t t\u1ed1t<\/li>\n<li>Ho\u1ea1t \u0111\u1ed9ng \u1ed5n \u0111\u1ecbnh, v\u1eadn h\u00e0nh \u00eam \u00e1i<\/li>\n<li>\u0110\u1ed9 b\u1ec1n cao<\/li>\n<\/ul>\n<div class=\"mceTemp\"><\/div>\n<figure id=\"attachment_16345\" class=\"wp-caption aligncenter\" aria-describedby=\"caption-attachment-16345\"><img loading=\"lazy\" decoding=\"async\" class=\"wp-image-16345 lazy-load-active\" src=\"https:\/\/sanakyvietnam.net\/wp-content\/uploads\/2022\/11\/tu-dong-sanaky-vh-1199-1399hyk-dan-lanh-gas-600x375.webp\" sizes=\"auto, (max-width: 900px) 100vw, 900px\" srcset=\"https:\/\/sanakyvietnam.net\/wp-content\/uploads\/2022\/11\/tu-dong-sanaky-vh-1199-1399hyk-dan-lanh-gas-600x375.webp 600w, https:\/\/sanakyvietnam.net\/wp-content\/uploads\/2022\/11\/tu-dong-sanaky-vh-1199-1399hyk-dan-lanh-gas-768x481.webp 768w, https:\/\/sanakyvietnam.net\/wp-content\/uploads\/2022\/11\/tu-dong-sanaky-vh-1199-1399hyk-dan-lanh-gas-400x250.webp 400w, https:\/\/sanakyvietnam.net\/wp-content\/uploads\/2022\/11\/tu-dong-sanaky-vh-1199-1399hyk-dan-lanh-gas.webp 1536w\" alt=\"D\u00e0n l\u1ea1nh b\u1eb1ng \u0111\u1ed3ng c\u00f9ng c\u00f4ng ngh\u1ec7 l\u00e0m l\u1ea1nh ti\u00ean ti\u1ebfn\" width=\"900\" height=\"563\" data-src=\"https:\/\/sanakyvietnam.net\/wp-content\/uploads\/2022\/11\/tu-dong-sanaky-vh-1199-1399hyk-dan-lanh-gas-600x375.webp\" data-srcset=\"https:\/\/sanakyvietnam.net\/wp-content\/uploads\/2022\/11\/tu-dong-sanaky-vh-1199-1399hyk-dan-lanh-gas-600x375.webp 600w, https:\/\/sanakyvietnam.net\/wp-content\/uploads\/2022\/11\/tu-dong-sanaky-vh-1199-1399hyk-dan-lanh-gas-768x481.webp 768w, https:\/\/sanakyvietnam.net\/wp-content\/uploads\/2022\/11\/tu-dong-sanaky-vh-1199-1399hyk-dan-lanh-gas-400x250.webp 400w, https:\/\/sanakyvietnam.net\/wp-content\/uploads\/2022\/11\/tu-dong-sanaky-vh-1199-1399hyk-dan-lanh-gas.webp 1536w\" \/><figcaption id=\"caption-attachment-16345\" class=\"wp-caption-text\">D\u00e0n l\u1ea1nh b\u1eb1ng \u0111\u1ed3ng c\u00f9ng c\u00f4ng ngh\u1ec7 l\u00e0m l\u1ea1nh ti\u00ean ti\u1ebfn<\/figcaption><\/figure>\n<h3>T\u1ee7 \u0111\u00f4ng Sanaky VH-1399HYK s\u1edf h\u1eefu nhi\u1ec1u t\u00ednh n\u0103ng th\u00f4ng minh<\/h3>\n<p>Ngo\u00e0i nh\u1eefng \u01b0u \u0111i\u1ec3m n\u1ed5i b\u1eadt k\u1ec3 tr\u00ean,\u00a0<a href=\"https:\/\/dienmaynguyenkhang.vn\/?product=tu-dong-sanaky-vh-1399hyk-1300-lit\">t\u1ee7 \u0111\u00f4ng VH-1399HYK<\/a>\u00a0c\u00f2n \u0111\u01b0\u1ee3c trang b\u1ecb th\u00eam nhi\u1ec1u t\u00ednh n\u0103ng th\u00f4ng minh nh\u01b0:<\/p>\n<ul>\n<li>B\u00e1nh xe ch\u1ecbu l\u1ef1c c\u00f3 kh\u00f3a b\u00e1nh ph\u00eda tr\u01b0\u1edbc<\/li>\n<li>Van tho\u00e1t n\u01b0\u1edbc gi\u00fap x\u1ea3 tuy\u1ebft, v\u1ec7 sinh t\u1ee7 d\u1ec5 d\u00e0ng<\/li>\n<li>Kh\u00f3a an to\u00e0n gi\u00fap ki\u1ec3m so\u00e1t s\u1eed d\u1ee5ng t\u1ee7 \u0111\u00f4ng t\u1ed1t nh\u1ea5t<\/li>\n<li>V\u00e1ch ng\u0103n l\u01b0\u1edbi d\u1ec5 d\u00e0ng ph\u00e2n chia th\u1ef1c ph\u1ea9m b\u1ea3o qu\u1ea3n<\/li>\n<\/ul>\n<h3>3 ch\u1ebf \u0111\u1ed9 \u0111\u00f4ng c\u1ee9ng \u2013 \u0111\u00f4ng m\u1ec1m \u2013 m\u00e1t ti\u1ec7n d\u1ee5ng<\/h3>\n<p>T\u1ee7 \u0111\u00f4ng VH-13999HYK c\u00f3 n\u00fat \u0111i\u1ec1u ch\u1ec9nh nhi\u1ec7t \u0111\u1ed9 ph\u00eda ngo\u00e0i t\u1ee7. Ng\u01b0\u1eddi d\u00f9ng c\u00f3 th\u1ec3 l\u1ef1a ch\u1ecdn m\u1ee9c nhi\u1ec7t \u0111\u1ed9 thu\u1ed9c 3 lo\u1ea1i ch\u1ee9c n\u0103ng l\u00e0 M\u00e1t, \u0110\u00f4ng m\u1ec1m ho\u1eb7c \u0110\u00f4ng c\u1ee9ng. \u0110i\u1ec1u n\u00e0y r\u1ea5t h\u1eefu d\u1ee5ng cho nhi\u1ec1u m\u1ee5c ti\u00eau b\u1ea3o qu\u1ea3n c\u00e1c lo\u1ea1i th\u1ef1c ph\u1ea9m kh\u00e1c nhau:<\/p>\n<ul>\n<li>Ch\u1ebf \u0111\u1ed9 \u0111\u00f4ng c\u1ee9ng: B\u1ea3o qu\u1ea3n c\u00e1c lo\u1ea1i th\u1ecbt c\u00e1 \u0111\u00f4ng l\u1ea1nh, nhi\u1ec7t \u0111\u1ed9 \u2264-18\u00b0C<\/li>\n<li>Ch\u1ebf \u0111\u1ed9 \u0111\u00f4ng m\u1ec1m: B\u1ea3o qu\u1ea3n th\u1ecbt c\u00e1 t\u01b0\u01a1i, m\u1ec1m trong 1-2 ng\u00e0y v\u1edbi nhi\u1ec7t \u0111\u1ed9 t\u1eeb -18\u00b0C t\u1edbi 0\u00b0C<\/li>\n<li>Ch\u1ebf \u0111\u1ed9 m\u00e1t: B\u1ea3o qu\u1ea3n rau c\u1ee7 qu\u1ea3, \u0111\u1ed3 u\u1ed1ng\u2026 v\u1edbi d\u1ea3i nhi\u1ec7t \u0111\u1ed9 t\u1eeb 0 \u2013 10\u00b0C<\/li>\n<\/ul>\n<h3>T\u1ee7 \u0111\u00f4ng Sanaky VH-1399HYK s\u1eed d\u1ee5ng gas R290 cao c\u1ea5p<\/h3>\n<p>Gas R290 l\u00e0 d\u00f2ng gas cao c\u1ea5p nh\u1ea5t hi\u1ec7n nay. D\u00f2ng gas n\u00e0y c\u00f3 r\u1ea5t nhi\u1ec1u \u01b0u \u0111i\u1ec3m so v\u1edbi c\u00e1c d\u00f2ng gas th\u00f4ng th\u01b0\u1eddng. \u01afu \u0111i\u1ec3m c\u1ee7a m\u00f4i ch\u1ea5t R290 l\u00e0:<\/p>\n<ul>\n<li>Hi\u1ec7u su\u1ea5t l\u00e0m l\u1ea1nh cao nh\u1ea5t<\/li>\n<li>T\u1ef7 s\u1ed1 n\u00e9n th\u1ea5p nh\u1ea5t<\/li>\n<li>Ti\u1ebft ki\u1ec7m n\u0103ng l\u01b0\u1ee3ng t\u1ed1i \u0111a<\/li>\n<li>An to\u00e0n, kh\u00f4ng \u0111\u1ed9c h\u1ea1i cho ng\u01b0\u1eddi s\u1eed d\u1ee5ng<\/li>\n<li>Th\u00e2n thi\u1ec7n v\u1edbi m\u00f4i tr\u01b0\u1eddng<\/li>\n<\/ul>\n<\/div>\n<\/div>\n<\/div>\n<\/div>\n","protected":false},"excerpt":{"rendered":"<p><a href=\"https:\/\/dienmaynguyenkhang.vn\/wp-content\/uploads\/2025\/02\/13hyk2.png\"><img loading=\"lazy\" decoding=\"async\" class=\"alignnone size-medium wp-image-2707\" src=\"https:\/\/dienmaynguyenkhang.vn\/wp-content\/uploads\/2025\/02\/13hyk2-300x157.png\" alt=\"\" width=\"300\" height=\"157\" srcset=\"https:\/\/dienmaynguyenkhang.vn\/wp-content\/uploads\/2025\/02\/13hyk2-300x157.png 300w, https:\/\/dienmaynguyenkhang.vn\/wp-content\/uploads\/2025\/02\/13hyk2-768x401.png 768w, https:\/\/dienmaynguyenkhang.vn\/wp-content\/uploads\/2025\/02\/13hyk2-510x267.png 510w, https:\/\/dienmaynguyenkhang.vn\/wp-content\/uploads\/2025\/02\/13hyk2.png 842w\" sizes=\"auto, (max-width: 300px) 100vw, 300px\" \/><\/a> <a href=\"https:\/\/dienmaynguyenkhang.vn\/wp-content\/uploads\/2025\/02\/13hyk1.png\"><img loading=\"lazy\" decoding=\"async\" class=\"alignnone size-medium wp-image-2706\" src=\"https:\/\/dienmaynguyenkhang.vn\/wp-content\/uploads\/2025\/02\/13hyk1-294x300.png\" alt=\"\" width=\"294\" height=\"300\" srcset=\"https:\/\/dienmaynguyenkhang.vn\/wp-content\/uploads\/2025\/02\/13hyk1-294x300.png 294w, https:\/\/dienmaynguyenkhang.vn\/wp-content\/uploads\/2025\/02\/13hyk1-768x783.png 768w, https:\/\/dienmaynguyenkhang.vn\/wp-content\/uploads\/2025\/02\/13hyk1-510x520.png 510w, https:\/\/dienmaynguyenkhang.vn\/wp-content\/uploads\/2025\/02\/13hyk1.png 804w\" sizes=\"auto, (max-width: 294px) 100vw, 294px\" \/><\/a> <a href=\"https:\/\/dienmaynguyenkhang.vn\/wp-content\/uploads\/2025\/02\/13hyk.png\"><img loading=\"lazy\" decoding=\"async\" class=\"alignnone size-medium wp-image-2705\" src=\"https:\/\/dienmaynguyenkhang.vn\/wp-content\/uploads\/2025\/02\/13hyk-300x160.png\" alt=\"\" width=\"300\" height=\"160\" srcset=\"https:\/\/dienmaynguyenkhang.vn\/wp-content\/uploads\/2025\/02\/13hyk-300x160.png 300w, https:\/\/dienmaynguyenkhang.vn\/wp-content\/uploads\/2025\/02\/13hyk-510x271.png 510w, https:\/\/dienmaynguyenkhang.vn\/wp-content\/uploads\/2025\/02\/13hyk.png 769w\" sizes=\"auto, (max-width: 300px) 100vw, 300px\" \/><\/a><\/p>\n","protected":false},"featured_media":2707,"comment_status":"open","ping_status":"closed","template":"","meta":[],"class_list":{"0":"post-2703","1":"product","2":"type-product","3":"status-publish","4":"has-post-thumbnail","6":"product_cat-dong-nguyen","7":"product_cat-sanaky-tu-dong","8":"product_cat-tu-dong","10":"first","11":"instock","12":"sale","13":"shipping-taxable","14":"purchasable","15":"product-type-simple"},"_links":{"self":[{"href":"https:\/\/dienmaynguyenkhang.vn\/index.php?rest_route=\/wp\/v2\/product\/2703","targetHints":{"allow":["GET"]}}],"collection":[{"href":"https:\/\/dienmaynguyenkhang.vn\/index.php?rest_route=\/wp\/v2\/product"}],"about":[{"href":"https:\/\/dienmaynguyenkhang.vn\/index.php?rest_route=\/wp\/v2\/types\/product"}],"replies":[{"embeddable":true,"href":"https:\/\/dienmaynguyenkhang.vn\/index.php?rest_route=%2Fwp%2Fv2%2Fcomments&post=2703"}],"wp:featuredmedia":[{"embeddable":true,"href":"https:\/\/dienmaynguyenkhang.vn\/index.php?rest_route=\/wp\/v2\/media\/2707"}],"wp:attachment":[{"href":"https:\/\/dienmaynguyenkhang.vn\/index.php?rest_route=%2Fwp%2Fv2%2Fmedia&parent=2703"}],"curies":[{"name":"wp","href":"https:\/\/api.w.org\/{rel}","templated":true}]}}