{"id":2694,"date":"2025-02-06T21:07:38","date_gmt":"2025-02-06T14:07:38","guid":{"rendered":"https:\/\/dienmaynguyenkhang.vn\/?post_type=product&#038;p=2694"},"modified":"2026-03-09T11:32:24","modified_gmt":"2026-03-09T04:32:24","slug":"tu-dong-inverter-sanaky-vh-8699hy4k-860-lit","status":"publish","type":"product","link":"https:\/\/dienmaynguyenkhang.vn\/?product=tu-dong-inverter-sanaky-vh-8699hy4k-860-lit","title":{"rendered":"T\u1ee7 \u0111\u00f4ng Inverter Sanaky VH-8699HY4K 860 l\u00edt"},"content":{"rendered":"<div class=\"snk-info-product-head\">\n<h3>T\u00ednh n\u0103ng th\u00f4ng s\u1ed1 k\u1ef9 thu\u1eadt<\/h3>\n<\/div>\n<div class=\"large-8 col\">\n<div class=\"img-tskt\"><img loading=\"lazy\" decoding=\"async\" class=\"attachment-full size-full entered lazyloaded\" src=\"https:\/\/sanakyvietnam.net\/wp-content\/uploads\/2022\/10\/tu-dong-inverter-sanaky-vh-8699hy4k-860-lit-tke.jpg\" sizes=\"auto, (max-width: 1900px) 100vw, 1900px\" srcset=\"https:\/\/sanakyvietnam.net\/wp-content\/uploads\/2022\/10\/tu-dong-inverter-sanaky-vh-8699hy4k-860-lit-tke.jpg 1900w, https:\/\/sanakyvietnam.net\/wp-content\/uploads\/2022\/10\/tu-dong-inverter-sanaky-vh-8699hy4k-860-lit-tke-600x375.jpg 600w, https:\/\/sanakyvietnam.net\/wp-content\/uploads\/2022\/10\/tu-dong-inverter-sanaky-vh-8699hy4k-860-lit-tke-768x481.jpg 768w, https:\/\/sanakyvietnam.net\/wp-content\/uploads\/2022\/10\/tu-dong-inverter-sanaky-vh-8699hy4k-860-lit-tke-1536x961.jpg 1536w, https:\/\/sanakyvietnam.net\/wp-content\/uploads\/2022\/10\/tu-dong-inverter-sanaky-vh-8699hy4k-860-lit-tke-400x250.jpg 400w\" alt=\"T\u1ee7 \u0111\u00f4ng Inverter Sanaky VH-8699HY4K\" width=\"1900\" height=\"1189\" data-lazy-srcset=\"https:\/\/sanakyvietnam.net\/wp-content\/uploads\/2022\/10\/tu-dong-inverter-sanaky-vh-8699hy4k-860-lit-tke.jpg 1900w, https:\/\/sanakyvietnam.net\/wp-content\/uploads\/2022\/10\/tu-dong-inverter-sanaky-vh-8699hy4k-860-lit-tke-600x375.jpg 600w, https:\/\/sanakyvietnam.net\/wp-content\/uploads\/2022\/10\/tu-dong-inverter-sanaky-vh-8699hy4k-860-lit-tke-768x481.jpg 768w, https:\/\/sanakyvietnam.net\/wp-content\/uploads\/2022\/10\/tu-dong-inverter-sanaky-vh-8699hy4k-860-lit-tke-1536x961.jpg 1536w, https:\/\/sanakyvietnam.net\/wp-content\/uploads\/2022\/10\/tu-dong-inverter-sanaky-vh-8699hy4k-860-lit-tke-400x250.jpg 400w\" data-lazy-sizes=\"(max-width: 1900px) 100vw, 1900px\" data-lazy-src=\"https:\/\/sanakyvietnam.net\/wp-content\/uploads\/2022\/10\/tu-dong-inverter-sanaky-vh-8699hy4k-860-lit-tke.jpg\" data-ll-status=\"loaded\" \/><\/div>\n<\/div>\n<div class=\"large-4 col\">\n<div class=\"product_additional_content\">\n<h2 class=\"title_tabs\">Th\u00f4ng s\u1ed1 k\u1ef9 thu\u1eadt<\/h2>\n<table>\n<tbody>\n<tr>\n<td>Model<\/td>\n<td>VH-8699HY4K<\/td>\n<\/tr>\n<tr>\n<td>Th\u01b0\u01a1ng hi\u1ec7u<\/td>\n<td><a href=\"https:\/\/dienmaynguyenkhang.vn\/?post_type=product&amp;p=2694&amp;preview=true\">Sanaky<\/a><\/td>\n<\/tr>\n<tr>\n<td>B\u1ea3o h\u00e0nh<\/td>\n<td>24 th\u00e1ng<\/td>\n<\/tr>\n<tr>\n<td>Lo\u1ea1i<\/td>\n<td><a href=\"https:\/\/dienmaynguyenkhang.vn\/?post_type=product&amp;p=2694&amp;preview=true\">T\u1ee7 \u0111\u00f4ng 1 ng\u0103n 2 c\u00e1nh d\u00e0n \u0111\u1ed3ng<\/a><\/td>\n<\/tr>\n<tr>\n<td>Dung t\u00edch t\u1ed5ng th\u1ec3 \/ Dung t\u00edch s\u1eed d\u1ee5ng<\/td>\n<td>860 l\u00edt \/ 761 l\u00edt<\/td>\n<\/tr>\n<tr>\n<td>M\u00e0u s\u1eafc<\/td>\n<td>Tr\u1eafng s\u1eefa<\/td>\n<\/tr>\n<tr>\n<td>C\u00f4ng su\u1ea5t<\/td>\n<td>180.6 W<\/td>\n<\/tr>\n<tr>\n<td>Nhi\u1ec7t \u0111\u1ed9<\/td>\n<td>\u2264-18\u2103<\/td>\n<\/tr>\n<tr>\n<td>Ch\u1ee9c n\u0103ng<\/td>\n<td>\u0110\u00f4ng l\u1ea1nh<\/td>\n<\/tr>\n<tr>\n<td>\u0110i\u1ec7n \u00e1p<\/td>\n<td>220V\/50Hz<\/td>\n<\/tr>\n<tr>\n<td>B\u00e1nh xe<\/td>\n<td>6 b\u00e1nh xe ch\u1ecbu l\u1ef1c<\/td>\n<\/tr>\n<tr>\n<td>K\u00edch th\u01b0\u1edbc t\u1ee7 (D x R x C mm)<\/td>\n<td>2013 x 846 x 900 mm<\/td>\n<\/tr>\n<tr>\n<td>Tr\u1ecdng l\u01b0\u1ee3ng t\u1ecbnh<\/td>\n<td>86 kg<\/td>\n<\/tr>\n<tr>\n<td>Xu\u1ea5t x\u1ee9<\/td>\n<td>Ch\u00ednh h\u00e3ng<\/td>\n<\/tr>\n<tr>\n<td>Gas<\/td>\n<td>R134a<\/td>\n<\/tr>\n<\/tbody>\n<\/table>\n<\/div>\n<p><a class=\"open_additional_popup\" data-src=\"#additional_popup\" data-fancybox=\"\" data-options=\"{&quot;touch&quot; : false}\">Xem chi ti\u1ebft th\u00f4ng s\u1ed1 k\u1ef9 thu\u1eadt<\/a><\/p>\n<div>\n<div data-product_id=\"16090\" data-threshold_min=\"30\" data-threshold_max=\"100\" data-total=\"0\"><\/div>\n<\/div>\n<\/div>\n<div class=\"content_description\">\n<div class=\"woocommerce-tabs wc-tabs-wrapper container tabbed-content\">\n<ul class=\"snk-info-product-head tabs wc-tabs product-tabs small-nav-collapse nav nav-uppercase nav-line-grow nav-left\" role=\"tablist\">\n<li id=\"tab-title-description\" class=\"description_tab active\" role=\"tab\" aria-controls=\"tab-description\"><a href=\"https:\/\/dienmaynguyenkhang.vn\/?post_type=product&amp;p=2694&amp;preview=true\"><i class=\"fa fa-caret-right\"><\/i>M\u00f4 t\u1ea3 s\u1ea3n ph\u1ea9m<\/a><\/li>\n<\/ul>\n<div class=\"tab-panels\">\n<div id=\"tab-description\" class=\"woocommerce-Tabs-panel woocommerce-Tabs-panel--description panel entry-content active\" role=\"tabpanel\" aria-labelledby=\"tab-title-description\">\n<p><strong>T\u1ee7 \u0111\u00f4ng Inverter Sanaky VH-8699HY4K<\/strong>\u00a0l\u00e0 t\u1ee7 \u0111\u00f4ng 1 ng\u0103n 2 c\u00e1nh cao c\u1ea5p c\u1ee7a Sanaky. S\u1ea3n ph\u1ea9m s\u1edf h\u1eefu m\u1eb7t c\u00e1nh k\u00ednh c\u01b0\u1eddng l\u1ef1c v\u00e0 m\u00e0u tr\u1eafng s\u1eefa b\u1ec1n \u0111\u1eb9p. \u0110\u1eb7c bi\u1ec7t l\u00e0 c\u00f4ng ngh\u1ec7 inverter si\u00eau ti\u1ebft ki\u1ec7m \u0111i\u1ec7n n\u0103ng. Dung t\u00edch l\u1edbn l\u00ean t\u1edbi 860 l\u00edt gi\u00fap t\u1ee7 \u0111\u00f4ng\u00a0<a href=\"https:\/\/dienmaynguyenkhang.vn\/?post_type=product&amp;p=2694&amp;preview=true\">t\u1ee7 \u0111\u00f4ng Sanaky<\/a>\u00a0VH-8699HY4K tr\u1eef \u0111\u01b0\u1ee3c kh\u1ed1i l\u01b0\u1ee3ng l\u1edbn th\u1ef1c ph\u1ea9m.<\/p>\n<figure id=\"attachment_16319\" class=\"wp-caption aligncenter\" aria-describedby=\"caption-attachment-16319\"><img loading=\"lazy\" decoding=\"async\" class=\"wp-image-16319 size-full lazy-load-active\" src=\"https:\/\/sanakyvietnam.net\/wp-content\/uploads\/2022\/10\/hinh-anh-tu-dong-sanaky-vh-8699hy4k.webp\" sizes=\"auto, (max-width: 1536px) 100vw, 1536px\" srcset=\"https:\/\/sanakyvietnam.net\/wp-content\/uploads\/2022\/10\/hinh-anh-tu-dong-sanaky-vh-8699hy4k.webp 1536w, https:\/\/sanakyvietnam.net\/wp-content\/uploads\/2022\/10\/hinh-anh-tu-dong-sanaky-vh-8699hy4k-600x375.webp 600w, https:\/\/sanakyvietnam.net\/wp-content\/uploads\/2022\/10\/hinh-anh-tu-dong-sanaky-vh-8699hy4k-768x481.webp 768w, https:\/\/sanakyvietnam.net\/wp-content\/uploads\/2022\/10\/hinh-anh-tu-dong-sanaky-vh-8699hy4k-400x250.webp 400w\" alt=\"H\u00ecnh \u1ea3nh t\u1ee7 \u0111\u00f4ng Sanaky VH-8699HY4K\" width=\"1536\" height=\"961\" data-src=\"https:\/\/sanakyvietnam.net\/wp-content\/uploads\/2022\/10\/hinh-anh-tu-dong-sanaky-vh-8699hy4k.webp\" data-srcset=\"https:\/\/sanakyvietnam.net\/wp-content\/uploads\/2022\/10\/hinh-anh-tu-dong-sanaky-vh-8699hy4k.webp 1536w, https:\/\/sanakyvietnam.net\/wp-content\/uploads\/2022\/10\/hinh-anh-tu-dong-sanaky-vh-8699hy4k-600x375.webp 600w, https:\/\/sanakyvietnam.net\/wp-content\/uploads\/2022\/10\/hinh-anh-tu-dong-sanaky-vh-8699hy4k-768x481.webp 768w, https:\/\/sanakyvietnam.net\/wp-content\/uploads\/2022\/10\/hinh-anh-tu-dong-sanaky-vh-8699hy4k-400x250.webp 400w\" \/><figcaption id=\"caption-attachment-16319\" class=\"wp-caption-text\">H\u00ecnh \u1ea3nh t\u1ee7 \u0111\u00f4ng Sanaky VH-8699HY4K<\/figcaption><\/figure>\n<h2>C\u00e1c \u01b0u \u0111i\u1ec3m n\u1ed5i b\u1eadt c\u1ee7a t\u1ee7 \u0111\u00f4ng Inverter Sanaky VH-8699HY4K<\/h2>\n<p>L\u00e0 d\u00f2ng t\u1ee7 \u0111\u00f4ng cao c\u1ea5p, t\u1ee7 \u0111\u00f4ng VH-8699HY4K s\u1edf h\u1eefu r\u1ea5t nhi\u1ec1u \u01b0u \u0111i\u1ec3m n\u1ed5i b\u1eadt. C\u1ee5 th\u1ec3 nh\u01b0 sau:<\/p>\n<h3>T\u1ee7 \u0111\u00f4ng Inverter VH-8699HY4K c\u00f3 dung t\u00edch 860 l\u00edt ph\u00f9 h\u1ee3p nhu c\u1ea7u s\u1ed1 \u0111\u00f4ng<\/h3>\n<p>V\u1edbi dung t\u00edch t\u1ed5ng th\u1ec3 860 l\u00edt, dung t\u00edch s\u1eed d\u1ee5ng th\u1ef1c t\u1ebf l\u00e0 761 l\u00edt, VH-8699HY4K c\u00f3 th\u1ec3 b\u1ea3o qu\u1ea3n l\u01b0\u1ee3ng th\u1ef1c ph\u1ea9m l\u1edbn. S\u1ea3n ph\u1ea9m r\u1ea5t ph\u00f9 h\u1ee3p nhu c\u1ea7u b\u1ea3o qu\u1ea3n th\u1ef1c ph\u1ea9m cho \u0111\u1ea1i \u0111a s\u1ed1 c\u00e1c si\u00eau th\u1ecb, nh\u00e0 h\u00e0ng, qu\u00e1n \u0103n\u2026<\/p>\n<h3>D\u00e0n l\u1ea1nh \u0111\u1ed3ng nguy\u00ean ch\u1ea5t gi\u00fap t\u1ee7 \u0111\u00f4ng VH-8699HY4K l\u00e0m l\u1ea1nh nhanh v\u00e0 s\u00e2u t\u1edbi -18 \u0111\u1ed9 C<\/h3>\n<p>T\u1ee7 \u0111\u00f4ng Inverter Sanaky VH-8699HY4K \u0111\u01b0\u1ee3c trang b\u1ecb d\u00e0n l\u1ea1nh b\u1eb1ng \u0111\u1ed3ng nguy\u00ean ch\u1ea5t gi\u00fap:<\/p>\n<ul>\n<li>T\u1ee7 c\u00f3 \u0111\u1ed9 b\u1ec1n cao<\/li>\n<li>L\u00e0m l\u1ea1nh nhanh v\u00e0 s\u00e2u h\u01a1n<\/li>\n<\/ul>\n<p>Nh\u1edd \u0111\u00f3 m\u00e0 th\u1ef1c ph\u1ea9m trong t\u1ee7 VH-8699HY4K \u0111\u01b0\u1ee3c b\u1ea3o qu\u1ea3n t\u1ed1t h\u01a1n, t\u01b0\u01a1i ngon, tr\u1ecdn v\u1ecb h\u01a1n so v\u1edbi d\u00e0n l\u1ea1nh nh\u00f4m.<\/p>\n<figure id=\"attachment_16321\" class=\"wp-caption aligncenter\" aria-describedby=\"caption-attachment-16321\"><img loading=\"lazy\" decoding=\"async\" class=\"wp-image-16321 size-full lazy-load-active\" src=\"https:\/\/sanakyvietnam.net\/wp-content\/uploads\/2022\/10\/lam-lanh-nhanh-tu-dong-sanaky-vh-8699hy4k.webp\" sizes=\"auto, (max-width: 1536px) 100vw, 1536px\" srcset=\"https:\/\/sanakyvietnam.net\/wp-content\/uploads\/2022\/10\/lam-lanh-nhanh-tu-dong-sanaky-vh-8699hy4k.webp 1536w, https:\/\/sanakyvietnam.net\/wp-content\/uploads\/2022\/10\/lam-lanh-nhanh-tu-dong-sanaky-vh-8699hy4k-600x375.webp 600w, https:\/\/sanakyvietnam.net\/wp-content\/uploads\/2022\/10\/lam-lanh-nhanh-tu-dong-sanaky-vh-8699hy4k-768x481.webp 768w, https:\/\/sanakyvietnam.net\/wp-content\/uploads\/2022\/10\/lam-lanh-nhanh-tu-dong-sanaky-vh-8699hy4k-400x250.webp 400w\" alt=\"T\u1ee7 \u0111\u00f4ng Sanaky VH-8699HY4K d\u00e0n \u0111\u1ed3ng l\u00e0m l\u1ea1nh nhanh\" width=\"1536\" height=\"961\" data-src=\"https:\/\/sanakyvietnam.net\/wp-content\/uploads\/2022\/10\/lam-lanh-nhanh-tu-dong-sanaky-vh-8699hy4k.webp\" data-srcset=\"https:\/\/sanakyvietnam.net\/wp-content\/uploads\/2022\/10\/lam-lanh-nhanh-tu-dong-sanaky-vh-8699hy4k.webp 1536w, https:\/\/sanakyvietnam.net\/wp-content\/uploads\/2022\/10\/lam-lanh-nhanh-tu-dong-sanaky-vh-8699hy4k-600x375.webp 600w, https:\/\/sanakyvietnam.net\/wp-content\/uploads\/2022\/10\/lam-lanh-nhanh-tu-dong-sanaky-vh-8699hy4k-768x481.webp 768w, https:\/\/sanakyvietnam.net\/wp-content\/uploads\/2022\/10\/lam-lanh-nhanh-tu-dong-sanaky-vh-8699hy4k-400x250.webp 400w\" \/><figcaption id=\"caption-attachment-16321\" class=\"wp-caption-text\"><em>T\u1ee7 \u0111\u00f4ng Sanaky VH-8699HY4K d\u00e0n \u0111\u1ed3ng l\u00e0m l\u1ea1nh nhanh<\/em><\/figcaption><\/figure>\n<h3>C\u00f4ng ngh\u1ec7 Inverter si\u00eau ti\u1ebft ki\u1ec7m \u0111i\u1ec7n n\u0103ng c\u1ee7a t\u1ee7 \u0111\u00f4ng Sanaky VH-8699HY4K<\/h3>\n<p>C\u00f4ng ngh\u1ec7 Inverter ti\u00ean ti\u1ebfn gi\u00fap ti\u1ebft ki\u1ec7m \u0111i\u1ec7n n\u0103ng t\u1edbi 50% so v\u1edbi d\u00f2ng t\u1ee7 \u0111\u00f4ng th\u00f4ng th\u01b0\u1eddng. \u0110\u00e2y l\u00e0 \u0111i\u1ec3m c\u1ed9ng r\u1ea5t l\u1edbn v\u1edbi m\u1ed9t thi\u1ebft b\u1ecb ho\u1ea1t \u0111\u1ed9ng li\u00ean t\u1ee5c quanh n\u0103m ng\u00e0y th\u00e1ng nh\u01b0 t\u1ee7 \u0111\u00f4ng.<\/p>\n<ul>\n<li>Thi\u1ebft k\u1ebf 1 ng\u0103n 2 c\u00e1nh m\u1edf t\u1ed1i \u0111a kh\u00f4ng gian b\u1ea3o qu\u1ea3n m\u00e0 v\u1eabn \u0111\u1ea3m b\u1ea3o ti\u1ec7n l\u1ee3i l\u1ea5y \u0111\u1ed3, \u00edt th\u1ea5t tho\u00e1t nhi\u1ec7t l\u1ea1nh h\u01a1n. Nh\u1edd \u0111\u00f3 m\u00e0 ti\u1ebft ki\u1ec7m \u0111i\u1ec7n h\u01a1n<\/li>\n<li>Ng\u0103n t\u1ee7 \u0111\u01b0\u1ee3c l\u00e0m b\u1eb1ng nh\u1ef1a ABS cao c\u1ea5p v\u1eeba \u0111\u1ea3m b\u1ea3o an to\u00e0n v\u1eeba d\u1ebbo dai, ch\u1ecbu va \u0111\u1eadp t\u1ed1t<\/li>\n<li>L\u00f2ng t\u1ee7 c\u00f4i ph\u1eb3ng gi\u00fap d\u1ec5 d\u00e0ng s\u1eafp x\u1ebfp th\u1ef1c ph\u1ea9m, d\u1ec5 v\u1ec7 sinh t\u1ee7<\/li>\n<li>N\u00fat \u0111i\u1ec1u ch\u1ec9nh nhi\u1ec7t \u0111\u1ed9 b\u00ean ngo\u00e0i gi\u00fap ng\u01b0\u1eddi d\u00f9ng d\u1ec5 d\u00e0ng \u0111i\u1ec1u ch\u1ec9nh nhi\u1ec7t t\u00f9y \u00fd<\/li>\n<li>Ch\u00e2n t\u1ee7 \u0111\u01b0\u1ee3c trang b\u1ecb 6 b\u00e1nh xe ch\u1ecbu l\u1ef1c gi\u00fap d\u1ec5 d\u00e0ng di chuy\u1ec3n khi c\u1ea7n<\/li>\n<li>\u0110\u01b0\u1ee3c trang b\u1ecb gi\u1ecf \u0111\u1ef1ng \u0111\u1ed3 ti\u1ec7n l\u1ee3i<\/li>\n<\/ul>\n<\/div>\n<\/div>\n<\/div>\n<\/div>\n","protected":false},"excerpt":{"rendered":"<p><a href=\"https:\/\/dienmaynguyenkhang.vn\/wp-content\/uploads\/2025\/02\/86hy4.png\"><img loading=\"lazy\" decoding=\"async\" class=\"alignnone size-medium wp-image-2695\" src=\"https:\/\/dienmaynguyenkhang.vn\/wp-content\/uploads\/2025\/02\/86hy4-300x237.png\" alt=\"\" width=\"300\" height=\"237\" srcset=\"https:\/\/dienmaynguyenkhang.vn\/wp-content\/uploads\/2025\/02\/86hy4-300x237.png 300w, https:\/\/dienmaynguyenkhang.vn\/wp-content\/uploads\/2025\/02\/86hy4-768x607.png 768w, https:\/\/dienmaynguyenkhang.vn\/wp-content\/uploads\/2025\/02\/86hy4-510x403.png 510w, https:\/\/dienmaynguyenkhang.vn\/wp-content\/uploads\/2025\/02\/86hy4.png 861w\" sizes=\"auto, (max-width: 300px) 100vw, 300px\" \/><\/a> <a href=\"https:\/\/dienmaynguyenkhang.vn\/wp-content\/uploads\/2025\/02\/86hy41.png\"><img loading=\"lazy\" decoding=\"async\" class=\"alignnone size-medium wp-image-2696\" src=\"https:\/\/dienmaynguyenkhang.vn\/wp-content\/uploads\/2025\/02\/86hy41-300x182.png\" alt=\"\" width=\"300\" height=\"182\" srcset=\"https:\/\/dienmaynguyenkhang.vn\/wp-content\/uploads\/2025\/02\/86hy41-300x182.png 300w, https:\/\/dienmaynguyenkhang.vn\/wp-content\/uploads\/2025\/02\/86hy41-1024x623.png 1024w, https:\/\/dienmaynguyenkhang.vn\/wp-content\/uploads\/2025\/02\/86hy41-768x467.png 768w, https:\/\/dienmaynguyenkhang.vn\/wp-content\/uploads\/2025\/02\/86hy41-510x310.png 510w, https:\/\/dienmaynguyenkhang.vn\/wp-content\/uploads\/2025\/02\/86hy41.png 1082w\" sizes=\"auto, (max-width: 300px) 100vw, 300px\" \/><\/a> <a href=\"https:\/\/dienmaynguyenkhang.vn\/wp-content\/uploads\/2025\/02\/86hyk2.png\"><img loading=\"lazy\" decoding=\"async\" class=\"alignnone size-medium wp-image-2692\" src=\"https:\/\/dienmaynguyenkhang.vn\/wp-content\/uploads\/2025\/02\/86hyk2-300x192.png\" alt=\"\" width=\"300\" height=\"192\" srcset=\"https:\/\/dienmaynguyenkhang.vn\/wp-content\/uploads\/2025\/02\/86hyk2-300x192.png 300w, https:\/\/dienmaynguyenkhang.vn\/wp-content\/uploads\/2025\/02\/86hyk2-1024x656.png 1024w, https:\/\/dienmaynguyenkhang.vn\/wp-content\/uploads\/2025\/02\/86hyk2-768x492.png 768w, https:\/\/dienmaynguyenkhang.vn\/wp-content\/uploads\/2025\/02\/86hyk2-510x327.png 510w, https:\/\/dienmaynguyenkhang.vn\/wp-content\/uploads\/2025\/02\/86hyk2.png 1225w\" sizes=\"auto, (max-width: 300px) 100vw, 300px\" \/><\/a><\/p>\n","protected":false},"featured_media":2696,"comment_status":"open","ping_status":"closed","template":"","meta":[],"class_list":{"0":"post-2694","1":"product","2":"type-product","3":"status-publish","4":"has-post-thumbnail","6":"product_cat-dong-nguyen","7":"product_cat-sanaky-tu-dong","8":"product_cat-tu-dong","10":"first","11":"instock","12":"sale","13":"shipping-taxable","14":"purchasable","15":"product-type-simple"},"_links":{"self":[{"href":"https:\/\/dienmaynguyenkhang.vn\/index.php?rest_route=\/wp\/v2\/product\/2694","targetHints":{"allow":["GET"]}}],"collection":[{"href":"https:\/\/dienmaynguyenkhang.vn\/index.php?rest_route=\/wp\/v2\/product"}],"about":[{"href":"https:\/\/dienmaynguyenkhang.vn\/index.php?rest_route=\/wp\/v2\/types\/product"}],"replies":[{"embeddable":true,"href":"https:\/\/dienmaynguyenkhang.vn\/index.php?rest_route=%2Fwp%2Fv2%2Fcomments&post=2694"}],"wp:featuredmedia":[{"embeddable":true,"href":"https:\/\/dienmaynguyenkhang.vn\/index.php?rest_route=\/wp\/v2\/media\/2696"}],"wp:attachment":[{"href":"https:\/\/dienmaynguyenkhang.vn\/index.php?rest_route=%2Fwp%2Fv2%2Fmedia&parent=2694"}],"curies":[{"name":"wp","href":"https:\/\/api.w.org\/{rel}","templated":true}]}}