{"id":2167,"date":"2023-04-25T07:57:30","date_gmt":"2023-04-25T00:57:30","guid":{"rendered":"https:\/\/dienmaynguyenkhang.vn\/?post_type=product&#038;p=2167"},"modified":"2025-10-20T09:37:37","modified_gmt":"2025-10-20T02:37:37","slug":"tu-mat-sanaky-davh-1520hp","status":"publish","type":"product","link":"https:\/\/dienmaynguyenkhang.vn\/?product=tu-mat-sanaky-davh-1520hp","title":{"rendered":"T\u1ee7 m\u00e1t Sanaky DAVH-1520HP"},"content":{"rendered":"<div class=\"snk-info-product-head\">\n<h3>T\u00cdNH N\u0102NG TH\u00d4NG S\u1ed0 K\u1ef8 THU\u1eacT<\/h3>\n<\/div>\n<div class=\"large-8 col\">\n<div class=\"img-tskt\"><img loading=\"lazy\" decoding=\"async\" class=\"attachment-full size-full lazyloaded\" src=\"https:\/\/sanakyvietnam.net\/wp-content\/uploads\/tu-mat-sanaky-davh-1520hp-thong-so-ki-thuat.jpg\" sizes=\"auto, (max-width: 800px) 100vw, 800px\" srcset=\"https:\/\/sanakyvietnam.net\/wp-content\/uploads\/tu-mat-sanaky-davh-1520hp-thong-so-ki-thuat.jpg 800w, https:\/\/sanakyvietnam.net\/wp-content\/uploads\/tu-mat-sanaky-davh-1520hp-thong-so-ki-thuat-400x271.jpg 400w, https:\/\/sanakyvietnam.net\/wp-content\/uploads\/tu-mat-sanaky-davh-1520hp-thong-so-ki-thuat-600x406.jpg 600w, https:\/\/sanakyvietnam.net\/wp-content\/uploads\/tu-mat-sanaky-davh-1520hp-thong-so-ki-thuat-768x519.jpg 768w\" alt=\"\" width=\"800\" height=\"541\" data-ll-status=\"loaded\" \/><\/div>\n<\/div>\n<div class=\"large-4 col\">\n<div class=\"product_additional_content\">\n<h2 class=\"title_tabs\">Th\u00f4ng s\u1ed1 k\u1ef9 thu\u1eadt<\/h2>\n<table>\n<tbody>\n<tr>\n<td><strong>Model<\/strong><\/td>\n<td>DAVH-1520HP<\/td>\n<\/tr>\n<tr>\n<td><strong>H\u00e3ng s\u1ea3n xu\u1ea5t<\/strong><\/td>\n<td><a href=\"https:\/\/dienmaynguyenkhang.vn\/?post_type=product&amp;p=2167&amp;preview=true\">Sanaky<\/a><\/td>\n<\/tr>\n<tr>\n<td><strong>Dung t\u00edch t\u1ed5ng th\u1ec3<\/strong><\/td>\n<td>1500 l\u00edt<\/td>\n<\/tr>\n<tr>\n<td><strong>Dung t\u00edch s\u1eed d\u1ee5ng<\/strong><\/td>\n<td>1400 l\u00edt<\/td>\n<\/tr>\n<tr>\n<td><strong>C\u00f4ng su\u1ea5t<\/strong><\/td>\n<td>517W<\/td>\n<\/tr>\n<tr>\n<td><strong>S\u1ed1 c\u00e1nh<\/strong><\/td>\n<td>3<\/td>\n<\/tr>\n<tr>\n<td><strong>S\u1ed1 k\u1ec7<\/strong><\/td>\n<td>12<\/td>\n<\/tr>\n<tr>\n<td><strong>Kho\u1ea3ng nhi\u1ec7t \u0111\u1ed9<\/strong><\/td>\n<td>0 ~ 10\u2103<\/td>\n<\/tr>\n<tr>\n<td><strong>S\u1eed d\u1ee5ng gas<\/strong><\/td>\n<td>R134a<\/td>\n<\/tr>\n<tr>\n<td><strong>K\u00edch th\u01b0\u1edbc t\u1ee7 (D x R x C mm)<\/strong><\/td>\n<td>1520 x 730 x 2035 mm<\/td>\n<\/tr>\n<\/tbody>\n<\/table>\n<\/div>\n<\/div>\n","protected":false},"excerpt":{"rendered":"<ul class=\"snk-info-product-head tabs wc-tabs product-tabs small-nav-collapse nav nav-uppercase nav-line-grow nav-left\" role=\"tablist\">\n<li id=\"tab-title-description\" class=\"description_tab active\" role=\"tab\" aria-controls=\"tab-description\"><a href=\"https:\/\/dienmaynguyenkhang.vn\/?post_type=product&amp;p=2167&amp;preview=true\">M\u00d4 T\u1ea2 S\u1ea2N PH\u1ea8M<\/a><\/li>\n<\/ul>\n<div class=\"tab-panels\">\n<div id=\"tab-description\" class=\"woocommerce-Tabs-panel woocommerce-Tabs-panel--description panel entry-content active\" role=\"tabpanel\" aria-labelledby=\"tab-title-description\">\n<h2>T\u1ee7 m\u00e1t Sanaky DAVH-1520HP 3 c\u00e1nh m\u1edf dung t\u00edch 1500 l\u00edt<\/h2>\n<p><a href=\"https:\/\/dienmaynguyenkhang.vn\/?post_type=product&amp;p=2167&amp;preview=true\" data-cke-saved-href=\"https:\/\/sanakyvietnam.net\/tu-mat-sanaky-vh-1520hp\/\"><strong>T\u1ee7 m\u00e1t Sanaky VH-1520HP<\/strong><\/a>\u00a0thu\u1ed9c d\u00f2ng t\u1ee7 m\u00e1t c\u00f3 dung t\u00edch l\u1edbn nh\u1ea5t c\u1ee7a h\u00e3ng Sanaky. V\u1edbi thi\u1ebft k\u1ebf c\u1eeda k\u00ednh trong su\u1ed1t, 3 c\u00e1nh m\u1edf c\u00f9ng dung t\u00edch l\u00ean t\u1edbi 1500 l\u00edt. S\u1ea3n ph\u1ea9m \u0111\u00e1p \u1ee9ng \u0111\u01b0\u1ee3c nhu c\u1ea7u b\u1ea3o qu\u1ea3n v\u00e0 tr\u01b0ng b\u00e0y th\u1ef1c ph\u1ea9m trong c\u00e1c c\u1eeda h\u00e0ng th\u1ef1c ph\u1ea9m v\u00e0 si\u00eau th\u1ecb<\/p>\n<p><img loading=\"lazy\" decoding=\"async\" class=\"aligncenter wp-image-11314 lazyloaded\" src=\"https:\/\/sanakyvietnam.net\/wp-content\/uploads\/tu-mat-sanaky-davh-1520hp-600x289.jpg\" sizes=\"auto, (max-width: 860px) 100vw, 860px\" srcset=\"https:\/\/sanakyvietnam.net\/wp-content\/uploads\/tu-mat-sanaky-davh-1520hp-600x289.jpg 600w, https:\/\/sanakyvietnam.net\/wp-content\/uploads\/tu-mat-sanaky-davh-1520hp-400x192.jpg 400w, https:\/\/sanakyvietnam.net\/wp-content\/uploads\/tu-mat-sanaky-davh-1520hp-768x369.jpg 768w, https:\/\/sanakyvietnam.net\/wp-content\/uploads\/tu-mat-sanaky-davh-1520hp.jpg 1420w\" alt=\"\" width=\"860\" height=\"414\" data-ll-status=\"loaded\" \/><\/p>\n<h3>M\u1ed9t s\u1ed1 t\u00ednh n\u0103ng n\u1ed5i b\u1eadt<\/h3>\n<ul>\n<li>C\u1eeda k\u00ednh c\u1ee7a DAVH-1520HP s\u1eed d\u1ee5ng\u00a0c\u00f4ng ngh\u1ec7 LOW-E ph\u1ea3n x\u1ea1 nhi\u1ec7t, ch\u1ed1ng tia c\u1ef1c t\u00edm: L\u00e0m gi\u1ea3m s\u1ef1 ph\u00e1t t\u00e1n, h\u1ea5p th\u1ee5 nhi\u1ec7t v\u00e0 ng\u0103n ch\u1eb7n tia c\u1ef1c t\u00edm l\u00e0m \u1ea3nh h\u01b0\u1edfng \u0111\u1ebfn th\u1ef1c ph\u1ea9m b\u1ea3o qu\u1ea3n trong t\u1ee7. C\u00f9ng v\u1edbi \u0111\u00f3 n\u00f3 c\u0169ng gi\u00fap t\u0103ng kh\u1ea3 \u0103ng gi\u1eef nhi\u1ec7t, ng\u0103n ch\u1eb7n v\u00e0 l\u00e0m gi\u1ea3m s\u1ef1 truy\u1ec1n nhi\u1ec7t t\u1eeb ngo\u00e0i v\u00e0o trong t\u1ee7 hay t\u1eeb trong t\u1ee7 ra m\u00f4i tr\u01b0\u1eddng b\u00ean ngo\u00e0i, gi\u00fap gi\u1ea3m \u0111i\u1ec7n n\u0103ng ti\u00eau th\u1ee5. K\u1ebft h\u1ee3p v\u1edbi h\u1ec7 th\u1ed1ng s\u01b0\u1edfi k\u00ednh t\u1eeb l\u1ed1c n\u00e9n gi\u00fap h\u1ea1n ch\u1ebf t\u1ed1i \u0111a t\u00ecnh tr\u1ea1ng \u0111\u1ecdng s\u01b0\u01a1ng tr\u00ean c\u00e1nh k\u00ednh.<\/li>\n<li>Dung t\u00edch c\u1ee7a t\u1ee7 l\u00e0 1500 l\u00edt v\u00f4 c\u00f9ng r\u1ed9ng r\u00e3i \u0111\u1ec3 b\u1ea1n c\u00f3 th\u1ec3 b\u1ea3o qu\u1ea3n c\u0169ng nh\u01b0 nh\u1eefng lo\u1ea1i th\u1ef1c ph\u1ea9m b\u00e0y b\u00e1n c\u1ee7a m\u00ecnh. Trong t\u1ee7 c\u0169ng c\u00f3 12 k\u1ec7 \u0111\u1ec3 \u0111\u1ed3 c\u00f3 th\u1ec3 th\u00e1o d\u1ee1 v\u00e0 di chuy\u1ec3n \u0111\u1ec3 b\u1ea1n c\u00f3 th\u1ec3 d\u1ec5 d\u00e0ng ph\u00e2n lo\u1ea1i th\u1ef1c ph\u1ea9m h\u01a1n.<\/li>\n<li>L\u00f2ng t\u1ee7 \u0111\u01b0\u1ee3c l\u00e0m b\u1eb1ng nh\u00f4m ph\u1eb3ng\u00a0c\u00f3 \u0111\u1ed9 b\u1ec1n t\u1ed1t\u00a0 h\u01a1n n\u1eefa l\u1ed7 tho\u00e1t n\u01b0\u1edbc d\u01b0\u1edbi \u0111\u00e1y t\u1ee7 ch\u1ea3y xu\u1ed1ng khay v\u00e0 b\u1ed1c h\u01a1i r\u1ea5t ti\u1ec7n l\u1ee3i cho vi\u1ec7c lau ch\u00f9i v\u00e0 v\u1ec7 sinh t\u1ee7. Tay c\u1ea7m, khung vi\u1ec1n c\u1eeda \u0111\u1ec1u \u0111\u01b0\u1ee3c l\u00e0m t\u1eeb nh\u1ef1a PVC \u0111\u1ed9 b\u1ec1n cao.<\/li>\n<li>T\u1ee7 m\u00e1t DAVH-1520HP s\u1eed d\u1ee5ng d\u00e0n l\u1ea1nh b\u1eb1ng \u0111\u1ed3ng cho hi\u1ec7u su\u1ea5t l\u00e0m l\u1ea1nh nhanh v\u00e0 b\u1ec1n b\u1ec9 h\u01a1n so v\u1edbi d\u00e0n nh\u00f4m. K\u1ebft h\u1ee3p h\u1ec7 th\u1ed1ng qu\u1ea1t \u0111\u1ea3o nhi\u1ec7t h\u01a1i l\u1ea1nh s\u00e2u v\u00e0 l\u01b0u th\u00f4ng \u0111\u1ec1u kh\u1eafp b\u00ean trong t\u1ee7. gi\u1eef nhi\u1ec7t \u0111\u1ed9 \u0111\u01b0\u1ee3c \u1ed5n \u0111\u1ecbnh. Tr\u00e1nh \u0111\u1ec3 m\u00e1y ph\u1ea3i ho\u1ea1t \u0111\u1ed9ng li\u00ean t\u1ee5c h\u1ebft c\u00f4ng su\u1ea5t.<\/li>\n<li>Ng\u0103n t\u1ee7 \u0111\u01b0\u1ee3c l\u00e0m b\u1eb1ng ch\u1ea5t li\u1ec7u nh\u1ef1a ABS d\u1ebbo dai, ch\u1ed1ng va \u0111\u1eadp t\u1ed1t. L\u1edbp foam d\u00e0y gi\u00fap t\u1ee7 gi\u1eef l\u1ea1nh r\u1ea5t t\u1ed1t. Gas s\u1eed d\u1ee5ng l\u00e0 gas R134a n\u00ean r\u1ea5t th\u00e2n thi\u1ec7n v\u1edbi m\u00f4i tr\u01b0\u1eddng. Nhi\u1ec7t \u0111\u1ed9 l\u00e0m l\u1ea1nh c\u1ee7a t\u1ee7 l\u00e0 t\u1eeb 0<sup>o<\/sup>C \u2013 10<sup>o<\/sup>C.<\/li>\n<li>D\u01b0\u1edbi ch\u00e2n t\u1ee7 c\u0169ng \u0111\u01b0\u1ee3c l\u1eafp \u0111\u1eb7t 6 b\u00e1nh xe ch\u1ecbu l\u1ef1c gi\u00fap vi\u1ec7c di chuy\u1ec3n t\u1ee7 d\u1ec5 d\u00e0ng h\u01a1n m\u00e0 kh\u00f4ng t\u1ed1n nhi\u1ec1u s\u1ee9c.<\/li>\n<\/ul>\n<\/div>\n<\/div>\n","protected":false},"featured_media":1402,"comment_status":"open","ping_status":"closed","template":"","meta":[],"class_list":{"0":"post-2167","1":"product","2":"type-product","3":"status-publish","4":"has-post-thumbnail","6":"product_cat-mat-2-3-4canh","7":"product_cat-sanaky-tu-mat","8":"product_cat-tu-mat","10":"first","11":"instock","12":"sale","13":"shipping-taxable","14":"purchasable","15":"product-type-simple"},"_links":{"self":[{"href":"https:\/\/dienmaynguyenkhang.vn\/index.php?rest_route=\/wp\/v2\/product\/2167","targetHints":{"allow":["GET"]}}],"collection":[{"href":"https:\/\/dienmaynguyenkhang.vn\/index.php?rest_route=\/wp\/v2\/product"}],"about":[{"href":"https:\/\/dienmaynguyenkhang.vn\/index.php?rest_route=\/wp\/v2\/types\/product"}],"replies":[{"embeddable":true,"href":"https:\/\/dienmaynguyenkhang.vn\/index.php?rest_route=%2Fwp%2Fv2%2Fcomments&post=2167"}],"wp:featuredmedia":[{"embeddable":true,"href":"https:\/\/dienmaynguyenkhang.vn\/index.php?rest_route=\/wp\/v2\/media\/1402"}],"wp:attachment":[{"href":"https:\/\/dienmaynguyenkhang.vn\/index.php?rest_route=%2Fwp%2Fv2%2Fmedia&parent=2167"}],"curies":[{"name":"wp","href":"https:\/\/api.w.org\/{rel}","templated":true}]}}