{"id":1517,"date":"2022-08-29T22:09:33","date_gmt":"2022-08-29T15:09:33","guid":{"rendered":"https:\/\/dienmaynguyenkhang.vn\/?post_type=product&#038;p=1517"},"modified":"2025-10-20T14:20:51","modified_gmt":"2025-10-20T07:20:51","slug":"tu-dong-sanaky-vh-4899kb-350-lit","status":"publish","type":"product","link":"https:\/\/dienmaynguyenkhang.vn\/?product=tu-dong-sanaky-vh-4899kb-350-lit","title":{"rendered":"T\u1ee7 \u0110\u00f4ng Sanaky VH-4899KB ( 350 l\u00edt)"},"content":{"rendered":"<div class=\"snk-info-product-head\">\n<h3>T\u00cdNH N\u0102NG TH\u00d4NG S\u1ed0 K\u1ef8 THU\u1eacT<\/h3>\n<\/div>\n<div class=\"large-8 col\">\n<div class=\"img-tskt\"><img loading=\"lazy\" decoding=\"async\" class=\"attachment-full size-full lazyloaded\" src=\"https:\/\/sanakyvietnam.net\/wp-content\/uploads\/2022\/01\/bang-thong-so-ki-thuat.jpg\" sizes=\"auto, (max-width: 1536px) 100vw, 1536px\" srcset=\"https:\/\/sanakyvietnam.net\/wp-content\/uploads\/2022\/01\/bang-thong-so-ki-thuat.jpg 1536w, https:\/\/sanakyvietnam.net\/wp-content\/uploads\/2022\/01\/bang-thong-so-ki-thuat-600x375.jpg 600w, https:\/\/sanakyvietnam.net\/wp-content\/uploads\/2022\/01\/bang-thong-so-ki-thuat-768x481.jpg 768w, https:\/\/sanakyvietnam.net\/wp-content\/uploads\/2022\/01\/bang-thong-so-ki-thuat-400x250.jpg 400w\" alt=\"\" width=\"1536\" height=\"961\" data-ll-status=\"loaded\" \/><\/div>\n<\/div>\n<div class=\"large-4 col\">\n<div class=\"product_additional_content\">\n<h2 class=\"title_tabs\">Th\u00f4ng s\u1ed1 k\u1ef9 thu\u1eadt<\/h2>\n<table id=\"tablepress-372\" class=\"tablepress tablepress-id-372\">\n<thead>\n<tr class=\"row-1 odd\">\n<th class=\"column-1\">MODEL<\/th>\n<th class=\"column-2\">VH-4899KB<\/th>\n<\/tr>\n<\/thead>\n<tbody class=\"row-hover\">\n<tr class=\"row-2 even\">\n<td class=\"column-1\">Ch\u1ea5t li\u1ec7u d\u00e0n l\u1ea1nh<\/td>\n<td class=\"column-2\">\u0110\u1ed3ng<\/td>\n<\/tr>\n<tr class=\"row-3 odd\">\n<td class=\"column-1\">C\u00f4ng ngh\u1ec7 ti\u1ebft ki\u1ec7m \u0111i\u1ec7n<\/td>\n<td class=\"column-2\">Th\u01b0\u1eddng<\/td>\n<\/tr>\n<tr class=\"row-4 even\">\n<td class=\"column-1\">Nhi\u1ec7t \u0111\u1ed9 ng\u0103n \u0111\u00f4ng<\/td>\n<td class=\"column-2\">\u2264-18\u00b0C<\/td>\n<\/tr>\n<tr class=\"row-5 odd\">\n<td class=\"column-1\">Ngu\u1ed3n \u0111i\u1ec7n<\/td>\n<td class=\"column-2\">220V\/50Hz<\/td>\n<\/tr>\n<tr class=\"row-6 even\">\n<td class=\"column-1\">C\u00f4ng su\u1ea5t<\/td>\n<td class=\"column-2\">256 (W)<\/td>\n<\/tr>\n<tr class=\"row-7 odd\">\n<td class=\"column-1\">Dung t\u00edch th\u1ef1c<\/td>\n<td class=\"column-2\">350 l\u00edt<\/td>\n<\/tr>\n<tr class=\"row-8 even\">\n<td class=\"column-1\">K\u00edch th\u01b0\u1edbc<\/td>\n<td class=\"column-2\">1224 x 690 x 870 (mm)<\/td>\n<\/tr>\n<tr class=\"row-9 odd\">\n<td class=\"column-1\">K\u00edch th\u01b0\u1edbc \u0111\u00f3ng g\u00f3i<\/td>\n<td class=\"column-2\">1280 x746 x 950 (mm)<\/td>\n<\/tr>\n<\/tbody>\n<\/table>\n<\/div>\n<\/div>\n","protected":false},"excerpt":{"rendered":"<h2><strong>T\u1ee7 thi\u1ebft k\u1ebf th\u00f4ng minh v\u1edbi 1 ng\u0103n \u0111\u00f4ng v\u00e0 2 c\u00e1nh k\u00ednh l\u00f9a<\/strong><\/h2>\n<p>\u0110\u00e2y l\u00e0 d\u00f2ng t\u1ee7 c\u00f3 thi\u1ebft 1 ng\u0103n \u0111\u00f4ng nh\u01b0ng l\u1ea1i \u0111\u01b0\u1ee3c thi\u1ebft k\u1ebf 2 c\u00e1nh l\u00f9a. Gi\u00fap thu\u1eadn ti\u1ec7n h\u01a1n trong vi\u1ec7c t\u00ecm ki\u1ebfm th\u1ef1c ph\u1ea9m c\u1ea7n d\u00f9ng. \u0110\u1ed3ng th\u1eddi gi\u1ea3m b\u1edbt t\u00ecnh tr\u1ea1ng h\u01a1i l\u1ea1nh tho\u00e1t ra ngo\u00e0i g\u00e2y ti\u00eau t\u1ed1n \u0111i\u1ec7n n\u0103ng. Do v\u1eady chi\u1ebfc t\u1ee7 \u0111\u00f4ng Sanaky n\u00e0y s\u1ebd l\u00e0 s\u1ef1 l\u1ef1a ch\u1ecdn ho\u00e0n h\u1ea3o cho gia \u0111\u00ecnh kinh doanh t\u1ea1p h\u00f3a, nh\u00e0 h\u00e0ng, qu\u00e1n \u0103n,\u2026<\/p>\n<p><img loading=\"lazy\" decoding=\"async\" class=\"aligncenter wp-image-14805 size-medium lazyloaded\" src=\"https:\/\/sanakyvietnam.net\/wp-content\/uploads\/2022\/01\/thiet-ke-mat-kinh-cong-600x600.jpg\" sizes=\"auto, (max-width: 600px) 100vw, 600px\" srcset=\"https:\/\/sanakyvietnam.net\/wp-content\/uploads\/2022\/01\/thiet-ke-mat-kinh-cong-600x600.jpg 600w, https:\/\/sanakyvietnam.net\/wp-content\/uploads\/2022\/01\/thiet-ke-mat-kinh-cong-100x100.jpg 100w, https:\/\/sanakyvietnam.net\/wp-content\/uploads\/2022\/01\/thiet-ke-mat-kinh-cong-768x768.jpg 768w, https:\/\/sanakyvietnam.net\/wp-content\/uploads\/2022\/01\/thiet-ke-mat-kinh-cong-300x300.jpg 300w, https:\/\/sanakyvietnam.net\/wp-content\/uploads\/2022\/01\/thiet-ke-mat-kinh-cong-400x400.jpg 400w, https:\/\/sanakyvietnam.net\/wp-content\/uploads\/2022\/01\/thiet-ke-mat-kinh-cong.jpg 1000w\" alt=\"T\u1ee7 thi\u1ebft k\u1ebf th\u00f4ng minh v\u1edbi 1 ng\u0103n \u0111\u00f4ng v\u00e0 2 c\u00e1nh k\u00ednh l\u00f9a\" width=\"600\" height=\"600\" data-ll-status=\"loaded\" \/><\/p>\n<p>&nbsp;<\/p>\n<h2><strong>D\u00e0n l\u1ea1nh b\u1eb1ng \u0111\u1ed3ng k\u1ebft h\u1ee3p v\u1edbi c\u00f4ng ngh\u1ec7 l\u00e0m l\u1ea1nh 360 \u0111\u1ed9<\/strong><\/h2>\n<p>D\u00e0n l\u1ea1nh b\u1eb1ng \u0111\u1ed3ng nguy\u00ean ch\u1ea5t gi\u00fap cho t\u1ee7 d\u1eabn nhi\u1ec7t nhanh h\u01a1n, ho\u1ea1t \u0111\u1ed9ng \u00eam \u00e1i v\u00e0 ti\u1ebft ki\u1ec7m \u0111i\u1ec7n h\u01a1n.<\/p>\n<p>T\u1ee7 \u0110\u00f4ng Sanaky VH-4899KB \u1ee9ng d\u1ee5ng c\u00f4ng ngh\u1ec7 l\u00e0m l\u1ea1nh 360 \u0111\u1ed9. Gi\u00fap h\u01a1i l\u1ea1nh lan t\u1ecfa \u0111\u1ec1u trong t\u1ee7 v\u00e0 t\u00e1c \u0111\u1ed9ng to\u00e0n di\u1ec7n l\u00ean b\u1ec1 m\u1eb7t th\u1ef1c ph\u1ea9m. Mang l\u1ea1i hi\u1ec7u qu\u1ea3 l\u00e0m l\u1ea1nh s\u00e2u v\u00e0 l\u00e0m \u0111\u00f4ng tri\u1ec7t \u0111\u1ec3.<\/p>\n<p><img loading=\"lazy\" decoding=\"async\" class=\"aligncenter wp-image-14806 size-medium lazyloaded\" src=\"https:\/\/sanakyvietnam.net\/wp-content\/uploads\/2022\/01\/dan-lanh-ong-dong-600x600.jpg\" sizes=\"auto, (max-width: 600px) 100vw, 600px\" srcset=\"https:\/\/sanakyvietnam.net\/wp-content\/uploads\/2022\/01\/dan-lanh-ong-dong-600x600.jpg 600w, https:\/\/sanakyvietnam.net\/wp-content\/uploads\/2022\/01\/dan-lanh-ong-dong-100x100.jpg 100w, https:\/\/sanakyvietnam.net\/wp-content\/uploads\/2022\/01\/dan-lanh-ong-dong-768x768.jpg 768w, https:\/\/sanakyvietnam.net\/wp-content\/uploads\/2022\/01\/dan-lanh-ong-dong-300x300.jpg 300w, https:\/\/sanakyvietnam.net\/wp-content\/uploads\/2022\/01\/dan-lanh-ong-dong-400x400.jpg 400w, https:\/\/sanakyvietnam.net\/wp-content\/uploads\/2022\/01\/dan-lanh-ong-dong.jpg 800w\" alt=\"D\u00e0n l\u1ea1nh b\u1eb1ng \u0111\u1ed3ng k\u1ebft h\u1ee3p v\u1edbi c\u00f4ng ngh\u1ec7 l\u00e0m l\u1ea1nh 360 \u0111\u1ed9\" width=\"600\" height=\"600\" data-ll-status=\"loaded\" \/><\/p>\n<h2><strong>T\u1ee7 trang b\u1ecb h\u1ec7 th\u1ed1ng \u0111\u00e8n LED hi\u1ec7n \u0111\u1ea1i<\/strong><\/h2>\n<p>T\u1ee7 \u0111\u00f4ng Sanaky trang b\u1ecb h\u1ec7 th\u1ed1ng \u0111\u00e8n LED tr\u00ean th\u00e2n t\u1ee7. Gi\u00fap chi\u1ebfu s\u00e1ng \u0111\u1ebfn c\u1ea3 nh\u1eefng g\u00f3c khu\u1ea5t \u0111\u1ec3 c\u00e1c s\u1ea3n ph\u1ea9m \u0111\u01b0\u1ee3c tr\u01b0ng b\u00e0y b\u1eaft m\u1eaft v\u00e0 thu h\u00fat h\u01a1n.<\/p>\n<p>H\u01a1n n\u1eefa, h\u1ec7 th\u1ed1ng \u0111\u00e8n LED gi\u00fap b\u1ea1n ti\u1ebft ki\u1ec7m \u0111i\u1ec7n n\u0103ng v\u00e0 b\u1ec1n b\u1ec9 h\u01a1n nhi\u1ec1u so v\u1edbi c\u00e1c lo\u1ea1i \u0111\u00e8n s\u1ee3i \u0111\u1ed1t, \u0111\u00e8n hu\u1ef3nh quang,\u2026 \u0110em l\u1ea1i gi\u00e1 tr\u1ecb s\u1eed d\u1ee5ng l\u00e2u d\u00e0i cho ng\u01b0\u1eddi d\u00f9ng.<\/p>\n<p><img loading=\"lazy\" decoding=\"async\" class=\"aligncenter wp-image-14808 size-medium lazyloaded\" src=\"https:\/\/sanakyvietnam.net\/wp-content\/uploads\/2022\/01\/trang-bi-den-led-600x600.jpg\" sizes=\"auto, (max-width: 600px) 100vw, 600px\" srcset=\"https:\/\/sanakyvietnam.net\/wp-content\/uploads\/2022\/01\/trang-bi-den-led-600x600.jpg 600w, https:\/\/sanakyvietnam.net\/wp-content\/uploads\/2022\/01\/trang-bi-den-led-100x100.jpg 100w, https:\/\/sanakyvietnam.net\/wp-content\/uploads\/2022\/01\/trang-bi-den-led-768x768.jpg 768w, https:\/\/sanakyvietnam.net\/wp-content\/uploads\/2022\/01\/trang-bi-den-led-300x300.jpg 300w, https:\/\/sanakyvietnam.net\/wp-content\/uploads\/2022\/01\/trang-bi-den-led-400x400.jpg 400w, https:\/\/sanakyvietnam.net\/wp-content\/uploads\/2022\/01\/trang-bi-den-led.jpg 800w\" alt=\"T\u1ee7 trang b\u1ecb h\u1ec7 th\u1ed1ng \u0111\u00e8n LED hi\u1ec7n \u0111\u1ea1i\" width=\"600\" height=\"600\" data-ll-status=\"loaded\" \/><\/p>\n<p>&nbsp;<\/p>\n<h2><strong>B\u1ea3o qu\u1ea3n th\u1ef1c ph\u1ea9m trong m\u00f4i tr\u01b0\u1eddng l\u1ea1nh s\u00e2u<\/strong><\/h2>\n<p>T\u1ee7 \u0110\u00f4ng Sanaky VH-4899KB lu\u00f4n duy tr\u00ec nhi\u1ec7t \u0111\u1ed9 \u1edf m\u1ee9c \u2264-18\u00b0C. N\u00ean th\u1ef1c ph\u1ea9m s\u1ebd \u0111\u01b0\u1ee3c b\u1ea3o qu\u1ea3n trong \u0111i\u1ec1u ki\u1ec7n l\u1ea1nh s\u00e2u th\u00edch h\u1ee3p khi b\u1ea3o qu\u1ea3n m\u1ed9t s\u1ed1 th\u1ef1c ph\u1ea9m nh\u01b0 kem, th\u1ecbt, c\u00e1,\u2026<\/p>\n<p><img loading=\"lazy\" decoding=\"async\" class=\"aligncenter wp-image-14812 size-medium lazyloaded\" src=\"https:\/\/sanakyvietnam.net\/wp-content\/uploads\/2022\/01\/thuc-pham-bao-quan-600x600.jpg\" sizes=\"auto, (max-width: 600px) 100vw, 600px\" srcset=\"https:\/\/sanakyvietnam.net\/wp-content\/uploads\/2022\/01\/thuc-pham-bao-quan-600x600.jpg 600w, https:\/\/sanakyvietnam.net\/wp-content\/uploads\/2022\/01\/thuc-pham-bao-quan-100x100.jpg 100w, https:\/\/sanakyvietnam.net\/wp-content\/uploads\/2022\/01\/thuc-pham-bao-quan-768x768.jpg 768w, https:\/\/sanakyvietnam.net\/wp-content\/uploads\/2022\/01\/thuc-pham-bao-quan-300x300.jpg 300w, https:\/\/sanakyvietnam.net\/wp-content\/uploads\/2022\/01\/thuc-pham-bao-quan-400x400.jpg 400w, https:\/\/sanakyvietnam.net\/wp-content\/uploads\/2022\/01\/thuc-pham-bao-quan.jpg 1536w\" alt=\"\" width=\"600\" height=\"600\" data-ll-status=\"loaded\" \/><\/p>\n<h2><strong>Gi\u1ecf \u0111\u1ef1ng \u0111\u1ed3<\/strong><\/h2>\n<p>Gi\u1ecf \u0111\u1ef1ng \u0111\u1ed3 thi\u1ebft k\u1ebf t\u00e1ch bi\u1ec7t \u0111\u1ec3 c\u00f3 th\u1ec3 th\u00e1o r\u1eddi khi kh\u00f4ng s\u1eed d\u1ee5ng.<\/p>\n<p><img loading=\"lazy\" decoding=\"async\" class=\"aligncenter wp-image-14809 size-medium lazyloaded\" src=\"https:\/\/sanakyvietnam.net\/wp-content\/uploads\/2022\/01\/gio-dung-do-600x600.jpg\" sizes=\"auto, (max-width: 600px) 100vw, 600px\" srcset=\"https:\/\/sanakyvietnam.net\/wp-content\/uploads\/2022\/01\/gio-dung-do-600x600.jpg 600w, https:\/\/sanakyvietnam.net\/wp-content\/uploads\/2022\/01\/gio-dung-do-100x100.jpg 100w, https:\/\/sanakyvietnam.net\/wp-content\/uploads\/2022\/01\/gio-dung-do-768x768.jpg 768w, https:\/\/sanakyvietnam.net\/wp-content\/uploads\/2022\/01\/gio-dung-do-300x300.jpg 300w, https:\/\/sanakyvietnam.net\/wp-content\/uploads\/2022\/01\/gio-dung-do-400x400.jpg 400w, https:\/\/sanakyvietnam.net\/wp-content\/uploads\/2022\/01\/gio-dung-do.jpg 1000w\" alt=\"Gi\u1ecf \u0111\u1ef1ng \u0111\u1ed3\" width=\"600\" height=\"600\" data-ll-status=\"loaded\" \/><\/p>\n<p>&nbsp;<\/p>\n<h2><strong>T\u1ee7 g\u1eafn b\u00e1nh xe ch\u1ecbu l\u1ef1c g<\/strong><strong>i\u00fap t\u1ee7 di chuy\u1ec3n d\u1ec5 d\u00e0ng<\/strong><\/h2>\n<p>Ch\u00e2n t\u1ee7 \u0111\u01b0\u1ee3c g\u1eafn b\u00e1nh xe thu\u1eadn ti\u1ec7n cho vi\u1ec7c di chuy\u1ec3n do chi\u1ebfc t\u1ee7 \u0111\u00f4ng n\u00e0y s\u1edf h\u1eefu tr\u1ecdng l\u01b0\u1ee3ng l\u1edbn n\u00ean s\u1ebd g\u00e2y nhi\u1ec1u kh\u00f3 kh\u0103n khi v\u1eadn chuy\u1ec3n.<\/p>\n<p><img loading=\"lazy\" decoding=\"async\" class=\"aligncenter wp-image-14813 size-medium lazyloaded\" src=\"https:\/\/sanakyvietnam.net\/wp-content\/uploads\/2022\/01\/banh-xe-600x600.jpg\" sizes=\"auto, (max-width: 600px) 100vw, 600px\" srcset=\"https:\/\/sanakyvietnam.net\/wp-content\/uploads\/2022\/01\/banh-xe-600x600.jpg 600w, https:\/\/sanakyvietnam.net\/wp-content\/uploads\/2022\/01\/banh-xe-100x100.jpg 100w, https:\/\/sanakyvietnam.net\/wp-content\/uploads\/2022\/01\/banh-xe-768x768.jpg 768w, https:\/\/sanakyvietnam.net\/wp-content\/uploads\/2022\/01\/banh-xe-300x300.jpg 300w, https:\/\/sanakyvietnam.net\/wp-content\/uploads\/2022\/01\/banh-xe-400x400.jpg 400w, https:\/\/sanakyvietnam.net\/wp-content\/uploads\/2022\/01\/banh-xe.jpg 1536w\" alt=\"T\u1ee7 g\u1eafn b\u00e1nh xe ch\u1ecbu l\u1ef1c gi\u00fap t\u1ee7 di chuy\u1ec3n d\u1ec5 d\u00e0ng\" width=\"600\" height=\"600\" data-ll-status=\"loaded\" \/><\/p>\n<p>&nbsp;<\/p>\n<h2><strong>L\u00f2ng c\u00f4i t\u1ee7<\/strong><\/h2>\n<p>L\u00f2ng c\u00f4i c\u1ee7a t\u1ee7 ph\u1eb3ng n\u00ean s\u1ebd d\u1ec5 d\u00e0ng s\u1eafp x\u1ebfp v\u00e0 v\u1ec7 sinh t\u1ee7 h\u01a1n.<\/p>\n<h2><strong>C\u00e1nh k\u00ednh cong<\/strong><\/h2>\n<p><img loading=\"lazy\" decoding=\"async\" class=\"aligncenter wp-image-14810 size-medium lazyloaded\" src=\"https:\/\/sanakyvietnam.net\/wp-content\/uploads\/2022\/01\/thiet-ke-mat-kinh-cong-1-600x600.jpg\" sizes=\"auto, (max-width: 600px) 100vw, 600px\" srcset=\"https:\/\/sanakyvietnam.net\/wp-content\/uploads\/2022\/01\/thiet-ke-mat-kinh-cong-1-600x600.jpg 600w, https:\/\/sanakyvietnam.net\/wp-content\/uploads\/2022\/01\/thiet-ke-mat-kinh-cong-1-100x100.jpg 100w, https:\/\/sanakyvietnam.net\/wp-content\/uploads\/2022\/01\/thiet-ke-mat-kinh-cong-1-768x768.jpg 768w, https:\/\/sanakyvietnam.net\/wp-content\/uploads\/2022\/01\/thiet-ke-mat-kinh-cong-1-300x300.jpg 300w, https:\/\/sanakyvietnam.net\/wp-content\/uploads\/2022\/01\/thiet-ke-mat-kinh-cong-1-400x400.jpg 400w, https:\/\/sanakyvietnam.net\/wp-content\/uploads\/2022\/01\/thiet-ke-mat-kinh-cong-1.jpg 1000w\" alt=\"thi\u1ebft k\u1ebf m\u1eb7t k\u00ednh cong c\u1ef1c k\u00ec ti\u1ec7n \u00edch\" width=\"600\" height=\"600\" data-ll-status=\"loaded\" \/><\/p>\n<p>B\u1ec1 m\u1eb7t k\u00ednh c\u1ee7a T\u1ee7 \u0110\u00f4ng Sanaky VH-4899KB \u0111\u01b0\u1ee3c ph\u1ee7 l\u1edbp ph\u1ea3n x\u1ea1 nhi\u1ec7t. Gi\u00fap h\u1ea1n ch\u1ebf t\u1ed1i \u0111a s\u1ef1 h\u1ea5p th\u1ee5 nhi\u1ec7t v\u00e0 tho\u00e1t nhi\u1ec7t l\u1ea1nh ra ngo\u00e0i \u0111\u1ed3ng th\u1eddi r\u1ea5t ti\u1ebft ki\u1ec7m \u0111i\u1ec7n.<\/p>\n<p>M\u1eb7t t\u1ee7 thi\u1ebft k\u1ebf ki\u1ec3u k\u00ednh cong l\u00f9a gi\u00fap b\u1ea1n d\u1ec5 d\u00e0ng nh\u00ecn th\u1ea5y c\u00e1c th\u1ef1c ph\u1ea9m b\u00ean trong t\u1ee7. H\u01a1n n\u1eefa c\u00f2n r\u1ea5t ti\u1ebft ki\u1ec7m \u0111i\u1ec7n n\u0103ng khi gi\u1ea3m thi\u1ec3u \u0111\u01b0\u1ee3c th\u1eddi gian m\u1edf ra c\u1eeda t\u1ee7.<\/p>\n<p>S\u1ea3n ph\u1ea9m hi\u1ec7n \u0111ang \u0111\u01b0\u1ee3c Ph\u00e2n ph\u1ed1i ch\u00ednh h\u00e3ng b\u1edfi\u00a0<a href=\"https:\/\/dienmaynguyenkhang.vn\/?product=tu-dong-sanaky-vh-4899kb-350-lit\"><strong>Sanaky V\u1ec7t Nam<\/strong><\/a>\u00a0v\u1edbi ch\u1ea5t l\u01b0\u1ee3ng c\u00f9ng gi\u00e1 th\u00e0nh \u01b0u \u0111\u00e3i nh\u1ea5t.<\/p>\n","protected":false},"featured_media":1518,"comment_status":"open","ping_status":"closed","template":"","meta":[],"class_list":{"0":"post-1517","1":"product","2":"type-product","3":"status-publish","4":"has-post-thumbnail","6":"product_cat-dong-kem-kinh","7":"product_cat-sanaky-tu-dong","8":"product_cat-tu-dong","10":"first","11":"instock","12":"sale","13":"shipping-taxable","14":"purchasable","15":"product-type-simple"},"_links":{"self":[{"href":"https:\/\/dienmaynguyenkhang.vn\/index.php?rest_route=\/wp\/v2\/product\/1517","targetHints":{"allow":["GET"]}}],"collection":[{"href":"https:\/\/dienmaynguyenkhang.vn\/index.php?rest_route=\/wp\/v2\/product"}],"about":[{"href":"https:\/\/dienmaynguyenkhang.vn\/index.php?rest_route=\/wp\/v2\/types\/product"}],"replies":[{"embeddable":true,"href":"https:\/\/dienmaynguyenkhang.vn\/index.php?rest_route=%2Fwp%2Fv2%2Fcomments&post=1517"}],"wp:featuredmedia":[{"embeddable":true,"href":"https:\/\/dienmaynguyenkhang.vn\/index.php?rest_route=\/wp\/v2\/media\/1518"}],"wp:attachment":[{"href":"https:\/\/dienmaynguyenkhang.vn\/index.php?rest_route=%2Fwp%2Fv2%2Fmedia&parent=1517"}],"curies":[{"name":"wp","href":"https:\/\/api.w.org\/{rel}","templated":true}]}}