{"id":1481,"date":"2022-08-28T06:25:31","date_gmt":"2022-08-27T23:25:31","guid":{"rendered":"https:\/\/dienmaynguyenkhang.vn\/?post_type=product&#038;p=1481"},"modified":"2025-10-20T17:33:38","modified_gmt":"2025-10-20T10:33:38","slug":"tu-dong-inverter-sanaky-vh-5699hy3-560-lit","status":"publish","type":"product","link":"https:\/\/dienmaynguyenkhang.vn\/?product=tu-dong-inverter-sanaky-vh-5699hy3-560-lit","title":{"rendered":"T\u1ee7 \u0111\u00f4ng Inverter Sanaky VH-5699HY3 ( 560 l\u00edt)"},"content":{"rendered":"<div id=\"tab-additional_information\" class=\"row specifications\" role=\"tabpanel\" aria-labelledby=\"tab-title-additional_information\">\n<div class=\"snk-info-product-head\">\n<h3>T\u00cdNH N\u0102NG TH\u00d4NG S\u1ed0 K\u1ef8 THU\u1eacT<\/h3>\n<\/div>\n<div class=\"large-8 col\">\n<div class=\"img-tskt\"><img loading=\"lazy\" decoding=\"async\" class=\"attachment-full size-full lazyloaded\" src=\"https:\/\/sanakyvietnam.net\/wp-content\/uploads\/thong-so-ki-thuat-tu-dong-sanaky-vh-5699hy3.png\" sizes=\"auto, (max-width: 748px) 100vw, 748px\" srcset=\"https:\/\/sanakyvietnam.net\/wp-content\/uploads\/thong-so-ki-thuat-tu-dong-sanaky-vh-5699hy3.png 748w, https:\/\/sanakyvietnam.net\/wp-content\/uploads\/thong-so-ki-thuat-tu-dong-sanaky-vh-5699hy3-400x265.png 400w, https:\/\/sanakyvietnam.net\/wp-content\/uploads\/thong-so-ki-thuat-tu-dong-sanaky-vh-5699hy3-600x397.png 600w\" alt=\"\" width=\"748\" height=\"495\" data-ll-status=\"loaded\" \/><\/div>\n<\/div>\n<div class=\"large-4 col\">\n<div class=\"product_additional_content\">\n<h2 class=\"title_tabs\">Th\u00f4ng s\u1ed1 k\u1ef9 thu\u1eadt<\/h2>\n<table>\n<tbody>\n<tr>\n<td><strong>Model<\/strong><\/td>\n<td><strong>VH-5699HY3<\/strong><\/td>\n<\/tr>\n<tr>\n<td>Th\u01b0\u01a1ng hi\u1ec7u<\/td>\n<td><a href=\"https:\/\/dienmaynguyenkhang.vn\/?product=tu-dong-inverter-sanaky-vh-5699hy3-560-lit\">Sanaky<\/a><\/td>\n<\/tr>\n<tr>\n<td>Lo\u1ea1i<\/td>\n<td><a href=\"https:\/\/dienmaynguyenkhang.vn\/?product=tu-dong-inverter-sanaky-vh-5699hy3-560-lit\">T\u1ee7 \u0111\u00f4ng 1 ng\u0103n 2 c\u00e1nh d\u00e0n \u0111\u1ed3ng<\/a><\/td>\n<\/tr>\n<tr>\n<td>B\u1ea3o h\u00e0nh<\/td>\n<td>24 th\u00e1ng<\/td>\n<\/tr>\n<tr>\n<td>Lo\u1ea1i t\u1ee7<\/td>\n<td>D\u00e0n \u0111\u1ed3ng 1 ng\u0103n \u0111\u00f4ng 2 c\u00e1nh<\/td>\n<\/tr>\n<tr>\n<td>Dung t\u00edch t\u1ed5ng th\u1ec3 \/ Dung t\u00edch s\u1eed d\u1ee5ng<\/td>\n<td>560 l\u00edt \/ 410 l\u00edt<\/td>\n<\/tr>\n<tr>\n<td>Tr\u1ecdng l\u01b0\u1ee3ng (Kg)<\/td>\n<td>66kg<\/td>\n<\/tr>\n<tr>\n<td>K\u00edch th\u01b0\u1edbc t\u1ee7 (D x R x C mm)<\/td>\n<td>1357 x 761 x 900 mm<\/td>\n<\/tr>\n<tr>\n<td>C\u00f4ng su\u1ea5t (W)<\/td>\n<td>146.3 (W)<\/td>\n<\/tr>\n<tr>\n<td>\u0110i\u1ec7n \u00e1p (V)<\/td>\n<td>220v\/50Hz<\/td>\n<\/tr>\n<tr>\n<td>\u0110i\u1ec1u ch\u1ec9nh nhi\u1ec7t \u0111\u1ed9<\/td>\n<td>C\u00f3<\/td>\n<\/tr>\n<tr>\n<td>Nhi\u1ec7t \u0111\u1ed9 ng\u0103n \u0111\u00f4ng<\/td>\n<td>\u2264 -18\u2103<\/td>\n<\/tr>\n<tr>\n<td>Kh\u00f3a t\u1ee7<\/td>\n<td>C\u00f3<\/td>\n<\/tr>\n<tr>\n<td>Gas<\/td>\n<td>R600A<\/td>\n<\/tr>\n<\/tbody>\n<\/table>\n<\/div>\n<p><a class=\"open_additional_popup\" data-src=\"#additional_popup\" data-fancybox=\"\" data-options=\"{&quot;touch&quot; : false}\">XEM CHI TI\u1ebeT TH\u00d4NG S\u1ed0 K\u1ef8 THU\u1eacT<\/a><\/p>\n<div><\/div>\n<\/div>\n<\/div>\n<div class=\"content_description\">\n<div class=\"woocommerce-tabs wc-tabs-wrapper container tabbed-content\">\n<ul class=\"snk-info-product-head tabs wc-tabs product-tabs small-nav-collapse nav nav-uppercase nav-line-grow nav-left\" role=\"tablist\">\n<li id=\"tab-title-description\" class=\"description_tab active\" role=\"tab\" aria-controls=\"tab-description\"><a href=\"https:\/\/dienmaynguyenkhang.vn\/?product=tu-dong-inverter-sanaky-vh-5699hy3-560-lit\"><i class=\"fa fa-caret-right\"><\/i>M\u00d4 T\u1ea2 S\u1ea2N PH\u1ea8M<\/a><\/li>\n<\/ul>\n<div class=\"tab-panels\">\n<div id=\"tab-description\" class=\"woocommerce-Tabs-panel woocommerce-Tabs-panel--description panel entry-content active\" role=\"tabpanel\" aria-labelledby=\"tab-title-description\">\n<h2>T\u1ee7 \u0111\u00f4ng Inverter Sanaky VH-5699HY3 dung t\u00edch 560 l\u00edt<\/h2>\n<p><a href=\"https:\/\/dienmaynguyenkhang.vn\/?product=tu-dong-inverter-sanaky-vh-5699hy3-560-lit\"><strong>T\u1ee7 \u0111\u00f4ng inverter Sanaky<\/strong><\/a>\u00a0VH-5699HY3 thu\u1ed9c d\u00f2ng t\u1ee7 \u0111\u00f4ng thi\u1ebft k\u1ebf\u00a0ng\u0103n 2 c\u00e1nh m\u1edf\u00a0c\u1ee7a h\u00e3ng Sanaky. V\u1edbi dung t\u00edch 560 l\u00edt t\u1ee7 c\u00f3 th\u1ec3 \u0111\u00e1p \u1ee9ng nhu c\u1ea7u b\u1ea3o qu\u1ea3n th\u1ef1c ph\u1ea9m v\u1edbi s\u1ed1 l\u01b0\u1ee3ng v\u1eeba ph\u1ea3i.\u00a0S\u1ea3n ph\u1ea9m th\u00edch h\u1ee3p d\u00f9ng trong gia \u0111\u00ecnh, qu\u00e1n \u0103n, nh\u00e0 h\u00e0ng, c\u1eeda h\u00e0ng b\u00e1ch ho\u00e1,\u2026<\/p>\n<p><img loading=\"lazy\" decoding=\"async\" class=\"size-medium wp-image-10728 aligncenter lazyloaded\" src=\"https:\/\/sanakyvietnam.net\/wp-content\/uploads\/thong-so-ki-thuat-tu-dong-sanaky-vh-5699hy3-600x397.png\" sizes=\"auto, (max-width: 600px) 100vw, 600px\" srcset=\"https:\/\/sanakyvietnam.net\/wp-content\/uploads\/thong-so-ki-thuat-tu-dong-sanaky-vh-5699hy3-600x397.png 600w, https:\/\/sanakyvietnam.net\/wp-content\/uploads\/thong-so-ki-thuat-tu-dong-sanaky-vh-5699hy3-400x265.png 400w, https:\/\/sanakyvietnam.net\/wp-content\/uploads\/thong-so-ki-thuat-tu-dong-sanaky-vh-5699hy3.png 748w\" alt=\"\" width=\"600\" height=\"397\" data-ll-status=\"loaded\" \/><\/p>\n<h3>M\u1ed9t s\u1ed1 t\u00ednh n\u0103ng n\u1ed5i b\u1eadt<\/h3>\n<p>\u2013 T\u1ee7\u00a0\u0111\u01b0\u1ee3c\u00a0t\u00edch\u00a0h\u01a1p\u00a0c\u00f4ng ngh\u1ec7\u00a0bi\u1ebfn\u00a0t\u1ea7n\u00a0inverter. \u0110\u00e2y l\u00e0\u00a0c\u00f4ng ngh\u1ec7\u00a0ti\u1ebft\u00a0ki\u1ec7m\u00a0\u0111i\u1ec7n\u00a0n\u0103ng ti\u00eau th\u1ee5\u00a0t\u1ed1t\u00a0nh\u1ea5t\u00a0tr\u00ean th\u1ecb\u00a0tr\u01b0\u1eddng\u00a0hi\u1ec7n\u00a0nay. Do \u0111\u00f3 VH-5699HY3 c\u00f3 th\u1ec3\u00a0ti\u1ebft ki\u1ec7m \u0111\u1ebfn 50% \u0111i\u1ec7n n\u0103ng ti\u00eau th\u1ee5 so v\u1edbi d\u00f2ng t\u1ee7 th\u00f4ng th\u01b0\u1eddng<\/p>\n<p>\u2013 Dung t\u00edch t\u1ed5ng th\u1ec3\u00a0c\u1ee7a t\u1ee7 l\u00e0 560 l\u00edt v\u00e0 dung t\u00edch s\u1eed d\u1ee5ng l\u00e0\u00a0410 l\u00edt cho ph\u00e9p b\u1ea3o qu\u1ea3n th\u1ef1c ph\u1ea9m\u00a0\u1edf m\u1ee9c v\u1eeba ph\u1ea3i.<\/p>\n<p>\u2013 T\u1ee7 c\u00f3 thi\u1ebft k\u1ebf 2 c\u00e1nh m\u1edf ki\u1ec3u vali ti\u1ec7n l\u1ee3i, tr\u00e1nh th\u1ea5t tho\u00e1t nhi\u1ec1u h\u01a1i l\u1ea1nh khi m\u1edf t\u1ee7 l\u1ea5y\u00a0\u0111\u1ed3. H\u01a1n n\u1eefa c\u00e1nh t\u1ee7 c\u0169ng c\u00f3 kh\u00f3a ph\u00f2ng tr\u01b0\u1eddng h\u1ee3p m\u1edf t\u1ee7 ngo\u00e0i\u00a0\u00fd mu\u1ed1n.<\/p>\n<p>\u2013 Ng\u0103n\u00a0<a href=\"https:\/\/dienmaynguyenkhang.vn\/?product=tu-dong-inverter-sanaky-vh-5699hy3-560-lit\" data-cke-saved-href=\"https:\/\/sanakyvietnam.net\/tu-dong-sanaky\/\">t\u1ee7 c\u1ea5p \u0111\u00f4ng c\u1ee7a h\u00e3ng Sanaky<\/a>\u00a0l\u00e0m b\u1eb1ng nh\u1ef1a ABS,\u00a0\u0111\u00e2y l\u00e0 lo\u1ea1i ch\u1ea5t li\u1ec7u c\u00f3 t\u00ednh deo dai cao v\u00e0 ch\u1ecbu\u00a0\u0111\u01b0\u1ee3c va\u00a0\u0111\u1eadp t\u1ed1t b\u1ea1n c\u00f3 th\u1ec3 ho\u00e0n to\u00e0n y\u00ean t\u00e2m v\u1ec1\u00a0\u0111\u1ed9 b\u1ec1 c\u1ee7a t\u1ee7. H\u01a1n n\u1eefa l\u00f2ng t\u1ee7\u00a0\u0111\u01b0\u1ee3c tr\u00e1ng ph\u1eb3ng, tr\u01a1n thu\u1eadn ti\u1ec7n cho vi\u1ec7c v\u1ec7 sinh t\u1ee7\u00a0\u0111\u00f4ng\u00a0\u0111\u1ecbnh k\u1ef3 c\u1ee7a b\u1ea1n.<\/p>\n<p>\u2013 VH-5699HY3 s\u1eed d\u1ee5ng d\u00e0n l\u1ea1nh b\u1eb1ng\u00a0\u0111\u1ed3ng c\u00f3 kh\u1ea3 n\u0103ng l\u00e0m l\u1ea1nh nhanh v\u00e0 b\u1ec1n h\u01a1n so v\u1eddi d\u00e0n nh\u00f4m. H\u1ec7 th\u1ed1ng qu\u1ea1t\u00a0\u0111\u1ea3o nhi\u1ec7t c\u0169ng gi\u00fap h\u01a1i l\u1ea1nh t\u1ecfa\u00a0\u0111\u1ec1u v\u00e0 s\u00e2u h\u01a1n gi\u00fap b\u1ea3o qu\u1ea3n th\u1ef1c ph\u1ea9m t\u1ed1t h\u01a1n.<\/p>\n<p>\u2013 N\u00fat \u0111i\u1ec1u ch\u1ec9nh nhi\u1ec7t \u0111\u1ed9 \u0111\u01b0\u1ee3c thi\u1ebft k\u1ebf n\u1eb1m b\u00ean ngo\u00e0i th\u00e2n t\u1ee7, r\u1ea5t thu\u1eadn ti\u1ec7n khi b\u1ea1n mu\u1ed1n\u00a0\u0111i\u1ec1u ch\u1ec9nh nhi\u1ec7t\u00a0\u0111\u1ed9 c\u1ee7a t\u1ee7 theo\u00a0\u00fd mu\u1ed1n<\/p>\n<p>\u2013 Ch\u00e2n t\u1ee7\u00a0\u0111\u01b0\u1ee3c l\u1eafp 4\u00a0b\u00e1nh xe ch\u1ecbu l\u1ef1c gi\u00fap vi\u1ec7c di chuy\u1ec3n d\u1ec5 d\u00e0ng h\u01a1n r\u1ea5t nhi\u1ec1u<\/p>\n<p>\u2013 S\u1ea3n ph\u1ea9m s\u1eed d\u1ee5ng gas R600a th\u00e2n thi\u1ec7n v\u1edbi m\u00f4i tr\u01b0\u1eddng.<\/p>\n<h3>M\u1ed9t s\u1ed1 l\u01b0u \u00fd khi s\u1eed d\u1ee5ng<\/h3>\n<p>\u2013 N\u01a1i\u00a0\u0111\u1eb7t\u00a0t\u1ee7 ph\u1ea3i\u00a0kh\u00f4 r\u00e1o, \u00edt b\u1ee5i v\u00e0\u00a0\u0111\u1ea3m b\u1ea3o th\u00f4ng tho\u00e1ng ph\u00eda sau.<\/p>\n<p>\u2013 Kho\u1ea3ng c\u00e1ch gi\u1eef t\u1ee7 v\u00e0 t\u01b0\u1eddng t\u1ed1i thi\u1ec3u kho\u1ea3ng\u00a010 cm \u0111\u1ec3 \u0111\u1ea3m b\u1ea3o l\u01b0u th\u00f4ng kh\u00f4ng kh\u00ed\u00a0l\u00e0m m\u00e1t d\u00e0n. L\u01b0u\u00a0\u00fd:\u00a0kh\u00f4ng d\u00f9ng b\u1ea5t c\u1ee9 v\u1eadt g\u00ec\u00a0\u0111\u1ec3 ph\u1ee7 ho\u1eb7c ch\u1eafn k\u00edn\u00a0d\u00e0n ng\u01b0ng d\u00e0n n\u00f3ng.<\/p>\n<p>\u2013 N\u1ebfu\u00a0b\u1ea3o qu\u1ea3n c\u00e1c th\u1ef1c ph\u1ea9m l\u1ecfng n\u00ean\u00a0\u0111\u1ec3\u00a0trong h\u1ed9p c\u00f3 n\u1eafp \u0111\u1eady k\u00edn \u0111\u1ec3 ch\u1ed1ng bay h\u01a1i l\u00e0m t\u0103ng\u00a0nhanh l\u1edbp tuy\u1ebft tan b\u00e1m tr\u00ean gi\u00e0n l\u1ea1nh.<\/p>\n<p>\u2013 Kh\u00f4ng \u0111\u1ec3 trong t\u1ee7 c\u00e1c ch\u1ea5t axit -bazo g\u00e2y \u0103n m\u00f2n t\u1ee7 (\u0111\u1eb7c bi\u1ec7t c\u00e1c ch\u1ea5t chay n\u1ed5 t\u1ee7 l\u1ea1nh l\u00e0m b\u1eb1ng nh\u00f4m d\u1eabn \u0111\u1ebfn m\u1ea5t gas).<\/p>\n<\/div>\n<\/div>\n<\/div>\n<\/div>\n","protected":false},"excerpt":{"rendered":"<p><img loading=\"lazy\" decoding=\"async\" class=\"alignnone size-medium wp-image-1362\" src=\"https:\/\/dienmaynguyenkhang.vn\/wp-content\/uploads\/2022\/08\/tu-dong-inverter-sanaky-vh-4099a3-300x300.jpg\" alt=\"\" width=\"300\" height=\"300\" srcset=\"https:\/\/dienmaynguyenkhang.vn\/wp-content\/uploads\/2022\/08\/tu-dong-inverter-sanaky-vh-4099a3-300x300.jpg 300w, https:\/\/dienmaynguyenkhang.vn\/wp-content\/uploads\/2022\/08\/tu-dong-inverter-sanaky-vh-4099a3-150x150.jpg 150w, https:\/\/dienmaynguyenkhang.vn\/wp-content\/uploads\/2022\/08\/tu-dong-inverter-sanaky-vh-4099a3-768x768.jpg 768w, https:\/\/dienmaynguyenkhang.vn\/wp-content\/uploads\/2022\/08\/tu-dong-inverter-sanaky-vh-4099a3-510x510.jpg 510w, https:\/\/dienmaynguyenkhang.vn\/wp-content\/uploads\/2022\/08\/tu-dong-inverter-sanaky-vh-4099a3-100x100.jpg 100w, https:\/\/dienmaynguyenkhang.vn\/wp-content\/uploads\/2022\/08\/tu-dong-inverter-sanaky-vh-4099a3.jpg 1000w\" sizes=\"auto, (max-width: 300px) 100vw, 300px\" \/><\/p>\n","protected":false},"featured_media":1362,"comment_status":"open","ping_status":"closed","template":"","meta":[],"class_list":{"0":"post-1481","1":"product","2":"type-product","3":"status-publish","4":"has-post-thumbnail","6":"product_cat-dong-nguyen","7":"product_cat-sanaky-tu-dong","8":"product_cat-tu-dong","10":"first","11":"instock","12":"sale","13":"shipping-taxable","14":"purchasable","15":"product-type-simple"},"_links":{"self":[{"href":"https:\/\/dienmaynguyenkhang.vn\/index.php?rest_route=\/wp\/v2\/product\/1481","targetHints":{"allow":["GET"]}}],"collection":[{"href":"https:\/\/dienmaynguyenkhang.vn\/index.php?rest_route=\/wp\/v2\/product"}],"about":[{"href":"https:\/\/dienmaynguyenkhang.vn\/index.php?rest_route=\/wp\/v2\/types\/product"}],"replies":[{"embeddable":true,"href":"https:\/\/dienmaynguyenkhang.vn\/index.php?rest_route=%2Fwp%2Fv2%2Fcomments&post=1481"}],"wp:featuredmedia":[{"embeddable":true,"href":"https:\/\/dienmaynguyenkhang.vn\/index.php?rest_route=\/wp\/v2\/media\/1362"}],"wp:attachment":[{"href":"https:\/\/dienmaynguyenkhang.vn\/index.php?rest_route=%2Fwp%2Fv2%2Fmedia&parent=1481"}],"curies":[{"name":"wp","href":"https:\/\/api.w.org\/{rel}","templated":true}]}}