{"id":1457,"date":"2022-08-27T13:46:46","date_gmt":"2022-08-27T06:46:46","guid":{"rendered":"https:\/\/dienmaynguyenkhang.vn\/?post_type=product&#038;p=1457"},"modified":"2025-10-20T18:08:18","modified_gmt":"2025-10-20T11:08:18","slug":"tu-dong-sanaky-vh-365a2-360-lit","status":"publish","type":"product","link":"https:\/\/dienmaynguyenkhang.vn\/?product=tu-dong-sanaky-vh-365a2-360-lit","title":{"rendered":"T\u1ee7 \u0111\u00f4ng Sanaky VH-365A2 (360 l\u00edt)"},"content":{"rendered":"<div id=\"tab-additional_information\" class=\"row specifications\" role=\"tabpanel\" aria-labelledby=\"tab-title-additional_information\">\n<div class=\"snk-info-product-head\">\n<h3>T\u00cdNH N\u0102NG TH\u00d4NG S\u1ed0 K\u1ef8 THU\u1eacT<\/h3>\n<\/div>\n<div class=\"large-8 col\">\n<div class=\"img-tskt\"><img loading=\"lazy\" decoding=\"async\" class=\"attachment-full size-full lazyloaded\" src=\"https:\/\/sanakyvietnam.net\/wp-content\/uploads\/thong-so-ki-thuat-tu-dong-sanaky-vh-365a2.jpg\" sizes=\"auto, (max-width: 800px) 100vw, 800px\" srcset=\"https:\/\/sanakyvietnam.net\/wp-content\/uploads\/thong-so-ki-thuat-tu-dong-sanaky-vh-365a2.jpg 800w, https:\/\/sanakyvietnam.net\/wp-content\/uploads\/thong-so-ki-thuat-tu-dong-sanaky-vh-365a2-400x271.jpg 400w, https:\/\/sanakyvietnam.net\/wp-content\/uploads\/thong-so-ki-thuat-tu-dong-sanaky-vh-365a2-600x406.jpg 600w, https:\/\/sanakyvietnam.net\/wp-content\/uploads\/thong-so-ki-thuat-tu-dong-sanaky-vh-365a2-768x519.jpg 768w\" alt=\"\" width=\"800\" height=\"541\" data-ll-status=\"loaded\" \/><\/div>\n<\/div>\n<div class=\"large-4 col\">\n<div class=\"product_additional_content\">\n<h2 class=\"title_tabs\">Th\u00f4ng s\u1ed1 k\u1ef9 thu\u1eadt<\/h2>\n<table>\n<tbody>\n<tr>\n<td>Model<\/td>\n<td>VH-365A2<\/td>\n<\/tr>\n<tr>\n<td>Dung t\u00edch t\u1ed5ng th\u1ec3 \/ Dung t\u00edch s\u1eed d\u1ee5ng<\/td>\n<td>360 l\u00edt \/ 270 l\u00edt<\/td>\n<\/tr>\n<tr>\n<td>H\u00e3ng s\u1ea3n xu\u1ea5t<\/td>\n<td><a href=\"https:\/\/dienmaynguyenkhang.vn\/?product=tu-dong-sanaky-vh-365a2-360-lit\">SANAKY<\/a><\/td>\n<\/tr>\n<tr>\n<td>Lo\u1ea1i<\/td>\n<td><a href=\"https:\/\/dienmaynguyenkhang.vn\/?product=tu-dong-sanaky-vh-365a2-360-lit\">T\u1ee7 \u0111\u00f4ng 1 ng\u0103n\u00a0 2 c\u00e1nh d\u00e0n nh\u00f4m<\/a><\/td>\n<\/tr>\n<tr>\n<td>B\u1ea3o h\u00e0nh<\/td>\n<td>24 th\u00e1ng<\/td>\n<\/tr>\n<tr>\n<td>C\u00f4ng su\u1ea5t<\/td>\n<td>122.2W<\/td>\n<\/tr>\n<tr>\n<td>D\u00e0n l\u1ea1nh<\/td>\n<td>B\u1eb1ng nh\u00f4m<\/td>\n<\/tr>\n<tr>\n<td>Nhi\u1ec7t \u0111\u1ed9<\/td>\n<td>\u2264-18\u2103<\/td>\n<\/tr>\n<tr>\n<td>K\u00edch th\u01b0\u1edbc t\u1ee7 ( D x R x C ) mm<\/td>\n<td>1215 x 620 x 845 mm<\/td>\n<\/tr>\n<tr>\n<td>Kh\u1ed1i l\u01b0\u1ee3ng<\/td>\n<td>47kg<\/td>\n<\/tr>\n<tr>\n<td>Ngu\u1ed3n \u0111i\u1ec7n<\/td>\n<td>220V\/50Hz<\/td>\n<\/tr>\n<tr>\n<td>Kh\u00ed ga<\/td>\n<td>R600a<\/td>\n<\/tr>\n<\/tbody>\n<\/table>\n<\/div>\n<p><a class=\"open_additional_popup\" data-src=\"#additional_popup\" data-fancybox=\"\" data-options=\"{&quot;touch&quot; : false}\">XEM CHI TI\u1ebeT TH\u00d4NG S\u1ed0 K\u1ef8 THU\u1eacT<\/a><\/p>\n<div><\/div>\n<\/div>\n<\/div>\n<div class=\"content_description\">\n<div class=\"woocommerce-tabs wc-tabs-wrapper container tabbed-content\">\n<ul class=\"snk-info-product-head tabs wc-tabs product-tabs small-nav-collapse nav nav-uppercase nav-line-grow nav-left\" role=\"tablist\">\n<li id=\"tab-title-description\" class=\"description_tab active\" role=\"tab\" aria-controls=\"tab-description\"><a href=\"https:\/\/dienmaynguyenkhang.vn\/?product=tu-dong-sanaky-vh-365a2-360-lit\"><i class=\"fa fa-caret-right\"><\/i>M\u00d4 T\u1ea2 S\u1ea2N PH\u1ea8M<\/a><\/li>\n<\/ul>\n<div class=\"tab-panels\">\n<div id=\"tab-description\" class=\"woocommerce-Tabs-panel woocommerce-Tabs-panel--description panel entry-content active\" role=\"tabpanel\" aria-labelledby=\"tab-title-description\">\n<h2>T\u1ee7 \u0111\u00f4ng Sanaky VH-365A2 dung t\u00edch 360 l\u00edt<\/h2>\n<p><a href=\"https:\/\/dienmaynguyenkhang.vn\/?product=tu-dong-sanaky-vh-365a2-360-lit\"><strong>T\u1ee7 \u0111\u00f4ng Sanaky VH 365A2<\/strong><\/a>\u00a0thu\u1ed9c d\u00f2ng\u00a0s\u1ea3n ph\u1ea9m t\u1ee7 \u0111\u00f4ng 1 ng\u0103n\u00a02 c\u00e1nh m\u1edf c\u1ee7a h\u00e3ng\u00a0Sanaky. V\u1edbi dung t\u00edch v\u00e0 k\u00edch th\u01b0\u1edbc nh\u1ecf g\u1ecdn kh\u00f4ng chi\u1ebfm nhi\u1ec1u di\u1ec7n t\u00edch , \u0111\u00e1p \u1ee9ng \u0111\u01b0\u1ee3c nhu c\u1ea7u b\u1ea3o qu\u1ea3n s\u1ea3n ph\u1ea9m v\u1edbi s\u1ed1 l\u01b0\u1ee3ng \u00edt. S\u1ea3n ph\u1ea9m ph\u00f9 h\u1ee3p s\u1eed d\u1ee5ng trong gia \u0111\u00ecnh, nh\u00e0 h\u00e0ng, b\u1ebfp \u0103n, b\u00e1ch h\u00f3a nh\u1ecf\u2026<\/p>\n<p><img loading=\"lazy\" decoding=\"async\" class=\"aligncenter wp-image-10883 size-full lazyloaded\" src=\"https:\/\/sanakyvietnam.net\/wp-content\/uploads\/tu-dong-sanaky-vh-365a2-thong-so-ki-thuat.jpg\" sizes=\"auto, (max-width: 800px) 100vw, 800px\" srcset=\"https:\/\/sanakyvietnam.net\/wp-content\/uploads\/tu-dong-sanaky-vh-365a2-thong-so-ki-thuat.jpg 800w, https:\/\/sanakyvietnam.net\/wp-content\/uploads\/tu-dong-sanaky-vh-365a2-thong-so-ki-thuat-400x271.jpg 400w, https:\/\/sanakyvietnam.net\/wp-content\/uploads\/tu-dong-sanaky-vh-365a2-thong-so-ki-thuat-600x406.jpg 600w, https:\/\/sanakyvietnam.net\/wp-content\/uploads\/tu-dong-sanaky-vh-365a2-thong-so-ki-thuat-768x519.jpg 768w\" alt=\"\" width=\"800\" height=\"541\" data-ll-status=\"loaded\" \/><\/p>\n<h3>M\u1ed9t s\u1ed1\u00a0\u0111\u1eb7c\u00a0\u0111i\u1ec3m n\u1ed5i b\u1eadt<\/h3>\n<p>T\u1ee7\u00a0c\u00f3\u00a0thi\u1ebft\u00a0k\u1ebf\u00a01 ng\u0103n\u00a0\u0111\u00f4ng th\u00f4ng v\u1edbi\u00a02 c\u00e1nh\u00a0m\u1edf\u00a0ki\u1ec3u\u00a0vali ti\u1ec7n\u00a0l\u1ee3i, gi\u00fap\u00a0gi\u1ea3m\u00a0l\u01b0\u1ee3ng\u00a0h\u01a1i\u00a0l\u1ea1nh\u00a0th\u1ea5t\u00a0tho\u00e1t\u00a0ra ngo\u00e0i\u00a0khi m\u1edf\u00a0t\u1ee7. H\u01a1n n\u1eefa c\u00e1nh t\u1ee7 c\u0169ng\u00a0\u0111\u01b0\u1ee3c l\u1eafp kh\u00f3a an to\u00e0n tr\u00e1nh tr\u01b0\u1eddng h\u1ee3p m\u1edf t\u1ee7 ngo\u00e0i\u00a0\u00fd mu\u1ed1n.<\/p>\n<p>Ng\u0103n t\u1ee7 \u0111\u01b0\u1ee3c l\u00e0m b\u1eb1ng nh\u1ef1a ABS cao c\u1ea5p, d\u1ebbo dai, ch\u1ecbu \u0111\u01b0\u1ee3c va \u0111\u1eadp t\u1ed1t. B\u1ea1n kh\u00f4ng c\u1ea7n lo l\u1eafng v\u1ec1 \u0111\u1ed9 b\u1ec1n c\u1ee7a t\u1ee7. B\u1ec1 m\u1eb7t l\u00f2ng t\u1ee7 c\u0169ng \u0111\u01b0\u1ee3c tr\u00e1ng ph\u1eb3ng, tr\u01a1n ti\u1ec7n l\u1ee3i h\u01a1n cho vi\u1ec7c\u00a0<a href=\"https:\/\/dienmaynguyenkhang.vn\/?product=tu-dong-sanaky-vh-365a2-360-lit\">v\u1ec7 sinh t\u1ee7 \u0111\u00f4ng t\u1ea1i nh\u00e0<\/a>.<\/p>\n<p>Trong t\u1ee7 c\u0169ng\u00a0\u0111i k\u00e8m m\u1ed9t gi\u1ecf\u00a0\u0111\u1ef1ng\u00a0\u0111\u1ed3 gi\u00fap b\u1ea1n ph\u00e2n lo\u1ea1i h\u00e0ng h\u00f3a b\u1ea3o qu\u1ea3n.<\/p>\n<p>T\u1ee7 s\u1eed d\u1ee5ng\u00a0<strong>d\u00e0n l\u1ea1nh \u0111\u01b0\u1ee3c l\u00e0m b\u1eb1ng nh\u00f4m\u00a0<\/strong>k\u1ebft\u00a0h\u1ee3p qu\u1ea1t\u00a0\u0111\u1ea3o nhi\u1ec7t\u00a0gi\u00fap l\u00e0m l\u1ea1nh nhanh v\u00e0 s\u00e2u, nhi\u1ec7t \u0111\u1ed9 trong t\u1ee7 lu\u00f4n duy tr\u00ec t\u1eeb 0<sup>o<\/sup>C &gt; -18<sup>o<\/sup>C n\u00ean \u0111\u1ea3m b\u1ea3o th\u1ef1c ph\u1ea9m lu\u00f4n t\u01b0\u01a1i ngon trong th\u1eddi gian d\u00e0i.<\/p>\n<p>Dung t\u00edch<strong>\u00a0<\/strong>t\u1ed5ng th\u1ec3 c\u1ee7a t\u1ee7 l\u00e0 360 l\u00edt, dung t\u00edch s\u1eed d\u1ee5ng l\u00e0 270 l\u00edt<b>\u00a0<\/b>\u0111\u00e1p\u00a0\u1ee9ng\u00a0nhu c\u1ea7u\u00a0tr\u1eef\u00a0\u0111\u00f4ng th\u1ef1c\u00a0ph\u1ea9m\u00a0v\u1edbi\u00a0s\u1ed1\u00a0l\u01b0\u1ee3ng\u00a0\u00edt.<b><\/b><\/p>\n<p>T\u1ee7 VH-365A2 s\u1eed d\u1ee5ng\u00a0<a href=\"https:\/\/dienmaynguyenkhang.vn\/?product=tu-dong-sanaky-vh-365a2-360-lit\">gas l\u00e0m l\u1ea1nh<\/a>\u00a0l\u00e0 R600a n\u00ean th\u00e2n thi\u1ec7n m\u00f4i tr\u01b0\u1eddng, \u0111\u1ea3m b\u1ea3o an to\u00e0n cho ng\u01b0\u1eddi s\u1eed d\u1ee5ng.<\/p>\n<p>Tr\u00ean th\u00e2n\u00a0t\u1ee7 \u0111\u00f4ng\u00a0c\u00f3 n\u00fat \u0111i\u1ec1u ch\u1ec9nh nhi\u1ec7t \u0111\u1ed9,\u00a0b\u1ea1n c\u00f3 th\u1ec3 l\u1ef1a ch\u1ecdn t\u1ed1c \u0111\u1ed9 cho ph\u00f9 h\u1ee3p t\u00f9y theo t\u1eebng lo\u1ea1i th\u1ef1c ph\u1ea9m v\u00e0 nhu c\u1ea7u b\u1ea3o qu\u1ea3n.<\/p>\n<p>Ch\u00e2n t\u1ee7\u00a0\u0111\u01b0\u1ee3c l\u1eafp 4 b\u00e1nh xe ch\u1ecbu l\u1ef1c gi\u00fap vi\u1ec7c di chuy\u1ec3n d\u1ec5 d\u00e0ng h\u01a1n m\u00e0 kh\u00f4ng t\u1ed1n s\u1ee9c.<\/p>\n<p>C\u00e1c chi ti\u1ebft m\u00e1y c\u1ee7a\u00a0<a href=\"https:\/\/dienmaynguyenkhang.vn\/?product=tu-dong-sanaky-vh-365a2-360-lit\"><strong>t\u1ee7 \u0111\u00f4ng h\u00e3ng Sanaky<\/strong><\/a>\u00a0\u0111\u1ec1u \u0111\u01b0\u1ee3c s\u1ea3n xu\u1ea5t theo c\u00f4ng ngh\u1ec7 Nh\u1eadt B\u1ea3n n\u00ean t\u1ee7 lu\u00f4n v\u1eadn h\u00e0nh \u00eam \u00e1i v\u00e0 c\u00f3 \u0111\u1ed9 b\u1ec1n cao.<\/p>\n<h3>M\u1ed9t s\u1ed1 l\u01b0u \u00fd khi s\u1eed d\u1ee5ng<\/h3>\n<p>N\u01a1i \u0111\u1eb7t t\u1ee7 ph\u1ea3i kh\u00f4 r\u00e1o, \u00edt b\u1ee5i v\u00e0 \u0111\u1ea3m b\u1ea3o th\u00f4ng tho\u00e1ng ph\u00eda sau.<\/p>\n<p>Kho\u1ea3ng c\u00e1ch gi\u1eef t\u1ee7 v\u00e0 t\u01b0\u1eddng t\u1ed1i thi\u1ec3u kho\u1ea3ng 10 cm \u0111\u1ec3 \u0111\u1ea3m b\u1ea3o l\u01b0u th\u00f4ng kh\u00f4ng kh\u00ed l\u00e0m m\u00e1t d\u00e0n. L\u01b0u \u00fd: kh\u00f4ng d\u00f9ng b\u1ea5t c\u1ee9 v\u1eadt g\u00ec \u0111\u1ec3 ph\u1ee7 ho\u1eb7c ch\u1eafn k\u00edn d\u00e0n ng\u01b0ng d\u00e0n n\u00f3ng.<\/p>\n<p>N\u1ebfu b\u1ea3o qu\u1ea3n c\u00e1c th\u1ef1c ph\u1ea9m l\u1ecfng n\u00ean \u0111\u1ec3 trong h\u1ed9p c\u00f3 n\u1eafp \u0111\u1eady k\u00edn \u0111\u1ec3 ch\u1ed1ng bay h\u01a1i l\u00e0m t\u0103ng nhanh l\u1edbp tuy\u1ebft tan b\u00e1m tr\u00ean gi\u00e0n l\u1ea1nh.<\/p>\n<p>Kh\u00f4ng \u0111\u1ec3 trong t\u1ee7 c\u00e1c ch\u1ea5t axit -bazo g\u00e2y \u0103n m\u00f2n t\u1ee7 (\u0111\u1eb7c bi\u1ec7t c\u00e1c ch\u1ea5t chay n\u1ed5 t\u1ee7 l\u1ea1nh l\u00e0m b\u1eb1ng nh\u00f4m d\u1eabn \u0111\u1ebfn m\u1ea5t gas).<\/p>\n<p>Kh\u00f4ng che k\u00edn c\u00e1c gi\u00e1 \u0111\u1ec3 th\u1ef1c ph\u1ea9m trong t\u1ee7.<\/p>\n<\/div>\n<\/div>\n<\/div>\n<\/div>\n","protected":false},"excerpt":{"rendered":"<p><img loading=\"lazy\" decoding=\"async\" class=\"alignnone size-medium wp-image-1362\" src=\"https:\/\/dienmaynguyenkhang.vn\/wp-content\/uploads\/2022\/08\/tu-dong-inverter-sanaky-vh-4099a3-300x300.jpg\" alt=\"\" width=\"300\" height=\"300\" srcset=\"https:\/\/dienmaynguyenkhang.vn\/wp-content\/uploads\/2022\/08\/tu-dong-inverter-sanaky-vh-4099a3-300x300.jpg 300w, https:\/\/dienmaynguyenkhang.vn\/wp-content\/uploads\/2022\/08\/tu-dong-inverter-sanaky-vh-4099a3-150x150.jpg 150w, https:\/\/dienmaynguyenkhang.vn\/wp-content\/uploads\/2022\/08\/tu-dong-inverter-sanaky-vh-4099a3-768x768.jpg 768w, https:\/\/dienmaynguyenkhang.vn\/wp-content\/uploads\/2022\/08\/tu-dong-inverter-sanaky-vh-4099a3-510x510.jpg 510w, https:\/\/dienmaynguyenkhang.vn\/wp-content\/uploads\/2022\/08\/tu-dong-inverter-sanaky-vh-4099a3-100x100.jpg 100w, https:\/\/dienmaynguyenkhang.vn\/wp-content\/uploads\/2022\/08\/tu-dong-inverter-sanaky-vh-4099a3.jpg 1000w\" sizes=\"auto, (max-width: 300px) 100vw, 300px\" \/><\/p>\n","protected":false},"featured_media":1458,"comment_status":"open","ping_status":"closed","template":"","meta":[],"class_list":{"0":"post-1457","1":"product","2":"type-product","3":"status-publish","4":"has-post-thumbnail","6":"product_cat-dong-nguyen","7":"product_cat-sanaky-tu-dong","8":"product_cat-tu-dong","10":"first","11":"instock","12":"sale","13":"shipping-taxable","14":"purchasable","15":"product-type-simple"},"_links":{"self":[{"href":"https:\/\/dienmaynguyenkhang.vn\/index.php?rest_route=\/wp\/v2\/product\/1457","targetHints":{"allow":["GET"]}}],"collection":[{"href":"https:\/\/dienmaynguyenkhang.vn\/index.php?rest_route=\/wp\/v2\/product"}],"about":[{"href":"https:\/\/dienmaynguyenkhang.vn\/index.php?rest_route=\/wp\/v2\/types\/product"}],"replies":[{"embeddable":true,"href":"https:\/\/dienmaynguyenkhang.vn\/index.php?rest_route=%2Fwp%2Fv2%2Fcomments&post=1457"}],"wp:featuredmedia":[{"embeddable":true,"href":"https:\/\/dienmaynguyenkhang.vn\/index.php?rest_route=\/wp\/v2\/media\/1458"}],"wp:attachment":[{"href":"https:\/\/dienmaynguyenkhang.vn\/index.php?rest_route=%2Fwp%2Fv2%2Fmedia&parent=1457"}],"curies":[{"name":"wp","href":"https:\/\/api.w.org\/{rel}","templated":true}]}}