{"id":1393,"date":"2022-08-19T20:45:34","date_gmt":"2022-08-19T13:45:34","guid":{"rendered":"https:\/\/dienmaynguyenkhang.vn\/?post_type=product&#038;p=1393"},"modified":"2026-03-10T22:40:54","modified_gmt":"2026-03-10T15:40:54","slug":"tu-lanh-sanaky-inverter-vh-269kg-246-lit","status":"publish","type":"product","link":"https:\/\/dienmaynguyenkhang.vn\/?product=tu-lanh-sanaky-inverter-vh-269kg-246-lit","title":{"rendered":"T\u1ee7 l\u1ea1nh Sanaky Inverter VH-269KG (246 l\u00edt)"},"content":{"rendered":"<div id=\"tab-additional_information\" class=\"row specifications\" role=\"tabpanel\" aria-labelledby=\"tab-title-additional_information\">\n<div class=\"snk-info-product-head\">\n<h3>T\u00cdNH N\u0102NG TH\u00d4NG S\u1ed0 K\u1ef8 THU\u1eacT<\/h3>\n<\/div>\n<div class=\"large-8 col\">\n<div class=\"img-tskt\"><img loading=\"lazy\" decoding=\"async\" class=\"attachment-full size-full lazyloaded\" src=\"https:\/\/sanakyvietnam.net\/wp-content\/uploads\/thong-so-ki-thuat-tu-lanh-sanaky-inverter-vh-269kg.jpg\" sizes=\"auto, (max-width: 800px) 100vw, 800px\" srcset=\"https:\/\/sanakyvietnam.net\/wp-content\/uploads\/thong-so-ki-thuat-tu-lanh-sanaky-inverter-vh-269kg.jpg 800w, https:\/\/sanakyvietnam.net\/wp-content\/uploads\/thong-so-ki-thuat-tu-lanh-sanaky-inverter-vh-269kg-400x271.jpg 400w, https:\/\/sanakyvietnam.net\/wp-content\/uploads\/thong-so-ki-thuat-tu-lanh-sanaky-inverter-vh-269kg-600x406.jpg 600w, https:\/\/sanakyvietnam.net\/wp-content\/uploads\/thong-so-ki-thuat-tu-lanh-sanaky-inverter-vh-269kg-768x519.jpg 768w\" alt=\"\" width=\"800\" height=\"541\" data-ll-status=\"loaded\" \/><\/div>\n<\/div>\n<div class=\"large-4 col\">\n<div class=\"product_additional_content\">\n<h2 class=\"title_tabs\">Th\u00f4ng s\u1ed1 k\u1ef9 thu\u1eadt<\/h2>\n<table>\n<tbody>\n<tr>\n<td>Model<\/td>\n<td>VH-269KG<\/td>\n<\/tr>\n<tr>\n<td>Th\u01b0\u01a1ng hi\u1ec7u<\/td>\n<td><a href=\"https:\/\/dienmaynguyenkhang.vn\/?product=tu-lanh-sanaky-inverter-vh-269kg-246-lit\">Sanaky<\/a><\/td>\n<\/tr>\n<tr>\n<td>M\u00e0u s\u1eafc<\/td>\n<td>K\u00ednh g\u01b0\u01a1ng<\/td>\n<\/tr>\n<tr>\n<td>Ki\u1ec3u t\u1ee7 l\u1ea1nh<\/td>\n<td>Ng\u0103n \u0111\u00e1 tr\u00ean<\/td>\n<\/tr>\n<tr>\n<td>S\u1ed1 c\u1eeda t\u1ee7<\/td>\n<td>2 c\u1eeda<\/td>\n<\/tr>\n<tr>\n<td>Dung t\u00edch t\u1ee7 l\u1ea1nh<\/td>\n<td>246 l\u00edt<\/td>\n<\/tr>\n<tr>\n<td>K\u00edch th\u01b0\u1edbc t\u1ee7<\/td>\n<td>560x664x1608mm<\/td>\n<\/tr>\n<tr>\n<td>Ch\u1ea5t li\u1ec7u khay<\/td>\n<td>Khay k\u00ednh c\u01b0\u1eddng l\u1ef1c<\/td>\n<\/tr>\n<tr>\n<td>Kh\u00e1ng khu\u1ea9n \/ Kh\u1eed m\u00f9i<\/td>\n<td>\u0110\u00e8n UV<\/td>\n<\/tr>\n<tr>\n<td>C\u00f4ng ngh\u1ec7 Inverter<\/td>\n<td>C\u00f3<\/td>\n<\/tr>\n<tr>\n<td>Th\u1eddi gian b\u1ea3o h\u00e0nh<\/td>\n<td>24 th\u00e1ng<\/td>\n<\/tr>\n<\/tbody>\n<\/table>\n<\/div>\n<p><a class=\"open_additional_popup\" data-src=\"#additional_popup\" data-fancybox=\"\" data-options=\"{&quot;touch&quot; : false}\">XEM CHI TI\u1ebeT TH\u00d4NG S\u1ed0 K\u1ef8 THU\u1eacT<\/a><\/p>\n<div><\/div>\n<\/div>\n<\/div>\n<div class=\"content_description\">\n<div class=\"woocommerce-tabs wc-tabs-wrapper container tabbed-content\">\n<ul class=\"snk-info-product-head tabs wc-tabs product-tabs small-nav-collapse nav nav-uppercase nav-line-grow nav-left\" role=\"tablist\">\n<li id=\"tab-title-description\" class=\"description_tab active\" role=\"tab\" aria-controls=\"tab-description\"><a href=\"https:\/\/dienmaynguyenkhang.vn\/?product=tu-lanh-sanaky-inverter-vh-269kg-246-lit\"><i class=\"fa fa-caret-right\"><\/i>M\u00d4 T\u1ea2 S\u1ea2N PH\u1ea8M<\/a><\/li>\n<\/ul>\n<div class=\"tab-panels\">\n<div id=\"tab-description\" class=\"woocommerce-Tabs-panel woocommerce-Tabs-panel--description panel entry-content active\" role=\"tabpanel\" aria-labelledby=\"tab-title-description\">\n<h2>T\u1ee7 l\u1ea1nh Sanaky Inverter VH-269KG (K\u00ednh G\u01b0\u01a1ng)<\/h2>\n<p><a href=\"https:\/\/dienmaynguyenkhang.vn\/?product=tu-lanh-sanaky-inverter-vh-269kg-246-lit\"><strong>T\u1ee7 l\u1ea1nh Sanaky Inverter VH-269KG<\/strong><\/a>\u00a0\u0111\u01b0\u1ee3c thi\u1ebft k\u1ebf hi\u1ec7n \u0111\u1ea1i, m\u00e0u \u0111en sang tr\u1ecdng, dung t\u00edch l\u1edbn 246 l\u00edt. Thi\u1ebft k\u1ebf th\u00f4ng minh gi\u00fap t\u1ed1i \u0111a di\u1ec7n t\u00edch c\u1ea5t tr\u1eef th\u1ef1c ph\u1ea9m.<\/p>\n<p><img loading=\"lazy\" decoding=\"async\" class=\"aligncenter wp-image-11726 size-full lazyloaded\" src=\"https:\/\/sanakyvietnam.net\/wp-content\/uploads\/tinh-nang-tu-lanh-sanaky-inverter-vh-269kg.jpg\" sizes=\"auto, (max-width: 1024px) 100vw, 1024px\" srcset=\"https:\/\/sanakyvietnam.net\/wp-content\/uploads\/tinh-nang-tu-lanh-sanaky-inverter-vh-269kg.jpg 1024w, https:\/\/sanakyvietnam.net\/wp-content\/uploads\/tinh-nang-tu-lanh-sanaky-inverter-vh-269kg-400x188.jpg 400w, https:\/\/sanakyvietnam.net\/wp-content\/uploads\/tinh-nang-tu-lanh-sanaky-inverter-vh-269kg-600x282.jpg 600w, https:\/\/sanakyvietnam.net\/wp-content\/uploads\/tinh-nang-tu-lanh-sanaky-inverter-vh-269kg-768x362.jpg 768w\" alt=\"\" width=\"1024\" height=\"482\" data-ll-status=\"loaded\" \/><\/p>\n<h2>M\u00e1y n\u00e9n bi\u1ebfn t\u1ea7n Inverter<\/h2>\n<p><a href=\"https:\/\/dienmaynguyenkhang.vn\/?product=tu-lanh-sanaky-inverter-vh-269kg-246-lit\">T\u1ee7 l\u1ea1nh c\u1ee7a h\u00e3ng Sanaky<\/a>\u00a0trang b\u1ecb c\u00f4ng ngh\u1ec7 Inverter si\u00eau ti\u1ebft ki\u1ec7m \u0111i\u1ec7n n\u0103ng. M\u00e1y n\u00e9n bi\u1ebfn t\u1ea7n Inverter gi\u1eef cho nhi\u1ec7t \u0111\u1ed9 b\u00ean trong t\u1ee7 v\u00e0 l\u01b0\u1ee3ng \u0111i\u1ec7n ti\u00eau th\u1ee5 s\u1ebd thay \u0111\u1ed5i t\u00f9y theo m\u1ee5c \u0111\u00edch s\u1eed d\u1ee5ng kh\u00e1c nhau.<\/p>\n<h2>Kh\u00f4ng c\u1ea7n r\u00e3 \u0111\u00f4ng<\/h2>\n<p>T\u1ee7 l\u1ea1nh c\u00f3 ng\u0103n \u0111\u00f4ng m\u1ec1m -3 \u0111\u1ed9 C gi\u00fap cho th\u1ef1c ph\u1ea9m d\u1ec5 d\u00e0ng c\u1eaft l\u00e1t kh\u00f4ng c\u1ea7n r\u00e3 \u0111\u00f4ng. B\u1ea3o qu\u1ea3n dinh d\u01b0\u1ee1ng th\u1ef1c ph\u1ea9m, l\u01b0u tr\u1eef \u0111\u1ed9 t\u01b0\u01a1i v\u00e0 h\u01b0\u01a1ng v\u1ecb v\u00e0 h\u1ea1n ch\u1ebf l\u00e2y lan m\u00f9i.<\/p>\n<h2>Gi\u1eef th\u1ef1c ph\u1ea9m t\u01b0\u01a1i ngon<\/h2>\n<p>T\u1ee7 l\u1ea1nh Sanaky VH-269Kg c\u00f3 \u0111\u00e8n UV kh\u1eed m\u00f9i di\u1ec7t khu\u1ea9n, gi\u1eef th\u1ef1c ph\u1ea9m t\u01b0\u01a1i ngon v\u00e0 an to\u00e0n khi s\u1eed d\u1ee5ng. Khay k\u00ednh ch\u1ecbu l\u1ef1c b\u1ec1n v\u00e0 sang tr\u1ecdng.<\/p>\n<\/div>\n<\/div>\n<\/div>\n<\/div>\n","protected":false},"excerpt":{"rendered":"<p><img loading=\"lazy\" decoding=\"async\" class=\"alignnone size-medium wp-image-1394\" src=\"https:\/\/dienmaynguyenkhang.vn\/wp-content\/uploads\/2022\/08\/tu-lanh-sanaky-vh-269kg-300x300.jpg\" alt=\"\" width=\"300\" height=\"300\" srcset=\"https:\/\/dienmaynguyenkhang.vn\/wp-content\/uploads\/2022\/08\/tu-lanh-sanaky-vh-269kg-300x300.jpg 300w, https:\/\/dienmaynguyenkhang.vn\/wp-content\/uploads\/2022\/08\/tu-lanh-sanaky-vh-269kg-150x150.jpg 150w, https:\/\/dienmaynguyenkhang.vn\/wp-content\/uploads\/2022\/08\/tu-lanh-sanaky-vh-269kg-768x768.jpg 768w, https:\/\/dienmaynguyenkhang.vn\/wp-content\/uploads\/2022\/08\/tu-lanh-sanaky-vh-269kg-510x510.jpg 510w, https:\/\/dienmaynguyenkhang.vn\/wp-content\/uploads\/2022\/08\/tu-lanh-sanaky-vh-269kg-100x100.jpg 100w, https:\/\/dienmaynguyenkhang.vn\/wp-content\/uploads\/2022\/08\/tu-lanh-sanaky-vh-269kg.jpg 900w\" sizes=\"auto, (max-width: 300px) 100vw, 300px\" \/><\/p>\n","protected":false},"featured_media":1394,"comment_status":"open","ping_status":"closed","template":"","meta":[],"class_list":{"0":"post-1393","1":"product","2":"type-product","3":"status-publish","4":"has-post-thumbnail","6":"product_cat-tu-lanh","8":"first","9":"instock","10":"sale","11":"shipping-taxable","12":"purchasable","13":"product-type-simple"},"_links":{"self":[{"href":"https:\/\/dienmaynguyenkhang.vn\/index.php?rest_route=\/wp\/v2\/product\/1393","targetHints":{"allow":["GET"]}}],"collection":[{"href":"https:\/\/dienmaynguyenkhang.vn\/index.php?rest_route=\/wp\/v2\/product"}],"about":[{"href":"https:\/\/dienmaynguyenkhang.vn\/index.php?rest_route=\/wp\/v2\/types\/product"}],"replies":[{"embeddable":true,"href":"https:\/\/dienmaynguyenkhang.vn\/index.php?rest_route=%2Fwp%2Fv2%2Fcomments&post=1393"}],"wp:featuredmedia":[{"embeddable":true,"href":"https:\/\/dienmaynguyenkhang.vn\/index.php?rest_route=\/wp\/v2\/media\/1394"}],"wp:attachment":[{"href":"https:\/\/dienmaynguyenkhang.vn\/index.php?rest_route=%2Fwp%2Fv2%2Fmedia&parent=1393"}],"curies":[{"name":"wp","href":"https:\/\/api.w.org\/{rel}","templated":true}]}}