{"id":1386,"date":"2022-08-19T20:31:56","date_gmt":"2022-08-19T13:31:56","guid":{"rendered":"https:\/\/dienmaynguyenkhang.vn\/?post_type=product&#038;p=1386"},"modified":"2026-04-19T16:17:21","modified_gmt":"2026-04-19T09:17:21","slug":"tu-lanh-sanaky-vh-198hp-185-lit","status":"publish","type":"product","link":"https:\/\/dienmaynguyenkhang.vn\/?product=tu-lanh-sanaky-vh-198hp-185-lit","title":{"rendered":"T\u1ee7 l\u1ea1nh Sanaky VH-198HP (185 l\u00edt)"},"content":{"rendered":"<div id=\"tab-additional_information\" class=\"row specifications\" role=\"tabpanel\" aria-labelledby=\"tab-title-additional_information\">\n<div class=\"snk-info-product-head\">\n<h3>T\u00cdNH N\u0102NG TH\u00d4NG S\u1ed0 K\u1ef8 THU\u1eacT<\/h3>\n<\/div>\n<div class=\"large-8 col\">\n<div class=\"img-tskt\"><img loading=\"lazy\" decoding=\"async\" class=\"attachment-full size-full lazyloaded\" src=\"https:\/\/sanakyvietnam.net\/wp-content\/uploads\/tu-lanh-sanaky-vh-198hpa-2-1.jpg\" sizes=\"auto, (max-width: 1024px) 100vw, 1024px\" srcset=\"https:\/\/sanakyvietnam.net\/wp-content\/uploads\/tu-lanh-sanaky-vh-198hpa-2-1.jpg 1024w, https:\/\/sanakyvietnam.net\/wp-content\/uploads\/tu-lanh-sanaky-vh-198hpa-2-1-400x192.jpg 400w, https:\/\/sanakyvietnam.net\/wp-content\/uploads\/tu-lanh-sanaky-vh-198hpa-2-1-600x288.jpg 600w, https:\/\/sanakyvietnam.net\/wp-content\/uploads\/tu-lanh-sanaky-vh-198hpa-2-1-768x369.jpg 768w\" alt=\"\" width=\"1024\" height=\"492\" data-ll-status=\"loaded\" \/><\/div>\n<\/div>\n<div class=\"large-4 col\">\n<div class=\"product_additional_content\">\n<h2 class=\"title_tabs\">Th\u00f4ng s\u1ed1 k\u1ef9 thu\u1eadt<\/h2>\n<table>\n<tbody>\n<tr>\n<td><strong>Model<\/strong><\/td>\n<td><strong>VH-198HPA<\/strong><\/td>\n<\/tr>\n<tr>\n<td>Th\u01b0\u01a1ng hi\u1ec7u<\/td>\n<td><a href=\"https:\/\/sanakyvietnam.net\/\">Sanaky<\/a><\/td>\n<\/tr>\n<tr>\n<td>M\u00e0u<\/td>\n<td>\u0110en \u00e1nh kim<\/td>\n<\/tr>\n<tr>\n<td>\u0110\u00f3ng tuy\u1ebft<\/td>\n<td>Kh\u00f4ng<\/td>\n<\/tr>\n<tr>\n<td>C\u00f4ng ngh\u1ec7 l\u00e0m l\u1ea1nh<\/td>\n<td>\u0110a chi\u1ec1u<\/td>\n<\/tr>\n<tr>\n<td>Ch\u1ea5t li\u1ec7u d\u00e0n l\u1ea1nh<\/td>\n<td>Nh\u00f4m<\/td>\n<\/tr>\n<tr>\n<td>\u0110\u00e8n chi\u1ebfu s\u00e1ng<\/td>\n<td>LED<\/td>\n<\/tr>\n<tr>\n<td>\u0110\u00e8n UV di\u1ec7t khu\u1ea9n<\/td>\n<td>C\u00f3<\/td>\n<\/tr>\n<tr>\n<td>Ki\u1ec3u tay c\u1ea7m<\/td>\n<td>Tay m\u00f3c<\/td>\n<\/tr>\n<tr>\n<td>V\u1ec9 \u0111\u00e1 vi\u00ean<\/td>\n<td>C\u00f3<\/td>\n<\/tr>\n<tr>\n<td>H\u1ed9c ch\u1ee9a th\u1ecbt c\u00e1<\/td>\n<td>C\u00f3<\/td>\n<\/tr>\n<tr>\n<td>K\u1ec7 ng\u0103n l\u1ea1nh<\/td>\n<td>K\u00ednh c\u01b0\u1eddng l\u1ef1c<\/td>\n<\/tr>\n<tr>\n<td>Ngu\u1ed3n \u0111i\u1ec7n<\/td>\n<td>220V\/50Hz<\/td>\n<\/tr>\n<tr>\n<td>C\u00f4ng su\u1ea5t<\/td>\n<td>\u0110ang c\u1eadp nh\u1eadt<\/td>\n<\/tr>\n<tr>\n<td>Dung t\u00edch (t\u1ed5ng)<\/td>\n<td>185 l\u00edt<\/td>\n<\/tr>\n<tr>\n<td>Dung t\u00edch ng\u0103n l\u1ea1nh<\/td>\n<td>119,5 l\u00edt<\/td>\n<\/tr>\n<tr>\n<td>Dung t\u00edch ng\u0103n \u0111\u00e1<\/td>\n<td>65,5 l\u00edt<\/td>\n<\/tr>\n<tr>\n<td>K\u00edch th\u01b0\u1edbc<\/td>\n<td>530x610x1358 (mm)<\/td>\n<\/tr>\n<tr>\n<td>Tr\u1ecdng l\u01b0\u1ee3ng<\/td>\n<td>46 kg<\/td>\n<\/tr>\n<tr>\n<td>M\u00f4i ch\u1ea5t l\u1ea1nh<\/td>\n<td>R600A<\/td>\n<\/tr>\n<tr>\n<td>B\u1ea3o h\u00e0nh<\/td>\n<td>24 th\u00e1ng<\/td>\n<\/tr>\n<\/tbody>\n<\/table>\n<\/div>\n<p><a class=\"open_additional_popup\" data-src=\"#additional_popup\" data-fancybox=\"\" data-options=\"{&quot;touch&quot; : false}\">XEM CHI TI\u1ebeT TH\u00d4NG S\u1ed0 K\u1ef8 THU\u1eacT<\/a><\/p>\n<div><\/div>\n<\/div>\n<\/div>\n<div class=\"content_description\">\n<div class=\"woocommerce-tabs wc-tabs-wrapper container tabbed-content\">\n<ul class=\"snk-info-product-head tabs wc-tabs product-tabs small-nav-collapse nav nav-uppercase nav-line-grow nav-left\" role=\"tablist\">\n<li id=\"tab-title-description\" class=\"description_tab active\" role=\"tab\" aria-controls=\"tab-description\"><a href=\"https:\/\/sanakyvietnam.net\/tu-lanh-sanaky-vh-198hpa\/#tab-description\"><i class=\"fa fa-caret-right\"><\/i>M\u00d4 T\u1ea2 S\u1ea2N PH\u1ea8M<\/a><\/li>\n<\/ul>\n<div class=\"tab-panels\">\n<div id=\"tab-description\" class=\"woocommerce-Tabs-panel woocommerce-Tabs-panel--description panel entry-content active\" role=\"tabpanel\" aria-labelledby=\"tab-title-description\">\n<h2>T\u1ee7 l\u1ea1nh Sanaky VH-198HPA (\u0110en \u00e1nh kim)<\/h2>\n<p><a href=\"https:\/\/sanakyvietnam.net\/tu-lanh-sanaky-vh-198hpa\/\"><strong>T\u1ee7 l\u1ea1nh Sanaky VH-198HPA<\/strong><\/a>\u00a0\u0111\u01b0\u1ee3c thi\u1ebft k\u1ebf v\u1edbi ki\u1ec3u d\u00e1ng kh\u1ecfe kho\u1eafn, m\u1ea1nh m\u1ebd, c\u00e1c \u0111\u01b0\u1eddng n\u00e9t tinh t\u1ebf sang tr\u1ecdng, \u0110\u01b0\u1ee3c s\u1ea3n xu\u1ea5t tr\u00ean d\u00e2y chuy\u1ec1n hi\u1ec7n \u0111\u1ea1i, ki\u1ec3m so\u00e1t ch\u1eb7t ch\u1ebd ch\u1ea5t l\u01b0\u1ee3ng, s\u1eed d\u1ee5ng c\u00f4ng ngh\u1ec7 l\u1ea1nh \u0111a chi\u1ec1u, b\u1ea3o qu\u1ea3n t\u01b0\u01a1i ngon th\u1ef1c ph\u1ea9m. \u0110\u00e8n LED UV di\u1ec7t khu\u1ea9n, khay k\u00ednh c\u01b0\u1eddng l\u1ef1c gi\u00fap t\u1ee7 \u0111\u1ef1ng \u0111\u01b0\u1ee3c nhi\u1ec1u \u0111\u1ed3 h\u01a1n v\u00e0 r\u1ea5t ch\u1eafc ch\u1eafn, dung t\u00edch 185 l\u00edt ph\u00f9 h\u1ee3p v\u1edbi nhu c\u1ea7u s\u1eed d\u1ee5ng c\u1ee7a 2-4 ng\u01b0\u1eddi.<\/p>\n<p><img loading=\"lazy\" decoding=\"async\" class=\"aligncenter wp-image-11490 size-full lazyloaded\" src=\"https:\/\/sanakyvietnam.net\/wp-content\/uploads\/tu-lanh-sanaky-vh-198hpa-2-1.jpg\" sizes=\"auto, (max-width: 1024px) 100vw, 1024px\" srcset=\"https:\/\/sanakyvietnam.net\/wp-content\/uploads\/tu-lanh-sanaky-vh-198hpa-2-1.jpg 1024w, https:\/\/sanakyvietnam.net\/wp-content\/uploads\/tu-lanh-sanaky-vh-198hpa-2-1-400x192.jpg 400w, https:\/\/sanakyvietnam.net\/wp-content\/uploads\/tu-lanh-sanaky-vh-198hpa-2-1-600x288.jpg 600w, https:\/\/sanakyvietnam.net\/wp-content\/uploads\/tu-lanh-sanaky-vh-198hpa-2-1-768x369.jpg 768w\" alt=\"\" width=\"1024\" height=\"492\" data-ll-status=\"loaded\" \/><\/p>\n<h3>H\u1ec7 th\u1ed1ng l\u00e0m l\u1ea1nh \u0111a chi\u1ec1u<\/h3>\n<p>\u0110\u1ed1i v\u1edbi nh\u1eefng d\u00f2ng\u00a0<a href=\"https:\/\/sanakyvietnam.net\/tu-lanh-sanaky\/\">t\u1ee7 l\u1ea1nh Sanaky<\/a>\u00a0\u0111\u1eddi m\u1edbi hi\u1ec7n nay, h\u1ec7 th\u1ed1ng l\u00e0m l\u1ea1nh v\u00e0 ph\u00e2n ph\u1ed1i lu\u1ed3ng kh\u00ed l\u1ea1nh \u0111\u00e3 \u0111\u01b0\u1ee3c c\u1ea3i ti\u1ebfn r\u1ea5t nhi\u1ec1u. V\u1edbi c\u00f4ng ngh\u1ec7 l\u00e0m l\u1ea1nh \u0111a chi\u1ec1u, lu\u1ed3ng kh\u00ed l\u1ea1nh s\u1ebd \u0111\u01b0\u1ee3c th\u1ed5i ra t\u1eeb nhi\u1ec1u c\u1eeda tho\u00e1t h\u01a1i l\u1ea1nh h\u01a1n, gi\u00fap cho kh\u00ed l\u1ea1nh ph\u00e2n b\u1ed1, lan t\u1ecfa \u0111\u1ec1u \u1edf kh\u1eafp t\u1ea5t c\u1ea3 c\u00e1c ng\u0103n b\u00ean trong t\u1ee7. lu\u1ed3n l\u00e1ch qua c\u00e1c khe h\u1edf c\u1ee7a th\u1ef1c ph\u1ea9m gi\u00fap th\u1ef1c ph\u1ea9m d\u00f9 \u1edf \u0111\u00e2u trong thi\u1ebft b\u1ecb, th\u00ec n\u00f3 v\u1eabn \u0111\u01b0\u1ee3c b\u1ea3o qu\u1ea3n \u1edf nhi\u1ec7t \u0111\u1ed9 l\u00fd t\u01b0\u1edfng nh\u1ea5t cho s\u1ef1 t\u01b0\u01a1i ngon v\u00e0 dinh d\u01b0\u1ee1ng.<\/p>\n<p><img loading=\"lazy\" decoding=\"async\" class=\"aligncenter wp-image-11481 size-full lazyloaded\" src=\"https:\/\/sanakyvietnam.net\/wp-content\/uploads\/bao-quan-hoa-qua.jpg\" sizes=\"auto, (max-width: 1024px) 100vw, 1024px\" srcset=\"https:\/\/sanakyvietnam.net\/wp-content\/uploads\/bao-quan-hoa-qua.jpg 1024w, https:\/\/sanakyvietnam.net\/wp-content\/uploads\/bao-quan-hoa-qua-400x192.jpg 400w, https:\/\/sanakyvietnam.net\/wp-content\/uploads\/bao-quan-hoa-qua-600x288.jpg 600w, https:\/\/sanakyvietnam.net\/wp-content\/uploads\/bao-quan-hoa-qua-768x368.jpg 768w\" alt=\"\" width=\"1024\" height=\"491\" data-ll-status=\"loaded\" \/><\/p>\n<h3>Khay k\u00ednh c\u01b0\u1eddng l\u1ef1c<\/h3>\n<p>Khay k\u00ednh c\u01b0\u01a1ng l\u1ef1c tr\u00ean t\u1ee7 l\u1ea1nh Sanaky c\u00f3 s\u1ee9c t\u1ea3i \u0111\u1ebfn 100kg, d\u1ec5 d\u00e0ng v\u1ec7 sinh, c\u00f3 kh\u1ea3 n\u0103ng ch\u1ecbu \u0111\u01b0\u1ee3c nhi\u1ec7t \u0111\u1ed9 l\u1ea1nh s\u00e2u, kh\u1ea3 n\u0103ng ch\u1ed1ng tr\u1ea7y x\u01b0\u1edbc, ch\u1ed1ng v\u1ee1 khi l\u1ea1nh s\u00e2u<br \/>\nCh\u1ecbu \u0111\u01b0\u1ee3c t\u00e1c \u0111\u1ed9ng l\u1edbn h\u01a1n k\u00ednh th\u01b0\u1eddng nhi\u1ec1u l\u1ea7n, v\u00e0 khi v\u1ee1 kh\u00f4ng t\u1ea1o th\u00e0nh m\u1ea3nh nh\u1ecdn nguy hi\u1ec3m. k\u00ednh \u0111\u01b0\u1ee3c b\u1ea1o \u0111\u1ea7u b\u1eb1ng nh\u1ef1a an to\u00e0n<\/p>\n<h3>\u0110\u00e8n LED UV di\u1ec7t khu\u1ea9n<\/h3>\n<p>S\u1eed d\u1ee5ng \u0111\u00e8n LED UV v\u1edbi c\u00f4ng ngh\u1ec7 Tia c\u1ef1c t\u00edm s\u1ebd l\u00e0m thay \u0111\u1ed5i c\u1ea5u tr\u00fac DNA c\u1ee7a vi khu\u1ea9n, khi\u1ebfn ch\u00fang m\u1ea5t d\u1ea7n kh\u1ea3 n\u0103ng sinh s\u1ea3n v\u00e0 nhanh ch\u00f3ng b\u1ecb tri\u1ec7t ti\u00eau. Nh\u1edd th\u1ebf th\u1ef1c ph\u1ea9m b\u1ea3o qu\u1ea3n b\u00ean trong t\u1ee7 lu\u00f4n gi\u1eef \u0111\u01b0\u1ee3c \u0111\u1ed9 t\u01b0\u01a1i ngon v\u00e0 ch\u1ea5t dinh d\u01b0\u1ee1ng v\u1ed1n c\u00f3. H\u1ea7u h\u1ebft c\u00e1c s\u1ea3n ph\u1ea9m t\u1ee7 l\u1ea1nh Sanaky \u0111\u1ec1u \u0111\u01b0\u1ee3c t\u00edch h\u1ee3p c\u00f4ng ngh\u1ec7 UV LED n\u00e0y.<\/p>\n<h3>S\u1eed d\u1ee5ng dung m\u00f4i l\u00e0m l\u1ea1nh R600a<\/h3>\n<p>T\u1ee7 l\u1ea1nh Sanaky s\u1eed d\u1ee5ng gas R600, l\u00e0 lo\u1ea1i ga an to\u00e0n b\u1ea3o v\u1ec7 m\u00f4i tr\u01b0\u1eddng, ph\u00f2ng tr\u00e1nh \u0111\u01b0\u1ee3c c\u00e1c t\u00e1c h\u1ea1i c\u1ee7a h\u01a1i gas \u0111\u1ed1i v\u1edbi s\u1ee9c kh\u1ecfe ng\u01b0\u1eddi d\u00f9ng.<br \/>\nB\u00ean c\u1ea1nh \u0111\u00f3, gas R600A l\u00e0 lo\u1ea1i nguy\u00ean li\u1ec7u s\u1ea1ch, \u0111\u01b0\u1ee3c s\u1eed d\u1ee5ng cho c\u00e1c d\u00f2ng t\u1ee7 l\u1ea1nh cao c\u1ea5p. c\u00f4ng ngh\u1ec7 gas R600 th\u01b0\u1eddng c\u00f3 hi\u1ec7u qu\u1ea3 l\u00e0m l\u1ea1nh cao, t\u00ednh n\u0103ng gi\u1eef l\u1ea1nh l\u00e2u h\u01a1n v\u00e0 ti\u1ebft ki\u1ec7m \u0111i\u1ec7n h\u01a1n so v\u1edbi c\u00e1c lo\u1ea1i gas kh\u00e1c.<\/p>\n<\/div>\n<\/div>\n<\/div>\n<\/div>\n","protected":false},"excerpt":{"rendered":"<p><img loading=\"lazy\" decoding=\"async\" class=\"alignnone size-medium wp-image-1387\" src=\"https:\/\/dienmaynguyenkhang.vn\/wp-content\/uploads\/2022\/08\/HPA-1-300x300.jpg\" alt=\"\" width=\"300\" height=\"300\" srcset=\"https:\/\/dienmaynguyenkhang.vn\/wp-content\/uploads\/2022\/08\/HPA-1-300x300.jpg 300w, https:\/\/dienmaynguyenkhang.vn\/wp-content\/uploads\/2022\/08\/HPA-1-150x150.jpg 150w, https:\/\/dienmaynguyenkhang.vn\/wp-content\/uploads\/2022\/08\/HPA-1-768x768.jpg 768w, https:\/\/dienmaynguyenkhang.vn\/wp-content\/uploads\/2022\/08\/HPA-1-510x510.jpg 510w, https:\/\/dienmaynguyenkhang.vn\/wp-content\/uploads\/2022\/08\/HPA-1-100x100.jpg 100w, https:\/\/dienmaynguyenkhang.vn\/wp-content\/uploads\/2022\/08\/HPA-1.jpg 800w\" sizes=\"auto, (max-width: 300px) 100vw, 300px\" \/><\/p>\n","protected":false},"featured_media":1387,"comment_status":"open","ping_status":"closed","template":"","meta":[],"class_list":{"0":"post-1386","1":"product","2":"type-product","3":"status-publish","4":"has-post-thumbnail","6":"product_cat-tu-lanh","8":"first","9":"instock","10":"sale","11":"shipping-taxable","12":"purchasable","13":"product-type-simple"},"_links":{"self":[{"href":"https:\/\/dienmaynguyenkhang.vn\/index.php?rest_route=\/wp\/v2\/product\/1386","targetHints":{"allow":["GET"]}}],"collection":[{"href":"https:\/\/dienmaynguyenkhang.vn\/index.php?rest_route=\/wp\/v2\/product"}],"about":[{"href":"https:\/\/dienmaynguyenkhang.vn\/index.php?rest_route=\/wp\/v2\/types\/product"}],"replies":[{"embeddable":true,"href":"https:\/\/dienmaynguyenkhang.vn\/index.php?rest_route=%2Fwp%2Fv2%2Fcomments&post=1386"}],"wp:featuredmedia":[{"embeddable":true,"href":"https:\/\/dienmaynguyenkhang.vn\/index.php?rest_route=\/wp\/v2\/media\/1387"}],"wp:attachment":[{"href":"https:\/\/dienmaynguyenkhang.vn\/index.php?rest_route=%2Fwp%2Fv2%2Fmedia&parent=1386"}],"curies":[{"name":"wp","href":"https:\/\/api.w.org\/{rel}","templated":true}]}}